{"id":765,"date":"2021-06-09T14:39:20","date_gmt":"2021-06-09T17:39:20","guid":{"rendered":"https:\/\/jundiai.sp.gov.br\/mobilidade\/?page_id=765"},"modified":"2021-07-12T15:19:08","modified_gmt":"2021-07-12T18:19:08","slug":"bilhete-unico-especial","status":"publish","type":"page","link":"https:\/\/jundiai.sp.gov.br\/mobilidade\/transportes\/bilhete-unico\/bilhete-unico-especial\/","title":{"rendered":"Bilhete \u00danico Especial"},"content":{"rendered":"\n<p><strong>Documentos necess\u00e1rios: <\/strong><\/p>\n\n\n\n<ul class=\"wp-block-list\"><li>RG<\/li><li>CPF<\/li><li>Certid\u00e3o de Nascimento <\/li><li>Carteira Profissional <\/li><li>Extrato Atualizado de Benef\u00edcio do INSS<\/li><li>Comprovante de endere\u00e7o (\u00e1gua, luz ou declara\u00e7\u00e3o da UBS do bairro) <\/li><\/ul>\n\n\n\n<p><strong>Formul\u00e1rios para download para requerimento do Cart\u00e3o Sim<\/strong>:  <\/p>\n\n\n\n<ul class=\"wp-block-list\"><li><a href=\"https:\/\/jundiai.sp.gov.br\/mobilidade\/wp-content\/uploads\/sites\/19\/2021\/06\/declaracao-de-composicao-familiar-cartao-siim.pdf\">Declara\u00e7\u00e3o de Composi\u00e7\u00e3o Familiar  <\/a><\/li><li><a href=\"https:\/\/jundiai.sp.gov.br\/mobilidade\/wp-content\/uploads\/sites\/19\/2021\/06\/formulario-cartao-siim.pdf\">Formul\u00e1rio Cart\u00e3o Sim <\/a><\/li><li><a href=\"https:\/\/jundiai.sp.gov.br\/mobilidade\/wp-content\/uploads\/sites\/19\/2021\/06\/decreto-21694-cartao-siim.pdf\">Decreto 21.694 que regulamenta o Cart\u00e3o Sim <\/a><\/li><li><a href=\"https:\/\/jundiai.sp.gov.br\/mobilidade\/wp-content\/uploads\/sites\/19\/2021\/06\/tabela-de-cid-para-cartao-especial-siim.pdf\">Tabela de CID para obter Cart\u00e3o Sim Especial <\/a><\/li><\/ul>\n\n\n\n<p><\/p>\n","protected":false},"excerpt":{"rendered":"<p>Documentos necess\u00e1rios: RG CPF Certid\u00e3o de Nascimento Carteira Profissional Extrato Atualizado de Benef\u00edcio do INSS Comprovante de endere\u00e7o (\u00e1gua, luz ou declara\u00e7\u00e3o da UBS do bairro) Formul\u00e1rios para download para requerimento do Cart\u00e3o Sim: Declara\u00e7\u00e3o de Composi\u00e7\u00e3o Familiar Formul\u00e1rio Cart\u00e3o Sim Decreto 21.694 que regulamenta o Cart\u00e3o Sim Tabela de CID para obter Cart\u00e3o Sim [&hellip;]<\/p>\n","protected":false},"author":69,"featured_media":0,"parent":27,"menu_order":0,"comment_status":"closed","ping_status":"closed","template":"","meta":{"footnotes":""},"class_list":["post-765","page","type-page","status-publish","hentry"],"_links":{"self":[{"href":"https:\/\/jundiai.sp.gov.br\/mobilidade\/wp-json\/wp\/v2\/pages\/765","targetHints":{"allow":["GET"]}}],"collection":[{"href":"https:\/\/jundiai.sp.gov.br\/mobilidade\/wp-json\/wp\/v2\/pages"}],"about":[{"href":"https:\/\/jundiai.sp.gov.br\/mobilidade\/wp-json\/wp\/v2\/types\/page"}],"author":[{"embeddable":true,"href":"https:\/\/jundiai.sp.gov.br\/mobilidade\/wp-json\/wp\/v2\/users\/69"}],"replies":[{"embeddable":true,"href":"https:\/\/jundiai.sp.gov.br\/mobilidade\/wp-json\/wp\/v2\/comments?post=765"}],"version-history":[{"count":3,"href":"https:\/\/jundiai.sp.gov.br\/mobilidade\/wp-json\/wp\/v2\/pages\/765\/revisions"}],"predecessor-version":[{"id":776,"href":"https:\/\/jundiai.sp.gov.br\/mobilidade\/wp-json\/wp\/v2\/pages\/765\/revisions\/776"}],"up":[{"embeddable":true,"href":"https:\/\/jundiai.sp.gov.br\/mobilidade\/wp-json\/wp\/v2\/pages\/27"}],"wp:attachment":[{"href":"https:\/\/jundiai.sp.gov.br\/mobilidade\/wp-json\/wp\/v2\/media?parent=765"}],"curies":[{"name":"wp","href":"https:\/\/api.w.org\/{rel}","templated":true}]}}