{"id":139,"date":"2014-08-20T18:03:25","date_gmt":"2014-08-20T21:03:25","guid":{"rendered":"https:\/\/jundiai.sp.gov.br\/planejamento-e-meio-ambiente\/?page_id=139"},"modified":"2014-12-23T10:20:07","modified_gmt":"2014-12-23T12:20:07","slug":"calendario-do-mes-do-meio-ambiente","status":"publish","type":"page","link":"https:\/\/jundiai.sp.gov.br\/planejamento-e-meio-ambiente\/eventos\/calendario-do-mes-do-meio-ambiente\/","title":{"rendered":"Calend\u00e1rio da Semana do Meio Ambiente 2014"},"content":{"rendered":"<h2>1 a 8 de Junho de 2014<\/h2>\n<table>\n<thead>\n<tr>\n<th>Dia<\/th>\n<th>Palestra\/Evento<\/th>\n<th>Local<\/th>\n<th>Hor\u00e1rio<\/th>\n<th>Profissionais\/Palestrantes<\/th>\n<th>Organiza\u00e7\u00e3o<\/th>\n<\/tr>\n<\/thead>\n<tbody>\n<tr>\n<td>1 de Junho<br \/>\nDomingo<\/td>\n<td>Limpeza do Rio Jundia\u00ed-Mirim<\/td>\n<td>Ponto de Encontro: Caxambu, Av. Humberto Cereser, 2650 (Bistec\u00e3o)<\/td>\n<td>8h \u00e0s 12h<\/td>\n<td><\/td>\n<td>JORNADA SUB<\/td>\n<\/tr>\n<tr>\n<td>2 a 5 de junho<br \/>\nSegunda a quinta-feira<\/td>\n<td>2\u00aa Mostra de Arte Eco -Programa Jundia\u00ed Feito \u00e0 M\u00e3o<\/td>\n<td>Pa\u00e7o Municipal \u2013 Andar T\u00e9rreo<\/td>\n<td>8h \u00e0s 18h<\/td>\n<td>Artes\u00e3os que trabalham com reciclagem e reaproveitamento de materiais.<\/td>\n<td>SMAAT<\/td>\n<\/tr>\n<tr>\n<td>2 a 6 de junho<br \/>\nSegunda a sexta-feira<\/td>\n<td>Projeto \u201cFloresta Feita \u00e0 M\u00e3o\u201d<\/td>\n<td>Margens da Represa<\/td>\n<td>9h \u00e0s 11h<br \/>\n14h \u00e0s 16h<\/td>\n<td><\/td>\n<td>DAE Jundia\u00ed<\/p>\n<p>SME<\/p>\n<\/td>\n<\/tr>\n<tr>\n<td>2 de Junho<br \/>\nSegunda-feira<\/td>\n<td>Alimenta\u00e7\u00e3o, Sa\u00fade e Meio Ambiente<\/td>\n<td>Audit\u00f3rio do Pa\u00e7o Municipal \u2013 8\u00ba andar<\/td>\n<td>9h \u00e0s 12h<\/td>\n<td>&#8211; Afonso Peche Filho (pesquisador\/IAC)- Guilherme Carvalho (Bi\u00f3logo \u2013 Segunda Sem Carne \u2013 Sociedade Vegetariana Brasileira)<\/p>\n<p>&#8211; Rita de Cassia Stringari de Francesco (Nutricionista\/SMS)<\/p>\n<p>&#8211; S\u00e9rgio Pompermaier (Eng. SMAAT)<\/p>\n<\/td>\n<td>SMPMA<br \/>\nSMRH<\/td>\n<\/tr>\n<tr>\n<td>3 de Junho<br \/>\nTer\u00e7a-feira<\/td>\n<td>Giro do Cerrado<\/td>\n<td>Audit\u00f3rio da UNIDAM e Parque do Cerrado<\/td>\n<td>9h \u00e0s 12h<br \/>\n13h \u00e0s 17h<\/td>\n<td>Prof. Waldir Mantovani (Coordena\u00e7\u00e3o de Aperfei\u00e7oamento de Pessoal de N\u00edvel Superior \u2013 Universidade Federal do ABC)<\/td>\n<td>SMSP<\/td>\n<\/tr>\n<tr>\n<td>4 de Junho<br \/>\nQuarta-feira<\/td>\n<td>4\u00aa Oficina sobre Gest\u00e3o Ambiental Comunit\u00e1ria<\/td>\n<td>Centro de Engenharia e Automa\u00e7\u00e3o\/IAC<\/td>\n<td>8h \u00e0s 11h30<br \/>\n13h30 \u00e0s 17h30<\/td>\n<td>Facilitador: Dr. Afonso Peche Filho (pesquisador-CEA\/IAC)<\/td>\n<td>Centro de Engenharia e Automa\u00e7\u00e3o\/IAC<\/td>\n<\/tr>\n<tr>\n<td>5 de Junho<br \/>\nQuinta-feira<\/td>\n<td>Plantio de mudas na serra do Japi<\/td>\n<td>S\u00edtio do Morro \u2013 Reserva Biol\u00f3gica Municipal<\/td>\n<td>11h \u00e0s 12h<\/td>\n<td><\/td>\n<td>SMPMA<\/td>\n<\/tr>\n<tr>\n<td>5 de Junho<br \/>\nQuinta-feira<\/td>\n<td>Teatro Acau\u00e3 \u201cA Magia das \u00c1guas\u201d<\/td>\n<td>EMEB Antonio Adelino Brand\u00e3o<\/td>\n<td>9h \u00e0s 10h<br \/>\n14 \u00e0s 15h<\/td>\n<td><\/td>\n<td>SME<\/td>\n<\/tr>\n<tr>\n<td>6 de junho<br \/>\nSexta-feira<\/td>\n<td>Mesa redonda \u201cEducando para a responsabilidade socioambiental\u201d<\/td>\n<td>Audit\u00f3rio Elis Regina (Complexo Argos)<\/td>\n<td>14h \u00e0s 17h<\/td>\n<td><span style=\"line-height: 19px;\">&#8211; Dr. Afonso Peche Filho<\/span><br \/>\n&#8211; Dr. Jos\u00e9 Renato Polli<br \/>\n&#8211; Arq. Araken Martinho<br \/>\n&#8211; Eng. Fl\u00e1vio Gramolelli Jr.<\/td>\n<td>SME<\/td>\n<\/tr>\n<tr>\n<td>6 a 8 de junho<br \/>\nSexta-feira a Domingo<\/td>\n<td>11\u00ba Show de Orqu\u00eddeas e Artesanato<\/td>\n<td>Jardim Bot\u00e2nico de Jundia\u00ed<\/td>\n<td>Sexta-feira: 15 \u00e0s 18h<br \/>\nS\u00e1bado e Domingo: 8 \u00e0s 18h<\/td>\n<td><\/td>\n<td>SMAAT<\/td>\n<\/tr>\n<tr>\n<td>7 de Junho<br \/>\nS\u00e1bado<\/td>\n<td>Mostra Internacional de Cinema pelos animais<\/td>\n<td>Audit\u00f3rio Elis Regina (Complexo Argos)<\/td>\n<td>14h30h \u00e0s 18h<\/td>\n<td>&#8211; Coordenador Ricardo Laurino (Sociedade Vegetariana Brasileira \u2013 Curitiba)<br \/>\nDebate \u201c\u00c9tica e Cuidados com Animais\u201d<br \/>\n&#8211; Prof. Dr. Jos\u00e9 Renato Polli (SME)<\/td>\n<td>SMPMA<\/p>\n<p>SME<\/p>\n<\/td>\n<\/tr>\n<tr>\n<td>8 de Junho<br \/>\nDomingo<\/td>\n<td>Dan\u00e7a Circular<\/td>\n<td>Teatro de Arena \u2013 Jardim Bot\u00e2nico<\/td>\n<td>9h30 \u00e0s 11h<\/td>\n<td>Focalizadoras:<br \/>\n&#8211; Profa. Ozeneide Machado<br \/>\n&#8211; Profa. Rose Ungarette<br \/>\n&#8211; Profa. Viviana Mola<\/td>\n<td>SMPMA<\/td>\n<\/tr>\n<\/tbody>\n<\/table>\n","protected":false},"excerpt":{"rendered":"<p>1 a 8 de Junho de 2014 Dia Palestra\/Evento Local Hor\u00e1rio Profissionais\/Palestrantes Organiza\u00e7\u00e3o 1 de Junho Domingo Limpeza do Rio Jundia\u00ed-Mirim Ponto de Encontro: Caxambu, Av. Humberto Cereser, 2650 (Bistec\u00e3o) 8h \u00e0s 12h JORNADA SUB 2 a 5 de junho Segunda a quinta-feira 2\u00aa Mostra de Arte Eco -Programa Jundia\u00ed Feito \u00e0 M\u00e3o Pa\u00e7o Municipal [&hellip;]<\/p>\n","protected":false},"author":11,"featured_media":0,"parent":137,"menu_order":0,"comment_status":"closed","ping_status":"closed","template":"","meta":{"footnotes":""},"class_list":["post-139","page","type-page","status-publish","hentry"],"_links":{"self":[{"href":"https:\/\/jundiai.sp.gov.br\/planejamento-e-meio-ambiente\/wp-json\/wp\/v2\/pages\/139","targetHints":{"allow":["GET"]}}],"collection":[{"href":"https:\/\/jundiai.sp.gov.br\/planejamento-e-meio-ambiente\/wp-json\/wp\/v2\/pages"}],"about":[{"href":"https:\/\/jundiai.sp.gov.br\/planejamento-e-meio-ambiente\/wp-json\/wp\/v2\/types\/page"}],"author":[{"embeddable":true,"href":"https:\/\/jundiai.sp.gov.br\/planejamento-e-meio-ambiente\/wp-json\/wp\/v2\/users\/11"}],"replies":[{"embeddable":true,"href":"https:\/\/jundiai.sp.gov.br\/planejamento-e-meio-ambiente\/wp-json\/wp\/v2\/comments?post=139"}],"version-history":[{"count":2,"href":"https:\/\/jundiai.sp.gov.br\/planejamento-e-meio-ambiente\/wp-json\/wp\/v2\/pages\/139\/revisions"}],"predecessor-version":[{"id":1335,"href":"https:\/\/jundiai.sp.gov.br\/planejamento-e-meio-ambiente\/wp-json\/wp\/v2\/pages\/139\/revisions\/1335"}],"up":[{"embeddable":true,"href":"https:\/\/jundiai.sp.gov.br\/planejamento-e-meio-ambiente\/wp-json\/wp\/v2\/pages\/137"}],"wp:attachment":[{"href":"https:\/\/jundiai.sp.gov.br\/planejamento-e-meio-ambiente\/wp-json\/wp\/v2\/media?parent=139"}],"curies":[{"name":"wp","href":"https:\/\/api.w.org\/{rel}","templated":true}]}}