{"id":143,"date":"2014-08-20T18:08:00","date_gmt":"2014-08-20T21:08:00","guid":{"rendered":"https:\/\/jundiai.sp.gov.br\/planejamento-e-meio-ambiente\/?page_id=143"},"modified":"2014-09-29T10:52:37","modified_gmt":"2014-09-29T13:52:37","slug":"143-2","status":"publish","type":"page","link":"https:\/\/jundiai.sp.gov.br\/planejamento-e-meio-ambiente\/eventos\/143-2\/","title":{"rendered":"Dia do Meio Ambiente"},"content":{"rendered":"<p>N\u00facleo de Jovens Empreendedores (CIESP) Comemora Dia do Meio Ambiente<\/p>\n<p>O n\u00facleo de Jovens Empreendedores (NJE) do CIESP comemorou o Dia do Meio Ambiente com uma caminhada na Serra do Japi (Boletim CIESP Regional \u2013 edi\u00e7\u00e3o 62, julho 2013, p\u00e1gina 7).<\/p>\n<p><div style=\"width: 410px\" class=\"wp-caption alignnone\"><a href=\"https:\/\/jundiai.sp.gov.br\/planejamento-e-meio-ambiente\/wp-content\/uploads\/sites\/15\/2014\/08\/Jornal_CIESP_07_2013_p7.jpg\"><img loading=\"lazy\" decoding=\"async\" src=\"https:\/\/jundiai.sp.gov.br\/planejamento-e-meio-ambiente\/wp-content\/uploads\/sites\/15\/2014\/08\/Jornal_CIESP_07_2013_p7.jpg\" alt=\"\" width=\"400\" height=\"400\" \/><\/a><p class=\"wp-caption-text\">N\u00facleo de Jovens Empreendedores (CIESP) Comemora Dia do Meio Ambiente<\/p><\/div><br \/>\n&nbsp;<br \/>\n<strong>MAIS<\/strong><br \/>\n<strong><a href=\"http:\/\/www.ciesp.com.br\/jundiai\/noticias\/caminhada-do-njeciesp-jundiai-se-torna-embriao-de-projeto-da-prefeitura-de-jundiai\/\" target=\"_blank\">Caminhada do NJE\/CIESP<\/a><\/strong><\/p>\n","protected":false},"excerpt":{"rendered":"<p>N\u00facleo de Jovens Empreendedores (CIESP) Comemora Dia do Meio Ambiente O n\u00facleo de Jovens Empreendedores (NJE) do CIESP comemorou o Dia do Meio Ambiente com uma caminhada na Serra do Japi (Boletim CIESP Regional \u2013 edi\u00e7\u00e3o 62, julho 2013, p\u00e1gina 7). &nbsp; MAIS Caminhada do NJE\/CIESP<\/p>\n","protected":false},"author":11,"featured_media":0,"parent":137,"menu_order":0,"comment_status":"closed","ping_status":"closed","template":"","meta":{"footnotes":""},"class_list":["post-143","page","type-page","status-publish","hentry"],"_links":{"self":[{"href":"https:\/\/jundiai.sp.gov.br\/planejamento-e-meio-ambiente\/wp-json\/wp\/v2\/pages\/143","targetHints":{"allow":["GET"]}}],"collection":[{"href":"https:\/\/jundiai.sp.gov.br\/planejamento-e-meio-ambiente\/wp-json\/wp\/v2\/pages"}],"about":[{"href":"https:\/\/jundiai.sp.gov.br\/planejamento-e-meio-ambiente\/wp-json\/wp\/v2\/types\/page"}],"author":[{"embeddable":true,"href":"https:\/\/jundiai.sp.gov.br\/planejamento-e-meio-ambiente\/wp-json\/wp\/v2\/users\/11"}],"replies":[{"embeddable":true,"href":"https:\/\/jundiai.sp.gov.br\/planejamento-e-meio-ambiente\/wp-json\/wp\/v2\/comments?post=143"}],"version-history":[{"count":9,"href":"https:\/\/jundiai.sp.gov.br\/planejamento-e-meio-ambiente\/wp-json\/wp\/v2\/pages\/143\/revisions"}],"predecessor-version":[{"id":1288,"href":"https:\/\/jundiai.sp.gov.br\/planejamento-e-meio-ambiente\/wp-json\/wp\/v2\/pages\/143\/revisions\/1288"}],"up":[{"embeddable":true,"href":"https:\/\/jundiai.sp.gov.br\/planejamento-e-meio-ambiente\/wp-json\/wp\/v2\/pages\/137"}],"wp:attachment":[{"href":"https:\/\/jundiai.sp.gov.br\/planejamento-e-meio-ambiente\/wp-json\/wp\/v2\/media?parent=143"}],"curies":[{"name":"wp","href":"https:\/\/api.w.org\/{rel}","templated":true}]}}

<p>Núcleo de Jovens Empreendedores (CIESP) Comemora Dia do Meio Ambiente</p>
<p>O núcleo de Jovens Empreendedores (NJE) do CIESP comemorou o Dia do Meio Ambiente com uma caminhada na Serra do Japi (Boletim CIESP Regional – edição 62, julho 2013, página 7).</p>
<p><div style="width: 410px" class="wp-caption alignnone"><a href="https://jundiai.sp.gov.br/planejamento-e-meio-ambiente/wp-content/uploads/sites/15/2014/08/Jornal_CIESP_07_2013_p7.jpg"><img loading="lazy" decoding="async" src="https://jundiai.sp.gov.br/planejamento-e-meio-ambiente/wp-content/uploads/sites/15/2014/08/Jornal_CIESP_07_2013_p7.jpg" alt="" width="400" height="400" /></a><p class="wp-caption-text">Núcleo de Jovens Empreendedores (CIESP) Comemora Dia do Meio Ambiente</p></div><br />
&nbsp;<br />
<strong>MAIS</strong><br />
<strong><a href="http://www.ciesp.com.br/jundiai/noticias/caminhada-do-njeciesp-jundiai-se-torna-embriao-de-projeto-da-prefeitura-de-jundiai/" target="_blank">Caminhada do NJE/CIESP</a></strong></p>

<p>Núcleo de Jovens Empreendedores (CIESP) Comemora Dia do Meio Ambiente O núcleo de Jovens Empreendedores (NJE) do CIESP comemorou o Dia do Meio Ambiente com uma caminhada na Serra do Japi (Boletim CIESP Regional – edição 62, julho 2013, página 7). &nbsp; MAIS Caminhada do NJE/CIESP</p>
