{"id":1581,"date":"2015-10-09T16:02:27","date_gmt":"2015-10-09T19:02:27","guid":{"rendered":"https:\/\/jundiai.sp.gov.br\/planejamento-e-meio-ambiente\/?page_id=1581"},"modified":"2025-03-18T15:54:26","modified_gmt":"2025-03-18T18:54:26","slug":"publicacoes","status":"publish","type":"page","link":"https:\/\/jundiai.sp.gov.br\/planejamento-e-meio-ambiente\/eiv-riv\/publicacoes\/","title":{"rendered":"Publica\u00e7\u00f5es EIV\/RIV"},"content":{"rendered":"\n<p>Conforme Art. 131 da Lei n\u00ba 9.321\/2019, ap\u00f3s a publica\u00e7\u00e3o de edital na Imprensa Oficial do Munic\u00edpio, para conhecimento p\u00fablico, o parecer conclusivo e a autoriza\u00e7\u00e3o poder\u00e3o ser contestados no per\u00edodo de 15 (quinze) dias, de forma justificada e identificada junto \u00e0 UGPUMA atrav\u00e9s de documenta\u00e7\u00e3o f\u00edsica, a ser apresentada no Pa\u00e7o Municipal, 5\u00ba andar ala Sul ou enviada ao email: <a href=\"mailto:eiv@jundiai.sp.gov.br\">eiv@jundiai.sp.gov.br<\/a>.<\/p>\n\n\n\n<p>As informa\u00e7\u00f5es necess\u00e1rias para conhecimento e eventual contesta\u00e7\u00e3o podem ser verificadas pelos arquivos de cada empreendimento.<\/p>\n\n\n\n<h2 class=\"wp-block-heading\">Entenda<\/h2>\n\n\n\n<p><strong>EIV\/RIV:<\/strong> Estudo de Impacto da Vizinhan\u00e7a\/Relat\u00f3rio de Impacto da Vizinhan\u00e7a (o RIV \u00e9 um resumo do EIV) &#8211; apresentados pelo empreendedor<\/p>\n\n\n\n<p><strong>RIT:<\/strong> Relat\u00f3rio de Impacto de Tr\u00e1fego \u2013 apresentado pelo empreendedor<\/p>\n\n\n\n<p><strong>Parecer T\u00e9cnico:<\/strong> apresentado pela Prefeitura de Jundia\u00ed ap\u00f3s finaliza\u00e7\u00e3o das an\u00e1lises do EIV\/RIV e RIT atrav\u00e9s do Grupo T\u00e9cnico de An\u00e1lise e aprovado pela Secretaria Municipal de Planejamento e Meio Ambiente.<\/p>\n\n\n\n<p><strong>Edital:<\/strong> publicado pela Prefeitura de Jundia\u00ed na Imprensa Oficial do Munic\u00edpio.<\/p>\n","protected":false},"excerpt":{"rendered":"<p>Conforme Art. 131 da Lei n\u00ba 9.321\/2019, ap\u00f3s a publica\u00e7\u00e3o de edital na Imprensa Oficial do Munic\u00edpio, para conhecimento p\u00fablico, o parecer conclusivo e a autoriza\u00e7\u00e3o poder\u00e3o ser contestados no per\u00edodo de 15 (quinze) dias, de forma justificada e identificada junto \u00e0 UGPUMA atrav\u00e9s de documenta\u00e7\u00e3o f\u00edsica, a ser apresentada no Pa\u00e7o Municipal, 5\u00ba andar [&hellip;]<\/p>\n","protected":false},"author":8,"featured_media":0,"parent":77,"menu_order":0,"comment_status":"closed","ping_status":"closed","template":"","meta":{"footnotes":""},"class_list":["post-1581","page","type-page","status-publish","hentry"],"_links":{"self":[{"href":"https:\/\/jundiai.sp.gov.br\/planejamento-e-meio-ambiente\/wp-json\/wp\/v2\/pages\/1581","targetHints":{"allow":["GET"]}}],"collection":[{"href":"https:\/\/jundiai.sp.gov.br\/planejamento-e-meio-ambiente\/wp-json\/wp\/v2\/pages"}],"about":[{"href":"https:\/\/jundiai.sp.gov.br\/planejamento-e-meio-ambiente\/wp-json\/wp\/v2\/types\/page"}],"author":[{"embeddable":true,"href":"https:\/\/jundiai.sp.gov.br\/planejamento-e-meio-ambiente\/wp-json\/wp\/v2\/users\/8"}],"replies":[{"embeddable":true,"href":"https:\/\/jundiai.sp.gov.br\/planejamento-e-meio-ambiente\/wp-json\/wp\/v2\/comments?post=1581"}],"version-history":[{"count":27,"href":"https:\/\/jundiai.sp.gov.br\/planejamento-e-meio-ambiente\/wp-json\/wp\/v2\/pages\/1581\/revisions"}],"predecessor-version":[{"id":7602,"href":"https:\/\/jundiai.sp.gov.br\/planejamento-e-meio-ambiente\/wp-json\/wp\/v2\/pages\/1581\/revisions\/7602"}],"up":[{"embeddable":true,"href":"https:\/\/jundiai.sp.gov.br\/planejamento-e-meio-ambiente\/wp-json\/wp\/v2\/pages\/77"}],"wp:attachment":[{"href":"https:\/\/jundiai.sp.gov.br\/planejamento-e-meio-ambiente\/wp-json\/wp\/v2\/media?parent=1581"}],"curies":[{"name":"wp","href":"https:\/\/api.w.org\/{rel}","templated":true}]}}