{"id":16,"date":"2014-08-20T14:09:38","date_gmt":"2014-08-20T17:09:38","guid":{"rendered":"https:\/\/jundiai.sp.gov.br\/planejamento-e-meio-ambiente\/?page_id=16"},"modified":"2025-11-14T17:00:41","modified_gmt":"2025-11-14T20:00:41","slug":"gestor","status":"publish","type":"page","link":"https:\/\/jundiai.sp.gov.br\/planejamento-e-meio-ambiente\/gestor\/","title":{"rendered":"Secret\u00e1rio"},"content":{"rendered":"\n<h2 class=\"wp-block-heading\">Marco Ant\u00f4nio Bedin <\/h2>\n\n\n\n<div class=\"wp-block-media-text is-stacked-on-mobile is-vertically-aligned-top\" style=\"grid-template-columns:28% auto\"><figure class=\"wp-block-media-text__media\"><img loading=\"lazy\" decoding=\"async\" width=\"640\" height=\"960\" src=\"https:\/\/jundiai.sp.gov.br\/planejamento-e-meio-ambiente\/wp-content\/uploads\/sites\/15\/2025\/09\/banco_de_imagem_secretarios-27-640x960.jpg\" alt=\"\" class=\"wp-image-7836 size-full\" srcset=\"https:\/\/jundiai.sp.gov.br\/planejamento-e-meio-ambiente\/wp-content\/uploads\/sites\/15\/2025\/09\/banco_de_imagem_secretarios-27-640x960.jpg 640w, https:\/\/jundiai.sp.gov.br\/planejamento-e-meio-ambiente\/wp-content\/uploads\/sites\/15\/2025\/09\/banco_de_imagem_secretarios-27-300x450.jpg 300w, https:\/\/jundiai.sp.gov.br\/planejamento-e-meio-ambiente\/wp-content\/uploads\/sites\/15\/2025\/09\/banco_de_imagem_secretarios-27-768x1152.jpg 768w, https:\/\/jundiai.sp.gov.br\/planejamento-e-meio-ambiente\/wp-content\/uploads\/sites\/15\/2025\/09\/banco_de_imagem_secretarios-27-1024x1536.jpg 1024w, https:\/\/jundiai.sp.gov.br\/planejamento-e-meio-ambiente\/wp-content\/uploads\/sites\/15\/2025\/09\/banco_de_imagem_secretarios-27-1365x2048.jpg 1365w, https:\/\/jundiai.sp.gov.br\/planejamento-e-meio-ambiente\/wp-content\/uploads\/sites\/15\/2025\/09\/banco_de_imagem_secretarios-27-scaled.jpg 1707w\" sizes=\"auto, (max-width: 640px) 100vw, 640px\" \/><\/figure><div class=\"wp-block-media-text__content\">\n<p>Possui 40 anos de experi\u00eancia na \u00e1rea da constru\u00e7\u00e3o civil. Arquiteto e Urbanista h\u00e1 33 anos, \u00e9 formado pela Faculdade de Arquitetura e Urbanismo da Pontif\u00edcia Universidade Cat\u00f3lica de Campinas (FAU-PUCCAMP).<\/p>\n\n\n\n<p><br>Servidor p\u00fablico h\u00e1 tr\u00eas d\u00e9cadas, construiu sua trajet\u00f3ria profissional junto \u00e0 Secretaria de Planejamento Urbano e Meio Ambiente, onde atuou como arquiteto e exerceu fun\u00e7\u00f5es de lideran\u00e7a, como Chefe de Diretrizes Vi\u00e1rias, Chefe da Divis\u00e3o de Paisagem Urbana e Mobilidade Ativa, Gerente de Projetos P\u00fablicos e Diretor do Departamento de Projetos Urbanos.<\/p>\n\n\n\n<p><br>Ao longo de sua carreira, tamb\u00e9m presidiu o Instituto de Arquitetos do Brasil \u2013 N\u00facleo Jundia\u00ed e integrou diversos conselhos, comiss\u00f5es e grupos t\u00e9cnicos voltados a temas como desenvolvimento sustent\u00e1vel, mobilidade ativa, acessibilidade, qualifica\u00e7\u00e3o dos espa\u00e7os p\u00fablicos, ordenamento territorial e preserva\u00e7\u00e3o ambiental.<\/p>\n\n\n\n<p><\/p>\n<\/div><\/div>\n\n\n\n<p><\/p>\n","protected":false},"excerpt":{"rendered":"<p>Marco Ant\u00f4nio Bedin Possui 40 anos de experi\u00eancia na \u00e1rea da constru\u00e7\u00e3o civil. Arquiteto e Urbanista h\u00e1 33 anos, \u00e9 formado pela Faculdade de Arquitetura e Urbanismo da Pontif\u00edcia Universidade Cat\u00f3lica de Campinas (FAU-PUCCAMP). Servidor p\u00fablico h\u00e1 tr\u00eas d\u00e9cadas, construiu sua trajet\u00f3ria profissional junto \u00e0 Secretaria de Planejamento Urbano e Meio Ambiente, onde atuou como [&hellip;]<\/p>\n","protected":false},"author":5,"featured_media":0,"parent":0,"menu_order":0,"comment_status":"closed","ping_status":"closed","template":"","meta":{"footnotes":""},"class_list":["post-16","page","type-page","status-publish","hentry"],"_links":{"self":[{"href":"https:\/\/jundiai.sp.gov.br\/planejamento-e-meio-ambiente\/wp-json\/wp\/v2\/pages\/16","targetHints":{"allow":["GET"]}}],"collection":[{"href":"https:\/\/jundiai.sp.gov.br\/planejamento-e-meio-ambiente\/wp-json\/wp\/v2\/pages"}],"about":[{"href":"https:\/\/jundiai.sp.gov.br\/planejamento-e-meio-ambiente\/wp-json\/wp\/v2\/types\/page"}],"author":[{"embeddable":true,"href":"https:\/\/jundiai.sp.gov.br\/planejamento-e-meio-ambiente\/wp-json\/wp\/v2\/users\/5"}],"replies":[{"embeddable":true,"href":"https:\/\/jundiai.sp.gov.br\/planejamento-e-meio-ambiente\/wp-json\/wp\/v2\/comments?post=16"}],"version-history":[{"count":25,"href":"https:\/\/jundiai.sp.gov.br\/planejamento-e-meio-ambiente\/wp-json\/wp\/v2\/pages\/16\/revisions"}],"predecessor-version":[{"id":8017,"href":"https:\/\/jundiai.sp.gov.br\/planejamento-e-meio-ambiente\/wp-json\/wp\/v2\/pages\/16\/revisions\/8017"}],"wp:attachment":[{"href":"https:\/\/jundiai.sp.gov.br\/planejamento-e-meio-ambiente\/wp-json\/wp\/v2\/media?parent=16"}],"curies":[{"name":"wp","href":"https:\/\/api.w.org\/{rel}","templated":true}]}}