{"id":1682,"date":"2015-10-13T09:32:15","date_gmt":"2015-10-13T12:32:15","guid":{"rendered":"https:\/\/jundiai.sp.gov.br\/planejamento-e-meio-ambiente\/?page_id=1682"},"modified":"2015-10-13T11:39:22","modified_gmt":"2015-10-13T14:39:22","slug":"distrito-industrial","status":"publish","type":"page","link":"https:\/\/jundiai.sp.gov.br\/planejamento-e-meio-ambiente\/eiv-riv\/publicacoes\/distrito-industrial\/","title":{"rendered":"Bairro Distrito Industrial"},"content":{"rendered":"<p><strong>Empreendimento: Galp\u00e3o Industrial \u2013 CCDI 23 Empreend. Imobili\u00e1rios Ltda.<\/strong><br \/>\n<strong>Endere\u00e7o:<\/strong> Av. Ant\u00f4nio Frederico Ozanam, 11.100.<\/p>\n<p><strong>EIV\/RIV:<\/strong> <a href=\"https:\/\/jundiai.sp.gov.br\/planejamento-e-meio-ambiente\/wp-content\/uploads\/sites\/15\/2015\/10\/EIV_RIV_Proc_9073-7_14.pdf\">Processo n\u00ba 9.073-7\/2014<\/a><\/p>\n<p><strong>RIT:<\/strong> <a href=\"https:\/\/jundiai.sp.gov.br\/planejamento-e-meio-ambiente\/wp-content\/uploads\/sites\/15\/2015\/10\/RIT_Proc_9074-5_14.pdf\">Processo n\u00ba 9.074-5\/2014<\/a><\/p>\n<p><strong>Edital:<\/strong> <a href=\"https:\/\/jundiai.sp.gov.br\/planejamento-e-meio-ambiente\/wp-content\/uploads\/sites\/15\/2015\/10\/Edital_016_15.pdf\">n\u00ba 016\/2015 \u2013 publicado em 27\/03\/2015<\/a><\/p>\n","protected":false},"excerpt":{"rendered":"<p>Empreendimento: Galp\u00e3o Industrial \u2013 CCDI 23 Empreend. Imobili\u00e1rios Ltda. Endere\u00e7o: Av. Ant\u00f4nio Frederico Ozanam, 11.100. EIV\/RIV: Processo n\u00ba 9.073-7\/2014 RIT: Processo n\u00ba 9.074-5\/2014 Edital: n\u00ba 016\/2015 \u2013 publicado em 27\/03\/2015<\/p>\n","protected":false},"author":8,"featured_media":0,"parent":1581,"menu_order":0,"comment_status":"closed","ping_status":"closed","template":"","meta":{"footnotes":""},"class_list":["post-1682","page","type-page","status-publish","hentry"],"_links":{"self":[{"href":"https:\/\/jundiai.sp.gov.br\/planejamento-e-meio-ambiente\/wp-json\/wp\/v2\/pages\/1682","targetHints":{"allow":["GET"]}}],"collection":[{"href":"https:\/\/jundiai.sp.gov.br\/planejamento-e-meio-ambiente\/wp-json\/wp\/v2\/pages"}],"about":[{"href":"https:\/\/jundiai.sp.gov.br\/planejamento-e-meio-ambiente\/wp-json\/wp\/v2\/types\/page"}],"author":[{"embeddable":true,"href":"https:\/\/jundiai.sp.gov.br\/planejamento-e-meio-ambiente\/wp-json\/wp\/v2\/users\/8"}],"replies":[{"embeddable":true,"href":"https:\/\/jundiai.sp.gov.br\/planejamento-e-meio-ambiente\/wp-json\/wp\/v2\/comments?post=1682"}],"version-history":[{"count":3,"href":"https:\/\/jundiai.sp.gov.br\/planejamento-e-meio-ambiente\/wp-json\/wp\/v2\/pages\/1682\/revisions"}],"predecessor-version":[{"id":1835,"href":"https:\/\/jundiai.sp.gov.br\/planejamento-e-meio-ambiente\/wp-json\/wp\/v2\/pages\/1682\/revisions\/1835"}],"up":[{"embeddable":true,"href":"https:\/\/jundiai.sp.gov.br\/planejamento-e-meio-ambiente\/wp-json\/wp\/v2\/pages\/1581"}],"wp:attachment":[{"href":"https:\/\/jundiai.sp.gov.br\/planejamento-e-meio-ambiente\/wp-json\/wp\/v2\/media?parent=1682"}],"curies":[{"name":"wp","href":"https:\/\/api.w.org\/{rel}","templated":true}]}}