{"id":1694,"date":"2015-10-13T09:35:21","date_gmt":"2015-10-13T12:35:21","guid":{"rendered":"https:\/\/jundiai.sp.gov.br\/planejamento-e-meio-ambiente\/?page_id=1694"},"modified":"2015-10-13T13:57:57","modified_gmt":"2015-10-13T16:57:57","slug":"medeiros","status":"publish","type":"page","link":"https:\/\/jundiai.sp.gov.br\/planejamento-e-meio-ambiente\/eiv-riv\/publicacoes\/medeiros\/","title":{"rendered":"Bairro Medeiros"},"content":{"rendered":"<p><strong>Empreendimento: Galp\u00e3o Bemarco Industrial Ltda. \u2013 S\u00e9rgio Diniz Marcondes<\/strong><br \/>\n<strong>Endere\u00e7o:<\/strong> Rodovia Vice-Prefeito Hermenegildo Tonoli<\/p>\n<p><strong>EIV\/RIV:<\/strong> <a href=\"https:\/\/jundiai.sp.gov.br\/planejamento-e-meio-ambiente\/wp-content\/uploads\/sites\/15\/2014\/09\/EIV_RIV_Proc_372-4_13.pdf\">Processo n\u00ba 372-4\/2013<\/a><\/p>\n<p><strong>Parecer T\u00e9cnico:<\/strong> <a href=\"https:\/\/jundiai.sp.gov.br\/planejamento-e-meio-ambiente\/wp-content\/uploads\/sites\/15\/2014\/09\/Parecer_Tec_Galpao_Bemarco.pdf\">Galp\u00e3o Bemarco<\/a><\/p>\n<p><strong>Edital:<\/strong> <a href=\"https:\/\/jundiai.sp.gov.br\/planejamento-e-meio-ambiente\/wp-content\/uploads\/sites\/15\/2014\/09\/Edital_020-13.pdf\">n\u00ba 020\/2013 \u2013 publicado em 13\/11\/2013<\/a><\/p>\n<p><strong>Edital Retificador:<\/strong> <a href=\"https:\/\/jundiai.sp.gov.br\/planejamento-e-meio-ambiente\/wp-content\/uploads\/sites\/15\/2014\/09\/Edital_Retific_002_14_Bemarco.pdf\">n\u00ba 002\/2014 \u2013 publicado em 05\/02\/2014<\/a><\/p>\n<p>&nbsp;<\/p>\n<p><strong>Empreendimento: Geniau I Incorpora\u00e7\u00e3o Ltda.<\/strong><br \/>\n<strong>Endere\u00e7o:<\/strong> Av. Reynaldo Porcari, 2.788.<\/p>\n<p><strong>EIV\/RIV:<\/strong>\u00a0<a href=\"https:\/\/jundiai.sp.gov.br\/planejamento-e-meio-ambiente\/wp-content\/uploads\/sites\/15\/2014\/09\/EIV_RIV_Proc_20700-2_13.pdf\">Processo n\u00ba 20.700-2\/2013<\/a><\/p>\n<p><strong>RIT:<\/strong> <a href=\"https:\/\/jundiai.sp.gov.br\/planejamento-e-meio-ambiente\/wp-content\/uploads\/sites\/15\/2014\/09\/RIT_Proc_14816-4_13_Parte-1.pdf\">Processo n\u00ba 14.816-4\/2013 (Parte 1)<\/a> | <a href=\"https:\/\/jundiai.sp.gov.br\/planejamento-e-meio-ambiente\/wp-content\/uploads\/sites\/15\/2014\/09\/RIT_Proc_14816-4_13_Parte-2.pdf\">Processo n\u00ba 14.816-4\/2013 (Parte 2)<\/a><\/p>\n<p><strong>Edital e Parecer T\u00e9cnico:<\/strong> <a href=\"https:\/\/jundiai.sp.gov.br\/planejamento-e-meio-ambiente\/wp-content\/uploads\/sites\/15\/2014\/09\/Edital_017_14.pdf\">n\u00ba 017 \/ 2014 &#8211; publicado em 01\/08\/2014<\/a><\/p>\n<p><strong>Contesta\u00e7\u00e3o Empreendedor:<\/strong>\u00a0<a href=\"https:\/\/jundiai.sp.gov.br\/planejamento-e-meio-ambiente\/wp-content\/uploads\/sites\/15\/2014\/09\/Contest_Empreend.pdf\">Contesta\u00e7\u00e3o<\/a><\/p>\n<p><strong>Edital Retificador:<\/strong>\u00a0<a href=\"https:\/\/jundiai.sp.gov.br\/planejamento-e-meio-ambiente\/wp-content\/uploads\/sites\/15\/2014\/09\/Edital_Retific_021_14.pdf\">n\u00ba 021 \/ 2014 &#8211; publicado em 05\/08\/2014<\/a><\/p>\n<p>&nbsp;<\/p>\n<p><strong>Empreendimento: TATO Ecol\u00e9gio.<\/strong><br \/>\n<strong>Endere\u00e7o:<\/strong> Avenida Jo\u00e3o Gon\u00e7alves dos Reis, 532.<\/p>\n<p><strong>EIV\/RIV:<\/strong> <a href=\"https:\/\/jundiai.sp.gov.br\/planejamento-e-meio-ambiente\/wp-content\/uploads\/sites\/15\/2015\/10\/EIV_RIV_Proc_17299-8_14.pdf\">Processo n\u00ba 17.299-8\/2014<\/a><\/p>\n<p><strong>RIT:<\/strong> <a href=\"https:\/\/jundiai.sp.gov.br\/planejamento-e-meio-ambiente\/wp-content\/uploads\/sites\/15\/2015\/10\/RIT_Proc_17772-4_14.pdf\">Processo n\u00ba 17.772-4\/2014<\/a><\/p>\n<p><strong>Edital:<\/strong> <a href=\"https:\/\/jundiai.sp.gov.br\/planejamento-e-meio-ambiente\/wp-content\/uploads\/sites\/15\/2015\/10\/Edital_015_15.pdf\">n\u00ba 015\/2015 \u2013 publicado em 20\/03\/2015<\/a><\/p>\n<p>&nbsp;<\/p>\n<p><strong>Empreendimento: Condom\u00ednio Ipanema \u2013 GLB Ipanema SPE Empreend. Imob. Ltda.<\/strong><br \/>\n<strong>Endere\u00e7o:<\/strong> Av. Reynaldo Porcari, s\/n\u00ba.<\/p>\n<p><strong>EIV\/RIV:<\/strong> <a href=\"https:\/\/jundiai.sp.gov.br\/planejamento-e-meio-ambiente\/wp-content\/uploads\/sites\/15\/2015\/10\/EIV_RIV_Proc_27406-7_14.pdf\">Processo n\u00ba 27.406-7\/2014<\/a><\/p>\n<p><strong>RIT:<\/strong> <a href=\"https:\/\/jundiai.sp.gov.br\/planejamento-e-meio-ambiente\/wp-content\/uploads\/sites\/15\/2015\/10\/RIT_Proc_27935-5_14.pdf\">Processo n\u00ba 27.935-5\/2014<\/a><\/p>\n<p><strong>Edital:<\/strong> <a href=\"https:\/\/jundiai.sp.gov.br\/planejamento-e-meio-ambiente\/wp-content\/uploads\/sites\/15\/2015\/10\/Edital_008_-15.pdf\">n\u00ba 008\/2015 \u2013 publicado em 25\/02\/2015<\/a><\/p>\n","protected":false},"excerpt":{"rendered":"<p>Empreendimento: Galp\u00e3o Bemarco Industrial Ltda. \u2013 S\u00e9rgio Diniz Marcondes Endere\u00e7o: Rodovia Vice-Prefeito Hermenegildo Tonoli EIV\/RIV: Processo n\u00ba 372-4\/2013 Parecer T\u00e9cnico: Galp\u00e3o Bemarco Edital: n\u00ba 020\/2013 \u2013 publicado em 13\/11\/2013 Edital Retificador: n\u00ba 002\/2014 \u2013 publicado em 05\/02\/2014 &nbsp; Empreendimento: Geniau I Incorpora\u00e7\u00e3o Ltda. Endere\u00e7o: Av. Reynaldo Porcari, 2.788. EIV\/RIV:\u00a0Processo n\u00ba 20.700-2\/2013 RIT: Processo n\u00ba 14.816-4\/2013 [&hellip;]<\/p>\n","protected":false},"author":8,"featured_media":0,"parent":1581,"menu_order":0,"comment_status":"closed","ping_status":"closed","template":"","meta":{"footnotes":""},"class_list":["post-1694","page","type-page","status-publish","hentry"],"_links":{"self":[{"href":"https:\/\/jundiai.sp.gov.br\/planejamento-e-meio-ambiente\/wp-json\/wp\/v2\/pages\/1694","targetHints":{"allow":["GET"]}}],"collection":[{"href":"https:\/\/jundiai.sp.gov.br\/planejamento-e-meio-ambiente\/wp-json\/wp\/v2\/pages"}],"about":[{"href":"https:\/\/jundiai.sp.gov.br\/planejamento-e-meio-ambiente\/wp-json\/wp\/v2\/types\/page"}],"author":[{"embeddable":true,"href":"https:\/\/jundiai.sp.gov.br\/planejamento-e-meio-ambiente\/wp-json\/wp\/v2\/users\/8"}],"replies":[{"embeddable":true,"href":"https:\/\/jundiai.sp.gov.br\/planejamento-e-meio-ambiente\/wp-json\/wp\/v2\/comments?post=1694"}],"version-history":[{"count":3,"href":"https:\/\/jundiai.sp.gov.br\/planejamento-e-meio-ambiente\/wp-json\/wp\/v2\/pages\/1694\/revisions"}],"predecessor-version":[{"id":1857,"href":"https:\/\/jundiai.sp.gov.br\/planejamento-e-meio-ambiente\/wp-json\/wp\/v2\/pages\/1694\/revisions\/1857"}],"up":[{"embeddable":true,"href":"https:\/\/jundiai.sp.gov.br\/planejamento-e-meio-ambiente\/wp-json\/wp\/v2\/pages\/1581"}],"wp:attachment":[{"href":"https:\/\/jundiai.sp.gov.br\/planejamento-e-meio-ambiente\/wp-json\/wp\/v2\/media?parent=1694"}],"curies":[{"name":"wp","href":"https:\/\/api.w.org\/{rel}","templated":true}]}}