{"id":2440,"date":"2017-03-17T10:57:13","date_gmt":"2017-03-17T13:57:13","guid":{"rendered":"https:\/\/jundiai.sp.gov.br\/planejamento-e-meio-ambiente\/?page_id=2440"},"modified":"2023-05-08T09:07:30","modified_gmt":"2023-05-08T12:07:30","slug":"habite-se","status":"publish","type":"page","link":"https:\/\/jundiai.sp.gov.br\/planejamento-e-meio-ambiente\/obras-particulares\/fiscalizacao-de-obras\/habite-se\/","title":{"rendered":"Habite-se"},"content":{"rendered":"<p><strong>Residencial (total ou parcial)<\/strong><br \/>\nO interessado dever\u00e1 anexar ao processo de aprova\u00e7\u00e3o do projeto, a taxa paga referente ao pedido de vistoria para fins de emiss\u00e3o de habite-se (5\u00ba andar, ala norte\/DFO) e declara\u00e7\u00e3o do pedido de licen\u00e7a de uso (Modelo 14 do Manual de Procedimentos), assinada pelo profissional respons\u00e1vel t\u00e9cnico pela constru\u00e7\u00e3o\/regulariza\u00e7\u00e3o e pelo propriet\u00e1rio. Quando for ocaso de ter havido projeto em paralelo de anexa\u00e7\u00e3o\/desdobro de lotes e houver a necessidade de altera\u00e7\u00e3o do cadastro fiscal imobili\u00e1rio (IPTU), o interessado deve informar o novo n\u00famero do cadastro fiscal imobili\u00e1rio (n\u00ba do contribuinte &#8211; IPTU).<\/p>\n<p><strong>Comercial \/ Industrial \/ de Servi\u00e7os (total ou parcial)<\/strong><\/p>\n<p>O interessado dever\u00e1 anexar ao processo de aprova\u00e7\u00e3o do projeto, a taxa paga referente ao pedido de vistoria para fins de emiss\u00e3o de habite-se (5\u00ba andar, ala norte\/DFO) e declara\u00e7\u00e3o do pedido de licen\u00e7a de uso (Modelo 14 do Manual de Procedimentos), assinada pelo profissional respons\u00e1vel t\u00e9cnico pela constru\u00e7\u00e3o\/regulariza\u00e7\u00e3o e pelo propriet\u00e1rio. Quando for o caso, apresentar a AVCB\/CLCB, CETESB, certid\u00e3o de conclus\u00e3o de EIV\/RIV e RIT. Quando for ocaso de ter havido projeto em paralelo de anexa\u00e7\u00e3o\/desdobro de lotes e houver a necessidade de altera\u00e7\u00e3o do cadastro fiscal imobili\u00e1rio (n\u00ba do contribuinte &#8211; IPTU), o interessado deve informar o novo n\u00famero do cadastro fiscal imobili\u00e1rio (n\u00ba do contribuinte &#8211; IPTU).<\/p>\n","protected":false},"excerpt":{"rendered":"<p>Residencial (total ou parcial) O interessado dever\u00e1 anexar ao processo de aprova\u00e7\u00e3o do projeto, a taxa paga referente ao pedido de vistoria para fins de emiss\u00e3o de habite-se (5\u00ba andar, ala norte\/DFO) e declara\u00e7\u00e3o do pedido de licen\u00e7a de uso (Modelo 14 do Manual de Procedimentos), assinada pelo profissional respons\u00e1vel t\u00e9cnico pela constru\u00e7\u00e3o\/regulariza\u00e7\u00e3o e pelo [&hellip;]<\/p>\n","protected":false},"author":14,"featured_media":0,"parent":6593,"menu_order":0,"comment_status":"closed","ping_status":"closed","template":"","meta":{"footnotes":""},"class_list":["post-2440","page","type-page","status-publish","hentry"],"_links":{"self":[{"href":"https:\/\/jundiai.sp.gov.br\/planejamento-e-meio-ambiente\/wp-json\/wp\/v2\/pages\/2440","targetHints":{"allow":["GET"]}}],"collection":[{"href":"https:\/\/jundiai.sp.gov.br\/planejamento-e-meio-ambiente\/wp-json\/wp\/v2\/pages"}],"about":[{"href":"https:\/\/jundiai.sp.gov.br\/planejamento-e-meio-ambiente\/wp-json\/wp\/v2\/types\/page"}],"author":[{"embeddable":true,"href":"https:\/\/jundiai.sp.gov.br\/planejamento-e-meio-ambiente\/wp-json\/wp\/v2\/users\/14"}],"replies":[{"embeddable":true,"href":"https:\/\/jundiai.sp.gov.br\/planejamento-e-meio-ambiente\/wp-json\/wp\/v2\/comments?post=2440"}],"version-history":[{"count":2,"href":"https:\/\/jundiai.sp.gov.br\/planejamento-e-meio-ambiente\/wp-json\/wp\/v2\/pages\/2440\/revisions"}],"predecessor-version":[{"id":3542,"href":"https:\/\/jundiai.sp.gov.br\/planejamento-e-meio-ambiente\/wp-json\/wp\/v2\/pages\/2440\/revisions\/3542"}],"up":[{"embeddable":true,"href":"https:\/\/jundiai.sp.gov.br\/planejamento-e-meio-ambiente\/wp-json\/wp\/v2\/pages\/6593"}],"wp:attachment":[{"href":"https:\/\/jundiai.sp.gov.br\/planejamento-e-meio-ambiente\/wp-json\/wp\/v2\/media?parent=2440"}],"curies":[{"name":"wp","href":"https:\/\/api.w.org\/{rel}","templated":true}]}}