{"id":2467,"date":"2017-03-17T11:47:18","date_gmt":"2017-03-17T14:47:18","guid":{"rendered":"https:\/\/jundiai.sp.gov.br\/planejamento-e-meio-ambiente\/?page_id=2467"},"modified":"2017-03-17T11:47:56","modified_gmt":"2017-03-17T14:47:56","slug":"ministerio-da-defesa","status":"publish","type":"page","link":"https:\/\/jundiai.sp.gov.br\/planejamento-e-meio-ambiente\/obras-particulares\/procedimentos\/ministerio-da-defesa\/","title":{"rendered":"Minist\u00e9rio da Defesa"},"content":{"rendered":"<p><a href=\"https:\/\/jundiai.sp.gov.br\/planejamento-e-meio-ambiente\/wp-content\/uploads\/sites\/15\/2017\/03\/Of\u00edcio-n\u00ba-171-OTTA-30571-de-18-11-2011.pdf\" target=\"_blank\">Of\u00edcio n\u00ba 171\/OTTA\/30571, de 18\/11\/2011<\/a><br \/>\nInstrui sobre procedimentos para aprova\u00e7\u00e3o de edif\u00edcios conforme Plano Espec\u00edfico da Zona de Prote\u00e7\u00e3o do Aeroporto Internacional de Campinas.<\/p>\n","protected":false},"excerpt":{"rendered":"<p>Of\u00edcio n\u00ba 171\/OTTA\/30571, de 18\/11\/2011 Instrui sobre procedimentos para aprova\u00e7\u00e3o de edif\u00edcios conforme Plano Espec\u00edfico da Zona de Prote\u00e7\u00e3o do Aeroporto Internacional de Campinas.<\/p>\n","protected":false},"author":14,"featured_media":0,"parent":2448,"menu_order":0,"comment_status":"closed","ping_status":"closed","template":"","meta":{"footnotes":""},"class_list":["post-2467","page","type-page","status-publish","hentry"],"_links":{"self":[{"href":"https:\/\/jundiai.sp.gov.br\/planejamento-e-meio-ambiente\/wp-json\/wp\/v2\/pages\/2467","targetHints":{"allow":["GET"]}}],"collection":[{"href":"https:\/\/jundiai.sp.gov.br\/planejamento-e-meio-ambiente\/wp-json\/wp\/v2\/pages"}],"about":[{"href":"https:\/\/jundiai.sp.gov.br\/planejamento-e-meio-ambiente\/wp-json\/wp\/v2\/types\/page"}],"author":[{"embeddable":true,"href":"https:\/\/jundiai.sp.gov.br\/planejamento-e-meio-ambiente\/wp-json\/wp\/v2\/users\/14"}],"replies":[{"embeddable":true,"href":"https:\/\/jundiai.sp.gov.br\/planejamento-e-meio-ambiente\/wp-json\/wp\/v2\/comments?post=2467"}],"version-history":[{"count":1,"href":"https:\/\/jundiai.sp.gov.br\/planejamento-e-meio-ambiente\/wp-json\/wp\/v2\/pages\/2467\/revisions"}],"predecessor-version":[{"id":2469,"href":"https:\/\/jundiai.sp.gov.br\/planejamento-e-meio-ambiente\/wp-json\/wp\/v2\/pages\/2467\/revisions\/2469"}],"up":[{"embeddable":true,"href":"https:\/\/jundiai.sp.gov.br\/planejamento-e-meio-ambiente\/wp-json\/wp\/v2\/pages\/2448"}],"wp:attachment":[{"href":"https:\/\/jundiai.sp.gov.br\/planejamento-e-meio-ambiente\/wp-json\/wp\/v2\/media?parent=2467"}],"curies":[{"name":"wp","href":"https:\/\/api.w.org\/{rel}","templated":true}]}}

Ministério da Defesa

<p><a href="https://jundiai.sp.gov.br/planejamento-e-meio-ambiente/wp-content/uploads/sites/15/2017/03/Ofício-nº-171-OTTA-30571-de-18-11-2011.pdf" target="_blank">Ofício nº 171/OTTA/30571, de 18/11/2011</a><br />
Instrui sobre procedimentos para aprovação de edifícios conforme Plano Específico da Zona de Proteção do Aeroporto Internacional de Campinas.</p>

<p>Ofício nº 171/OTTA/30571, de 18/11/2011 Instrui sobre procedimentos para aprovação de edifícios conforme Plano Específico da Zona de Proteção do Aeroporto Internacional de Campinas.</p>
