{"id":2473,"date":"2017-03-17T11:51:05","date_gmt":"2017-03-17T14:51:05","guid":{"rendered":"https:\/\/jundiai.sp.gov.br\/planejamento-e-meio-ambiente\/?page_id=2473"},"modified":"2021-06-17T15:39:27","modified_gmt":"2021-06-17T18:39:27","slug":"servicos-on-line-deloi","status":"publish","type":"page","link":"https:\/\/jundiai.sp.gov.br\/planejamento-e-meio-ambiente\/obras-particulares\/servicos-on-line-deloi\/","title":{"rendered":"Servi\u00e7os On-Line"},"content":{"rendered":"<p><a href=\"http:\/\/saepro.jundiai.sp.gov.br\/\"><b>Sistema de Aprova\u00e7\u00e3o Eletr\u00f4nica de Projetos de Obras\u00a0<\/b><\/a><\/p>\n<p><a href=\"https:\/\/web.cijun.sp.gov.br\/PMJ\/APROVE\/Projetos\/ConsultarProcesso\" target=\"_blank\" rel=\"noopener noreferrer\">Consulta projetos do antigo SAEPRO<\/a><\/p>\n<p><a href=\"https:\/\/jundiai.sp.gov.br\/servicos-online\/consulta-de-protocolo\/\">Consulta de Protocolo<\/a><\/p>\n<p><a href=\"https:\/\/web.jundiai.sp.gov.br\/pmj\/cm\/historicoprojeto.aspx\" target=\"_blank\" rel=\"noopener noreferrer\">Hist\u00f3rico da An\u00e1lise do Processo<\/a><br \/>\nConsulta hist\u00f3rico de processos ou pedidos<\/p>\n<p><a href=\"https:\/\/web.cijun.sp.gov.br\/PMJ\/APROVE\/Profissional\">Inscri\u00e7\u00e3o do Profissional<\/a><br \/>\nFa\u00e7a sua inscri\u00e7\u00e3o aqui<\/p>\n<p><a href=\"https:\/\/jundiai.sp.gov.br\/servicos-online\/processos-do-contribuinte-imobiliario\/\">Processos do Contribuinte Imobili\u00e1rio<\/a><\/p>\n<p><a href=\"https:\/\/jundiai.sp.gov.br\/servicos-online\/\">Emiss\u00e3o de Certid\u00f5es e Autenticidade<\/a><\/p>\n","protected":false},"excerpt":{"rendered":"<p>Sistema de Aprova\u00e7\u00e3o Eletr\u00f4nica de Projetos de Obras\u00a0 Consulta projetos do antigo SAEPRO Consulta de Protocolo Hist\u00f3rico da An\u00e1lise do Processo Consulta hist\u00f3rico de processos ou pedidos Inscri\u00e7\u00e3o do Profissional Fa\u00e7a sua inscri\u00e7\u00e3o aqui Processos do Contribuinte Imobili\u00e1rio Emiss\u00e3o de Certid\u00f5es e Autenticidade<\/p>\n","protected":false},"author":14,"featured_media":0,"parent":2434,"menu_order":0,"comment_status":"closed","ping_status":"closed","template":"","meta":{"footnotes":""},"class_list":["post-2473","page","type-page","status-publish","hentry"],"_links":{"self":[{"href":"https:\/\/jundiai.sp.gov.br\/planejamento-e-meio-ambiente\/wp-json\/wp\/v2\/pages\/2473","targetHints":{"allow":["GET"]}}],"collection":[{"href":"https:\/\/jundiai.sp.gov.br\/planejamento-e-meio-ambiente\/wp-json\/wp\/v2\/pages"}],"about":[{"href":"https:\/\/jundiai.sp.gov.br\/planejamento-e-meio-ambiente\/wp-json\/wp\/v2\/types\/page"}],"author":[{"embeddable":true,"href":"https:\/\/jundiai.sp.gov.br\/planejamento-e-meio-ambiente\/wp-json\/wp\/v2\/users\/14"}],"replies":[{"embeddable":true,"href":"https:\/\/jundiai.sp.gov.br\/planejamento-e-meio-ambiente\/wp-json\/wp\/v2\/comments?post=2473"}],"version-history":[{"count":10,"href":"https:\/\/jundiai.sp.gov.br\/planejamento-e-meio-ambiente\/wp-json\/wp\/v2\/pages\/2473\/revisions"}],"predecessor-version":[{"id":5005,"href":"https:\/\/jundiai.sp.gov.br\/planejamento-e-meio-ambiente\/wp-json\/wp\/v2\/pages\/2473\/revisions\/5005"}],"up":[{"embeddable":true,"href":"https:\/\/jundiai.sp.gov.br\/planejamento-e-meio-ambiente\/wp-json\/wp\/v2\/pages\/2434"}],"wp:attachment":[{"href":"https:\/\/jundiai.sp.gov.br\/planejamento-e-meio-ambiente\/wp-json\/wp\/v2\/media?parent=2473"}],"curies":[{"name":"wp","href":"https:\/\/api.w.org\/{rel}","templated":true}]}}