{"id":30,"date":"2014-08-20T16:08:17","date_gmt":"2014-08-20T19:08:17","guid":{"rendered":"https:\/\/jundiai.sp.gov.br\/planejamento-e-meio-ambiente\/?page_id=30"},"modified":"2014-09-29T10:40:20","modified_gmt":"2014-09-29T13:40:20","slug":"capacitacoes","status":"publish","type":"page","link":"https:\/\/jundiai.sp.gov.br\/planejamento-e-meio-ambiente\/capacitacoes\/","title":{"rendered":"Capacita\u00e7\u00f5es"},"content":{"rendered":"<p><strong>Val\u00e9ria Ortega:<\/strong> Democracia, Participa\u00e7\u00e3o Cidad\u00e3, Conselhos e F\u00f3runs<br \/>\n<strong>Aula<\/strong> 10\/02\/2014 \u2013 Sociedade Civil &#8211; Audit\u00f3rio da Biblioteca Prof. Nelson Foot &#8211; 19h &nbsp;<a href=\"https:\/\/jundiai.sp.gov.br\/planejamento-e-meio-ambiente\/wp-content\/uploads\/sites\/15\/2014\/08\/Mod_1_Valeria_Ortega.pdf\"> <\/a><\/p>\n<p><strong>Sidney Piochi Bernardini:<\/strong> Planejamento Territorial e a Gest\u00e3o Urbana<br \/>\n<strong>Aula 1<\/strong><br \/>\n10\/02\/2014 \u2013 T\u00e9cnicos &#8211; Audit\u00f3rio da Prefeitura de Jundia\u00ed &#8211; 14h &nbsp; <a href=\"https:\/\/jundiai.sp.gov.br\/planejamento-e-meio-ambiente\/wp-content\/uploads\/sites\/15\/2014\/08\/Mod_1_aula_1_Tec.pdf\"><\/a><br \/>\n11\/02\/2014 \u2013 Sociedade Civil &#8211; Audit\u00f3rio da Biblioteca Prof. Nelson Foot &#8211; 19h &nbsp;<a href=\"https:\/\/jundiai.sp.gov.br\/planejamento-e-meio-ambiente\/wp-content\/uploads\/sites\/15\/2014\/08\/Mod_1_aula_1_Civ.pdf\"><\/a><\/p>\n<p><strong>Aula 2<\/strong><br \/>\n11\/02\/2014 \u2013 T\u00e9cnicos &#8211; Audit\u00f3rio da Prefeitura de Jundia\u00ed &#8211; 14h &nbsp; <a href=\"https:\/\/jundiai.sp.gov.br\/planejamento-e-meio-ambiente\/wp-content\/uploads\/sites\/15\/2014\/08\/Mod_1_aula_2_Tec.pdf\"><\/a><br \/>\n12\/02\/2014 \u2013 Sociedade Civil &#8211; Audit\u00f3rio da Biblioteca Prof. Nelson Foot &#8211; 19h &nbsp;<a href=\"https:\/\/jundiai.sp.gov.br\/planejamento-e-meio-ambiente\/wp-content\/uploads\/sites\/15\/2014\/08\/Mod_1_aula_2_Civ.pdf\"><\/a><\/p>\n<p><strong>Aula 3<\/strong><br \/>\n17\/02\/2014 \u2013 T\u00e9cnicos &#8211; Audit\u00f3rio da Prefeitura de Jundia\u00ed &#8211; 14h &nbsp; <a href=\"https:\/\/jundiai.sp.gov.br\/planejamento-e-meio-ambiente\/wp-content\/uploads\/sites\/15\/2014\/08\/Mod_1_aula_3_Todos.pdf\"><\/a><br \/>\n17\/02\/2014 \u2013 Sociedade &#8211; Civil Audit\u00f3rio da Biblioteca Prof. Nelson Foot &#8211; 19h &nbsp;<a href=\"https:\/\/jundiai.sp.gov.br\/planejamento-e-meio-ambiente\/wp-content\/uploads\/sites\/15\/2014\/08\/Mod_1_aula_3_Todos.pdf\"><\/a> <\/p>\n<p><strong>Aula 4<\/strong><br \/>\n18\/02\/2014 \u2013 T\u00e9cnicos &#8211; Audit\u00f3rio da Prefeitura de Jundia\u00ed &#8211; 14h &nbsp;<a href=\"https:\/\/jundiai.sp.gov.br\/planejamento-e-meio-ambiente\/wp-content\/uploads\/sites\/15\/2014\/08\/Mod_1_aula_4_Todos.pdf\"><\/a><br \/>\n18\/02\/2014 \u2013 Sociedade Civil &#8211; Audit\u00f3rio da Biblioteca Prof. Nelson Foot &#8211; 19h &nbsp;<a href=\"https:\/\/jundiai.sp.gov.br\/planejamento-e-meio-ambiente\/wp-content\/uploads\/sites\/15\/2014\/08\/Mod_1_aula_4_Todos.pdf\"><\/a>    <\/p>\n<p><strong>Paola Manso:<\/strong> Democracia, Participa\u00e7\u00e3o Cidad\u00e3, Conselhos e F\u00f3runs<br \/>\n<strong>Aula<\/strong> 19\/02\/2014 \u2013 Sociedade Civil &#8211; Audit\u00f3rio da Biblioteca Prof. Nelson Foot &#8211; 19h &nbsp;<a href=\"https:\/\/jundiai.sp.gov.br\/planejamento-e-meio-ambiente\/wp-content\/uploads\/sites\/15\/2014\/08\/Mod_1_Paola_Manso.pdf\"><\/a><\/p>\n<p><strong>Fernanda Serralha:<\/strong> Pol\u00edticas P\u00fablicas Sociais e o Or\u00e7amento Municipal<br \/>\nAula 20\/02\/2014 \u2013 Sociedade Civil &#8211; Audit\u00f3rio da Biblioteca Prof. Nelson Foot &#8211; 19h &nbsp;  <a href=\"https:\/\/jundiai.sp.gov.br\/planejamento-e-meio-ambiente\/wp-content\/uploads\/sites\/15\/2014\/08\/Mod_1_Fernanda_Serralha.pdf\"><\/a><br \/>\nAula 21\/02\/2014 \u2013 Sociedade Civil &#8211; Audit\u00f3rio da Biblioteca Prof. Nelson Foot &#8211; 19h &nbsp; <a href=\"https:\/\/jundiai.sp.gov.br\/planejamento-e-meio-ambiente\/wp-content\/uploads\/sites\/15\/2014\/08\/Mod_1_Fernanda_Serralha.pdf\"><\/a> <\/p>\n<p><strong>Fernando Bruno:<\/strong> Implementa\u00e7\u00e3o dos Instrumentos do Estatuto da Cidade<br \/>\nAula 19\/02\/2014 \u2013 T\u00e9cnicos &#8211; Audit\u00f3rio da Prefeitura de Jundia\u00ed &#8211; 14h &nbsp; <a href=\"https:\/\/jundiai.sp.gov.br\/planejamento-e-meio-ambiente\/wp-content\/uploads\/sites\/15\/2014\/08\/Mod_1_Fernando_Bruno.pdf\"><\/a><br \/>\nAula 25\/03\/2014 \u2013 T\u00e9cnicos &#8211; Audit\u00f3rio da Prefeitura de Jundia\u00ed &#8211; 17h &nbsp; <a href=\"https:\/\/jundiai.sp.gov.br\/planejamento-e-meio-ambiente\/wp-content\/uploads\/sites\/15\/2014\/08\/Mod_1_aula_2_Fernando_Bruno.pdf\"><\/a>             <\/p>\n","protected":false},"excerpt":{"rendered":"<p>Val\u00e9ria Ortega: Democracia, Participa\u00e7\u00e3o Cidad\u00e3, Conselhos e F\u00f3runs Aula 10\/02\/2014 \u2013 Sociedade Civil &#8211; Audit\u00f3rio da Biblioteca Prof. Nelson Foot &#8211; 19h &nbsp; Sidney Piochi Bernardini: Planejamento Territorial e a Gest\u00e3o Urbana Aula 1 10\/02\/2014 \u2013 T\u00e9cnicos &#8211; Audit\u00f3rio da Prefeitura de Jundia\u00ed &#8211; 14h &nbsp; 11\/02\/2014 \u2013 Sociedade Civil &#8211; Audit\u00f3rio da Biblioteca Prof. [&hellip;]<\/p>\n","protected":false},"author":11,"featured_media":0,"parent":0,"menu_order":0,"comment_status":"closed","ping_status":"closed","template":"","meta":{"footnotes":""},"class_list":["post-30","page","type-page","status-publish","hentry"],"_links":{"self":[{"href":"https:\/\/jundiai.sp.gov.br\/planejamento-e-meio-ambiente\/wp-json\/wp\/v2\/pages\/30","targetHints":{"allow":["GET"]}}],"collection":[{"href":"https:\/\/jundiai.sp.gov.br\/planejamento-e-meio-ambiente\/wp-json\/wp\/v2\/pages"}],"about":[{"href":"https:\/\/jundiai.sp.gov.br\/planejamento-e-meio-ambiente\/wp-json\/wp\/v2\/types\/page"}],"author":[{"embeddable":true,"href":"https:\/\/jundiai.sp.gov.br\/planejamento-e-meio-ambiente\/wp-json\/wp\/v2\/users\/11"}],"replies":[{"embeddable":true,"href":"https:\/\/jundiai.sp.gov.br\/planejamento-e-meio-ambiente\/wp-json\/wp\/v2\/comments?post=30"}],"version-history":[{"count":32,"href":"https:\/\/jundiai.sp.gov.br\/planejamento-e-meio-ambiente\/wp-json\/wp\/v2\/pages\/30\/revisions"}],"predecessor-version":[{"id":1276,"href":"https:\/\/jundiai.sp.gov.br\/planejamento-e-meio-ambiente\/wp-json\/wp\/v2\/pages\/30\/revisions\/1276"}],"wp:attachment":[{"href":"https:\/\/jundiai.sp.gov.br\/planejamento-e-meio-ambiente\/wp-json\/wp\/v2\/media?parent=30"}],"curies":[{"name":"wp","href":"https:\/\/api.w.org\/{rel}","templated":true}]}}