{"id":3069,"date":"2017-05-24T17:15:42","date_gmt":"2017-05-24T20:15:42","guid":{"rendered":"https:\/\/jundiai.sp.gov.br\/planejamento-e-meio-ambiente\/?page_id=3069"},"modified":"2017-05-24T17:21:29","modified_gmt":"2017-05-24T20:21:29","slug":"recursos","status":"publish","type":"page","link":"https:\/\/jundiai.sp.gov.br\/planejamento-e-meio-ambiente\/assuntos-fundiarios\/recursos\/","title":{"rendered":"Recursos"},"content":{"rendered":"<h3>Notifica\u00e7\u00e3o\/Embargo<\/h3>\n<p>O interessado dever\u00e1 anexar c\u00f3pia dos autos, c\u00f3pia do contrato de compra e venda e carta defesa. Os documentos dever\u00e3o ser anexados no processo referente \u00e0 notifica\u00e7\u00e3o \/ embargo. S\u00f3 ser\u00e3o aceitos os recursos apresentados at\u00e9 a data do vencimento do auto.<\/p>\n<h3>Multa<\/h3>\n<p>O interessado dever\u00e1 anexar c\u00f3pia dos autos, c\u00f3pia do contrato de compra e venda e carta defesa. Os documentos dever\u00e3o ser anexados no processo referente \u00e0 multa. S\u00f3 ser\u00e3o aceitos os recursos apresentados no m\u00e1ximo ap\u00f3s 10 (dez) dias do recebimento da mesma.<\/p>\n","protected":false},"excerpt":{"rendered":"<p>Notifica\u00e7\u00e3o\/Embargo O interessado dever\u00e1 anexar c\u00f3pia dos autos, c\u00f3pia do contrato de compra e venda e carta defesa. Os documentos dever\u00e3o ser anexados no processo referente \u00e0 notifica\u00e7\u00e3o \/ embargo. S\u00f3 ser\u00e3o aceitos os recursos apresentados at\u00e9 a data do vencimento do auto. Multa O interessado dever\u00e1 anexar c\u00f3pia dos autos, c\u00f3pia do contrato de [&hellip;]<\/p>\n","protected":false},"author":30,"featured_media":0,"parent":3045,"menu_order":2,"comment_status":"closed","ping_status":"closed","template":"","meta":{"footnotes":""},"class_list":["post-3069","page","type-page","status-publish","hentry"],"_links":{"self":[{"href":"https:\/\/jundiai.sp.gov.br\/planejamento-e-meio-ambiente\/wp-json\/wp\/v2\/pages\/3069","targetHints":{"allow":["GET"]}}],"collection":[{"href":"https:\/\/jundiai.sp.gov.br\/planejamento-e-meio-ambiente\/wp-json\/wp\/v2\/pages"}],"about":[{"href":"https:\/\/jundiai.sp.gov.br\/planejamento-e-meio-ambiente\/wp-json\/wp\/v2\/types\/page"}],"author":[{"embeddable":true,"href":"https:\/\/jundiai.sp.gov.br\/planejamento-e-meio-ambiente\/wp-json\/wp\/v2\/users\/30"}],"replies":[{"embeddable":true,"href":"https:\/\/jundiai.sp.gov.br\/planejamento-e-meio-ambiente\/wp-json\/wp\/v2\/comments?post=3069"}],"version-history":[{"count":2,"href":"https:\/\/jundiai.sp.gov.br\/planejamento-e-meio-ambiente\/wp-json\/wp\/v2\/pages\/3069\/revisions"}],"predecessor-version":[{"id":3077,"href":"https:\/\/jundiai.sp.gov.br\/planejamento-e-meio-ambiente\/wp-json\/wp\/v2\/pages\/3069\/revisions\/3077"}],"up":[{"embeddable":true,"href":"https:\/\/jundiai.sp.gov.br\/planejamento-e-meio-ambiente\/wp-json\/wp\/v2\/pages\/3045"}],"wp:attachment":[{"href":"https:\/\/jundiai.sp.gov.br\/planejamento-e-meio-ambiente\/wp-json\/wp\/v2\/media?parent=3069"}],"curies":[{"name":"wp","href":"https:\/\/api.w.org\/{rel}","templated":true}]}}