{"id":3120,"date":"2017-08-11T15:32:28","date_gmt":"2017-08-11T18:32:28","guid":{"rendered":"https:\/\/jundiai.sp.gov.br\/planejamento-e-meio-ambiente\/?page_id=3120"},"modified":"2025-10-16T11:03:51","modified_gmt":"2025-10-16T14:03:51","slug":"recomendacoes-especificas","status":"publish","type":"page","link":"https:\/\/jundiai.sp.gov.br\/planejamento-e-meio-ambiente\/visitacao-monitorada\/recomendacoes-especificas\/","title":{"rendered":"O que devo saber antes da visita?"},"content":{"rendered":"\n<figure class=\"wp-block-image size-large\"><img loading=\"lazy\" decoding=\"async\" width=\"1280\" height=\"298\" src=\"https:\/\/jundiai.sp.gov.br\/planejamento-e-meio-ambiente\/wp-content\/uploads\/sites\/15\/2025\/10\/image7-1280x298.jpeg\" alt=\"\" class=\"wp-image-7892\" srcset=\"https:\/\/jundiai.sp.gov.br\/planejamento-e-meio-ambiente\/wp-content\/uploads\/sites\/15\/2025\/10\/image7-1280x298.jpeg 1280w, https:\/\/jundiai.sp.gov.br\/planejamento-e-meio-ambiente\/wp-content\/uploads\/sites\/15\/2025\/10\/image7-300x70.jpeg 300w, https:\/\/jundiai.sp.gov.br\/planejamento-e-meio-ambiente\/wp-content\/uploads\/sites\/15\/2025\/10\/image7-768x179.jpeg 768w, https:\/\/jundiai.sp.gov.br\/planejamento-e-meio-ambiente\/wp-content\/uploads\/sites\/15\/2025\/10\/image7.jpeg 1299w\" sizes=\"auto, (max-width: 1280px) 100vw, 1280px\" \/><figcaption class=\"wp-element-caption\">Trilha do Marco Geod\u00e9sico<\/figcaption><\/figure>\n\n\n\n<ul class=\"wp-block-list\">\n<li>O servi\u00e7o de acompanhamento e educa\u00e7\u00e3o ambiental tem um custo e deve ser pago diretamente ao educador ambiental respons\u00e1vel pela trilha no dia escolhido.<\/li>\n<\/ul>\n\n\n\n<ul class=\"wp-block-list\">\n<li>Cada circuito tem capacidade m\u00e1xima de 15 pessoas, podendo, em alguns circuitos, esse n\u00famero ser menor, 8 ou 10 pessoas*.<br>*A capacidade m\u00e1xima por trilha est\u00e1 definida no <strong>Plano de Manejo da Reserva Biol\u00f3gica Municipal da Serra do Japi<\/strong>.<\/li>\n<\/ul>\n\n\n\n<ul class=\"wp-block-list\">\n<li>Voc\u00ea n\u00e3o precisa formar um grupo. \u00c9 s\u00f3 entrar em contato com o educador ambiental e se inscrever.<\/li>\n<\/ul>\n\n\n\n<ul class=\"wp-block-list\">\n<li>O ponto de encontro ser\u00e1 informado pelo educador ambiental. N\u00e3o se dirija at\u00e9 a Base Ecol\u00f3gica, o educador ambiental tamb\u00e9m \u00e9 o respons\u00e1vel por conduzir o grupo at\u00e9 a entrada da Reserva Biol\u00f3gica.<\/li>\n<\/ul>\n\n\n\n<ul class=\"wp-block-list\">\n<li>O visitante \u00e9 respons\u00e1vel pelo seu deslocamento do ponto de encontro at\u00e9 a Base Ecol\u00f3gica. N\u00e3o h\u00e1 transporte p\u00fablico coletivo para este percurso. Nem a Prefeitura, nem o educador disponibilizam transporte.<\/li>\n<\/ul>\n\n\n\n<ul class=\"wp-block-list\">\n<li>O hor\u00e1rio de sa\u00edda \u00e9 geralmente \u00e0s 8h e o retorno varia, de acordo com a trilha escolhida. Verifique com o educador ambiental respons\u00e1vel.<\/li>\n<\/ul>\n\n\n\n<ul class=\"wp-block-list\">\n<li>Os menores de 18 anos desacompanhados poder\u00e3o visitar mediante autoriza\u00e7\u00e3o do respons\u00e1vel (pais ou respons\u00e1vel). Para os menores de 14 anos \u00e0 visita\u00e7\u00e3o s\u00f3 ser\u00e1 permitida se estiverem acompanhados pelos pais ou respons\u00e1vel.<\/li>\n<\/ul>\n\n\n\n<ul class=\"wp-block-list\">\n<li>Trazer um documento com foto (RG, passaporte, habilita\u00e7\u00e3o).<\/li>\n<\/ul>\n\n\n\n<ul class=\"wp-block-list\">\n<li>Estar vacinado contra a Covid e Febre Amarela.&nbsp;<\/li>\n<\/ul>\n\n\n\n<ul class=\"wp-block-list\">\n<li>Chuva\n<ul class=\"wp-block-list\">\n<li>Aproveite a visita em um ambiente natural. Visitas em dias chuvosos s\u00e3o pass\u00edveis de ocorrerem. O cancelamento ocorrer\u00e1 sempre que houver ventos fortes ou raios, ou seja, qualquer situa\u00e7\u00e3o que coloque os visitantes em perigo. Qualquer d\u00favida converse com o educador ambiental.<\/li>\n<\/ul>\n<\/li>\n<\/ul>\n\n\n\n<h5 class=\"wp-block-heading\"><strong>Regras para visitas dentro da Reserva Biol\u00f3gica<\/strong><\/h5>\n\n\n\n<ul class=\"wp-block-list\">\n<li>Seguir rigorosamente a orienta\u00e7\u00e3o dos educadores ambientais;<\/li>\n\n\n\n<li>Na trilha, n\u00e3o ultrapassar o educador ambiental, este sempre estar\u00e1 \u00e0 frente para identificar e evitar poss\u00edveis riscos;<\/li>\n\n\n\n<li>Manter-se na trilha, n\u00e3o se afastar do grupo;<\/li>\n\n\n\n<li>N\u00e3o retirar plantas, frutos, sementes ou flores. N\u00e3o se aproximar da fauna silvestre;<\/li>\n\n\n\n<li>Evite fazer barulho. Isso causa estresse na fauna. Desfrute os sons da floresta;<\/li>\n\n\n\n<li>N\u00e3o s\u00e3o permitidos pets. Os animais dom\u00e9sticos podem transmitir ou contrair doen\u00e7as de animais selvagens;<\/li>\n\n\n\n<li>Durante o percurso nas trilhas, todos os res\u00edduos recolhidos devem ser levados para serem descartados posteriormente;<\/li>\n<\/ul>\n\n\n\n<h5 class=\"wp-block-heading\"><strong>O que levar?&nbsp;<\/strong><\/h5>\n\n\n\n<ul class=\"wp-block-list\">\n<li>Suprimentos para se&nbsp;alimentar, como:\n<ul class=\"wp-block-list\">\n<li>alimentos de natureza leve: frutas in natura ou frutas secas, barras de cereais e lanches;<\/li>\n\n\n\n<li>alimentos cal\u00f3ricos: barra de chocolate, castanhas ou amendoim e biscoitos.<\/li>\n<\/ul>\n<\/li>\n<\/ul>\n\n\n\n<ul class=\"wp-block-list\">\n<li>Suprimentos para se hidratar: como \u00e1gua, sucos ou qualquer outra bebida; n\u00e3o economize na \u00e1gua em dias quentes e de baixa umidade. N\u00e3o \u00e9 permitido coletar \u00e1gua das nascentes;<\/li>\n\n\n\n<li>Sacola para guardar os res\u00edduos;<\/li>\n\n\n\n<li>Medicamentos de uso controlado ou aqueles que o visitante julgue necess\u00e1rios, de acordo com a particularidade de cada um. O educador ambiental n\u00e3o \u00e9 um profissional da sa\u00fade e, portanto, n\u00e3o est\u00e1 autorizado a fornecer ou medicar o visitante. Caso tenha alguma recomenda\u00e7\u00e3o m\u00e9dica ou alergias, informar ao educador;<\/li>\n\n\n\n<li>Capa de chuva e blusa de frio s\u00e3o bastante recomend\u00e1veis, bem como sacos pl\u00e1sticos para&nbsp;embrulhar materiais que n\u00e3o podem molhar. Chuvas podem ocorrer de forma inesperada (mais frequente na esta\u00e7\u00e3o ver\u00e3o nos meses de dezembro&nbsp;at\u00e9&nbsp;mar\u00e7o).<\/li>\n\n\n\n<li>Recomend\u00e1vel: bast\u00e3o de caminhada ou similar, uma canga ou toalha para melhor se acomodar no ch\u00e3o no momento de pausa e lanche.<\/li>\n<\/ul>\n\n\n\n<h5 class=\"wp-block-heading\"><strong>O que usar?&nbsp;<\/strong><\/h5>\n\n\n\n<ul class=\"wp-block-list\">\n<li>Cal\u00e7a comprida obrigat\u00f3ria;<\/li>\n\n\n\n<li>Bon\u00e9 e roupas preferencialmente de cores neutras;<\/li>\n\n\n\n<li>Cal\u00e7ado confort\u00e1vel, fechado, laceado e seguro para percorrer trilhas ou circuitos.<\/li>\n<\/ul>\n\n\n\n<h5 class=\"wp-block-heading\"><strong>O que N\u00c3O pode?&nbsp;<\/strong><\/h5>\n\n\n\n<ul class=\"wp-block-list\">\n<li>Shorts e bermudas;<\/li>\n\n\n\n<li>Fumar;<\/li>\n\n\n\n<li>Bebidas alco\u00f3licas;<\/li>\n\n\n\n<li>Jogos de azar, baralho, etc;<\/li>\n\n\n\n<li>Carrinho de beb\u00ea. Opte pelo canguru ou sling;<\/li>\n\n\n\n<li>Bicicletas, skates, motos, patinetes e drones;<\/li>\n\n\n\n<li>Perfumes e desodorantes que exalem odores fortes, pois poder\u00e3o atrair e ou irritar abelhas e outros insetos; e<\/li>\n\n\n\n<li>Repelente e protetor solar NOS banhos de cachoeira ou quedas d\u2019\u00e1gua.<\/li>\n<\/ul>\n\n\n\n<p>\u00c9&nbsp;<strong>terminantemente proibida<\/strong>&nbsp;a retirada de quaisquer exemplares da flora e fauna de uma Unidade de Conserva\u00e7\u00e3o, salvo os casos em que houver autoriza\u00e7\u00e3o antecipada, tais como autoriza\u00e7\u00f5es para atividades com finalidade cient\u00edfica e autoriza\u00e7\u00f5es para atividades com finalidade did\u00e1tica (no \u00e2mbito do ensino superior).&nbsp;<\/p>\n\n\n\n<p>No caso de descumprimento das regras o respons\u00e1vel responder\u00e1 e cumprir\u00e1 as penalidades previstas na Lei de Crimes Ambientais n<sup>o<\/sup>&nbsp;9.605 de 1998.<\/p>\n\n\n\n<h5 class=\"wp-block-heading\">Alguns telefones que podem ser \u00fateis numa eventual emerg\u00eancia&nbsp;<\/h5>\n\n\n\n<ul class=\"wp-block-list\">\n<li>SAMU \u2013 telefone 192<\/li>\n\n\n\n<li>Corpo de Bombeiros \u2013 telefone 193<\/li>\n\n\n\n<li>Guarda Municipal disque \u2013 telefone 153<\/li>\n<\/ul>\n\n\n\n<figure class=\"wp-block-gallery has-nested-images columns-default is-cropped wp-block-gallery-1 is-layout-flex wp-block-gallery-is-layout-flex\">\n<figure class=\"wp-block-image size-large\"><img loading=\"lazy\" decoding=\"async\" width=\"689\" height=\"408\" data-id=\"7896\" src=\"https:\/\/jundiai.sp.gov.br\/planejamento-e-meio-ambiente\/wp-content\/uploads\/sites\/15\/2025\/10\/image8.jpeg\" alt=\"\" class=\"wp-image-7896\" srcset=\"https:\/\/jundiai.sp.gov.br\/planejamento-e-meio-ambiente\/wp-content\/uploads\/sites\/15\/2025\/10\/image8.jpeg 689w, https:\/\/jundiai.sp.gov.br\/planejamento-e-meio-ambiente\/wp-content\/uploads\/sites\/15\/2025\/10\/image8-300x178.jpeg 300w\" sizes=\"auto, (max-width: 689px) 100vw, 689px\" \/><figcaption class=\"wp-element-caption\"><strong>Trilha do Marco Geod\u00e9sico<\/strong><\/figcaption><\/figure>\n\n\n\n<figure class=\"wp-block-image size-full\"><img loading=\"lazy\" decoding=\"async\" width=\"616\" height=\"413\" data-id=\"7897\" src=\"https:\/\/jundiai.sp.gov.br\/planejamento-e-meio-ambiente\/wp-content\/uploads\/sites\/15\/2025\/10\/image9.jpeg\" alt=\"\" class=\"wp-image-7897\" srcset=\"https:\/\/jundiai.sp.gov.br\/planejamento-e-meio-ambiente\/wp-content\/uploads\/sites\/15\/2025\/10\/image9.jpeg 616w, https:\/\/jundiai.sp.gov.br\/planejamento-e-meio-ambiente\/wp-content\/uploads\/sites\/15\/2025\/10\/image9-300x201.jpeg 300w\" sizes=\"auto, (max-width: 616px) 100vw, 616px\" \/><figcaption class=\"wp-element-caption\"><strong>Trilha Casa do Conserveiro<\/strong><\/figcaption><\/figure>\n<\/figure>\n\n\n\n<style>\n.pagina li,\n.pagina p {\ntext-align: justify;\n}\n<\/style>\n","protected":false},"excerpt":{"rendered":"<p>Regras para visitas dentro da Reserva Biol\u00f3gica O que levar?&nbsp; O que usar?&nbsp; O que N\u00c3O pode?&nbsp; \u00c9&nbsp;terminantemente proibida&nbsp;a retirada de quaisquer exemplares da flora e fauna de uma Unidade de Conserva\u00e7\u00e3o, salvo os casos em que houver autoriza\u00e7\u00e3o antecipada, tais como autoriza\u00e7\u00f5es para atividades com finalidade cient\u00edfica e autoriza\u00e7\u00f5es para atividades com finalidade did\u00e1tica [&hellip;]<\/p>\n","protected":false},"author":30,"featured_media":0,"parent":3110,"menu_order":3,"comment_status":"closed","ping_status":"closed","template":"","meta":{"footnotes":""},"class_list":["post-3120","page","type-page","status-publish","hentry"],"_links":{"self":[{"href":"https:\/\/jundiai.sp.gov.br\/planejamento-e-meio-ambiente\/wp-json\/wp\/v2\/pages\/3120","targetHints":{"allow":["GET"]}}],"collection":[{"href":"https:\/\/jundiai.sp.gov.br\/planejamento-e-meio-ambiente\/wp-json\/wp\/v2\/pages"}],"about":[{"href":"https:\/\/jundiai.sp.gov.br\/planejamento-e-meio-ambiente\/wp-json\/wp\/v2\/types\/page"}],"author":[{"embeddable":true,"href":"https:\/\/jundiai.sp.gov.br\/planejamento-e-meio-ambiente\/wp-json\/wp\/v2\/users\/30"}],"replies":[{"embeddable":true,"href":"https:\/\/jundiai.sp.gov.br\/planejamento-e-meio-ambiente\/wp-json\/wp\/v2\/comments?post=3120"}],"version-history":[{"count":30,"href":"https:\/\/jundiai.sp.gov.br\/planejamento-e-meio-ambiente\/wp-json\/wp\/v2\/pages\/3120\/revisions"}],"predecessor-version":[{"id":7995,"href":"https:\/\/jundiai.sp.gov.br\/planejamento-e-meio-ambiente\/wp-json\/wp\/v2\/pages\/3120\/revisions\/7995"}],"up":[{"embeddable":true,"href":"https:\/\/jundiai.sp.gov.br\/planejamento-e-meio-ambiente\/wp-json\/wp\/v2\/pages\/3110"}],"wp:attachment":[{"href":"https:\/\/jundiai.sp.gov.br\/planejamento-e-meio-ambiente\/wp-json\/wp\/v2\/media?parent=3120"}],"curies":[{"name":"wp","href":"https:\/\/api.w.org\/{rel}","templated":true}]}}