{"id":3164,"date":"2017-08-23T16:16:03","date_gmt":"2017-08-23T19:16:03","guid":{"rendered":"https:\/\/jundiai.sp.gov.br\/planejamento-e-meio-ambiente\/?page_id=3164"},"modified":"2025-12-19T14:41:04","modified_gmt":"2025-12-19T17:41:04","slug":"programacao-de-visitas","status":"publish","type":"page","link":"https:\/\/jundiai.sp.gov.br\/planejamento-e-meio-ambiente\/visitacao-monitorada\/programacao-de-visitas\/","title":{"rendered":"Programa\u00e7\u00e3o de Visitas"},"content":{"rendered":"\n<div class=\"wp-block-columns is-layout-flex wp-container-core-columns-is-layout-9d6595d7 wp-block-columns-is-layout-flex\">\n<div class=\"wp-block-column is-layout-flow wp-block-column-is-layout-flow\" style=\"flex-basis:33.33%\"><div class=\"wp-block-image pilha-1-imagem\">\n<figure class=\"aligncenter size-large\"><img loading=\"lazy\" decoding=\"async\" width=\"454\" height=\"960\" src=\"https:\/\/jundiai.sp.gov.br\/planejamento-e-meio-ambiente\/wp-content\/uploads\/sites\/15\/2025\/10\/image40-454x960.jpeg\" alt=\"\" class=\"wp-image-7941\" style=\"object-fit:cover\" srcset=\"https:\/\/jundiai.sp.gov.br\/planejamento-e-meio-ambiente\/wp-content\/uploads\/sites\/15\/2025\/10\/image40-454x960.jpeg 454w, https:\/\/jundiai.sp.gov.br\/planejamento-e-meio-ambiente\/wp-content\/uploads\/sites\/15\/2025\/10\/image40-236x500.jpeg 236w, https:\/\/jundiai.sp.gov.br\/planejamento-e-meio-ambiente\/wp-content\/uploads\/sites\/15\/2025\/10\/image40.jpeg 605w\" sizes=\"auto, (max-width: 454px) 100vw, 454px\" \/><figcaption class=\"wp-element-caption\">Trilha das Jabuticabeiras<\/figcaption><\/figure>\n<\/div><\/div>\n\n\n\n<div class=\"wp-block-column is-layout-flow wp-block-column-is-layout-flow\" style=\"flex-basis:66.66%\">\n<p>As visitas ocorrem preferencialmente durante os finais de semana e feriados prolongados, e os agendamentos devem ser feitos diretamente com os educadores ambientais. Para visitas que ocorrerem durante a semana tamb\u00e9m \u00e9 necess\u00e1rio entrar em contato com o educador que ir\u00e1 verificar a disponibilidade da data.<\/p>\n\n\n\n<p>Para escolas e institui\u00e7\u00f5es, o contato e <a href=\"https:\/\/serradojapi.jundiai.sp.gov.br\/educambiental\/agende-uma-trilha-para-educacao-ambiental\/\" target=\"_blank\" rel=\"noreferrer noopener\">agendamento devem ser feitos diretamente com a Funda\u00e7\u00e3o Serra do Japi<\/a>.<\/p>\n\n\n\n<ul class=\"wp-block-list\">\n<li>O hor\u00e1rio das visitas \u00e9 das 8h \u00e0s 17h.<\/li>\n<\/ul>\n\n\n\n<p><a href=\"https:\/\/docs.google.com\/spreadsheets\/d\/1PjxcN0uhBTjlF8wXlVpf7eUUhnm1gMaEzUOkTFGfmMk\/edit#gid=0\" target=\"_blank\" rel=\"noreferrer noopener\"><strong>Confira a Programa\u00e7\u00e3o de Visitas<\/strong><\/a><\/p>\n\n\n\n<p><a href=\"https:\/\/docs.google.com\/spreadsheets\/d\/1Xb6A1BdblEjhWhmKLh0ZMPJoPT4sxTZ9KlTIddG3Xec\/edit?usp=sharing\" target=\"_blank\" rel=\"noreferrer noopener\"><strong>Rela\u00e7\u00e3o dos Educadores Ambientais Credenciados<\/strong><\/a><\/p>\n\n\n\n<div style=\"height:81px\" aria-hidden=\"true\" class=\"wp-block-spacer\"><\/div>\n\n\n\n<p><strong>Avistamento de aves (Birdwatching)<\/strong><\/p>\n\n\n\n<p>Para mais informa\u00e7\u00f5es, acessar a Programa\u00e7\u00e3o acima e entrar em contato com o educador respons\u00e1vel por conduzir o grupo.<\/p>\n<\/div>\n<\/div>\n","protected":false},"excerpt":{"rendered":"<p>As visitas ocorrem preferencialmente durante os finais de semana e feriados prolongados, e os agendamentos devem ser feitos diretamente com os educadores ambientais. Para visitas que ocorrerem durante a semana tamb\u00e9m \u00e9 necess\u00e1rio entrar em contato com o educador que ir\u00e1 verificar a disponibilidade da data. Para escolas e institui\u00e7\u00f5es, o contato e agendamento devem [&hellip;]<\/p>\n","protected":false},"author":30,"featured_media":0,"parent":3110,"menu_order":4,"comment_status":"closed","ping_status":"closed","template":"","meta":{"footnotes":""},"class_list":["post-3164","page","type-page","status-publish","hentry"],"_links":{"self":[{"href":"https:\/\/jundiai.sp.gov.br\/planejamento-e-meio-ambiente\/wp-json\/wp\/v2\/pages\/3164","targetHints":{"allow":["GET"]}}],"collection":[{"href":"https:\/\/jundiai.sp.gov.br\/planejamento-e-meio-ambiente\/wp-json\/wp\/v2\/pages"}],"about":[{"href":"https:\/\/jundiai.sp.gov.br\/planejamento-e-meio-ambiente\/wp-json\/wp\/v2\/types\/page"}],"author":[{"embeddable":true,"href":"https:\/\/jundiai.sp.gov.br\/planejamento-e-meio-ambiente\/wp-json\/wp\/v2\/users\/30"}],"replies":[{"embeddable":true,"href":"https:\/\/jundiai.sp.gov.br\/planejamento-e-meio-ambiente\/wp-json\/wp\/v2\/comments?post=3164"}],"version-history":[{"count":109,"href":"https:\/\/jundiai.sp.gov.br\/planejamento-e-meio-ambiente\/wp-json\/wp\/v2\/pages\/3164\/revisions"}],"predecessor-version":[{"id":8054,"href":"https:\/\/jundiai.sp.gov.br\/planejamento-e-meio-ambiente\/wp-json\/wp\/v2\/pages\/3164\/revisions\/8054"}],"up":[{"embeddable":true,"href":"https:\/\/jundiai.sp.gov.br\/planejamento-e-meio-ambiente\/wp-json\/wp\/v2\/pages\/3110"}],"wp:attachment":[{"href":"https:\/\/jundiai.sp.gov.br\/planejamento-e-meio-ambiente\/wp-json\/wp\/v2\/media?parent=3164"}],"curies":[{"name":"wp","href":"https:\/\/api.w.org\/{rel}","templated":true}]}}