{"id":4078,"date":"2020-05-13T14:28:59","date_gmt":"2020-05-13T17:28:59","guid":{"rendered":"https:\/\/jundiai.sp.gov.br\/planejamento-e-meio-ambiente\/?page_id=4078"},"modified":"2021-02-23T15:05:47","modified_gmt":"2021-02-23T18:05:47","slug":"2018-2","status":"publish","type":"page","link":"https:\/\/jundiai.sp.gov.br\/planejamento-e-meio-ambiente\/conselhos\/conselho-municipal-de-defesa-do-meio-ambiente-comdema\/2018-2\/","title":{"rendered":"2018"},"content":{"rendered":"<p><a href=\"https:\/\/jundiai.sp.gov.br\/planejamento-e-meio-ambiente\/wp-content\/uploads\/sites\/15\/2019\/08\/extraord-3-comdema-5-12-18.pdf\">Reuni\u00e3o Extraordin\u00e1ria &#8211; 05.12.2018<\/a><br \/>\n<a href=\"https:\/\/jundiai.sp.gov.br\/planejamento-e-meio-ambiente\/wp-content\/uploads\/sites\/15\/2019\/03\/14-ata-ro-comdema-14-11-18.pdf\">Reuni\u00e3o Ordin\u00e1ria &#8211; 14.11.2018<\/a><br \/>\n<a href=\"https:\/\/jundiai.sp.gov.br\/planejamento-e-meio-ambiente\/wp-content\/uploads\/sites\/15\/2019\/03\/extraord-2-comdema-24-10-18.pdf\">Reuni\u00e3o Extraordin\u00e1ria &#8211; 24.10.2018<\/a><br \/>\n<a href=\"https:\/\/jundiai.sp.gov.br\/planejamento-e-meio-ambiente\/wp-content\/uploads\/sites\/15\/2019\/03\/13-ata-ro-comdema-10-10-18.pdf\">Reuni\u00e3o Ordin\u00e1ria &#8211; 10.10.2018<\/a><br \/>\n<a href=\"https:\/\/jundiai.sp.gov.br\/planejamento-e-meio-ambiente\/wp-content\/uploads\/sites\/15\/2019\/03\/12-ata-ro-comdema-12-09-18.pdf\">Reuni\u00e3o Ordin\u00e1ria &#8211; 12.09.2018<\/a><br \/>\n<a href=\"https:\/\/jundiai.sp.gov.br\/planejamento-e-meio-ambiente\/wp-content\/uploads\/sites\/15\/2019\/03\/extraord-1-comdema-29-08-18.pdf\">Reuni\u00e3o Extraordin\u00e1ria &#8211; 29.08.2018<\/a><br \/>\n<a href=\"https:\/\/jundiai.sp.gov.br\/planejamento-e-meio-ambiente\/wp-content\/uploads\/sites\/15\/2018\/10\/ata_assinada_11ro_comdema_assinada.pdf\">Reuni\u00e3o Ordin\u00e1ria &#8211; 08.08.2018<\/a><br \/>\n<a href=\"https:\/\/jundiai.sp.gov.br\/planejamento-e-meio-ambiente\/wp-content\/uploads\/sites\/15\/2018\/10\/ata_assinada_10ro_comdema_assinada.pdf\" target=\"_blank\" rel=\"noopener noreferrer\">Reuni\u00e3o Ordin\u00e1ria &#8211; 11.07.2018<\/a><br \/>\n<a href=\"https:\/\/jundiai.sp.gov.br\/planejamento-e-meio-ambiente\/wp-content\/uploads\/sites\/15\/2018\/08\/9ata-ro-comdema-13-06-18.pdf\" target=\"_blank\" rel=\"noopener noreferrer\">Reuni\u00e3o Ordin\u00e1ria &#8211; 13.06.2018<\/a><br \/>\n<a href=\"https:\/\/jundiai.sp.gov.br\/planejamento-e-meio-ambiente\/wp-content\/uploads\/sites\/15\/2018\/07\/8ata-ro-comdema-9-05-18.pdf\" target=\"_blank\" rel=\"noopener noreferrer\">Reuni\u00e3o Ordin\u00e1ria &#8211; 09.05.2018<\/a><br \/>\n<a href=\"https:\/\/jundiai.sp.gov.br\/planejamento-e-meio-ambiente\/wp-content\/uploads\/sites\/15\/2018\/07\/7ata-ro-comdema-11-04-18.pdf\" target=\"_blank\" rel=\"noopener noreferrer\">Reuni\u00e3o Ordin\u00e1ria &#8211; 11.04.2018<\/a><br \/>\n<a href=\"https:\/\/jundiai.sp.gov.br\/planejamento-e-meio-ambiente\/wp-content\/uploads\/sites\/15\/2018\/07\/6ata-ro-comdema-14-03-18.pdf\" target=\"_blank\" rel=\"noopener noreferrer\">Reuni\u00e3o Ordin\u00e1ria &#8211; 13.03.2018<\/a><br \/>\n<a href=\"https:\/\/jundiai.sp.gov.br\/planejamento-e-meio-ambiente\/wp-content\/uploads\/sites\/15\/2018\/07\/5ata-ro-comdema-14-02-18.pdf\" target=\"_blank\" rel=\"noopener noreferrer\">Reuni\u00e3o Ordin\u00e1ria &#8211; 14.02.2018<\/a><br \/>\n<a href=\"https:\/\/jundiai.sp.gov.br\/planejamento-e-meio-ambiente\/wp-content\/uploads\/sites\/15\/2018\/07\/4ata-ro-comdema-10-01-18.pdf\" target=\"_blank\" rel=\"noopener noreferrer\">Reuni\u00e3o Ordin\u00e1ria &#8211; 10.01.2018<\/a><\/p>\n","protected":false},"excerpt":{"rendered":"<p>Reuni\u00e3o Extraordin\u00e1ria &#8211; 05.12.2018 Reuni\u00e3o Ordin\u00e1ria &#8211; 14.11.2018 Reuni\u00e3o Extraordin\u00e1ria &#8211; 24.10.2018 Reuni\u00e3o Ordin\u00e1ria &#8211; 10.10.2018 Reuni\u00e3o Ordin\u00e1ria &#8211; 12.09.2018 Reuni\u00e3o Extraordin\u00e1ria &#8211; 29.08.2018 Reuni\u00e3o Ordin\u00e1ria &#8211; 08.08.2018 Reuni\u00e3o Ordin\u00e1ria &#8211; 11.07.2018 Reuni\u00e3o Ordin\u00e1ria &#8211; 13.06.2018 Reuni\u00e3o Ordin\u00e1ria &#8211; 09.05.2018 Reuni\u00e3o Ordin\u00e1ria &#8211; 11.04.2018 Reuni\u00e3o Ordin\u00e1ria &#8211; 13.03.2018 Reuni\u00e3o Ordin\u00e1ria &#8211; 14.02.2018 Reuni\u00e3o Ordin\u00e1ria &#8211; [&hellip;]<\/p>\n","protected":false},"author":50,"featured_media":0,"parent":2614,"menu_order":0,"comment_status":"closed","ping_status":"closed","template":"","meta":{"footnotes":""},"class_list":["post-4078","page","type-page","status-publish","hentry"],"_links":{"self":[{"href":"https:\/\/jundiai.sp.gov.br\/planejamento-e-meio-ambiente\/wp-json\/wp\/v2\/pages\/4078","targetHints":{"allow":["GET"]}}],"collection":[{"href":"https:\/\/jundiai.sp.gov.br\/planejamento-e-meio-ambiente\/wp-json\/wp\/v2\/pages"}],"about":[{"href":"https:\/\/jundiai.sp.gov.br\/planejamento-e-meio-ambiente\/wp-json\/wp\/v2\/types\/page"}],"author":[{"embeddable":true,"href":"https:\/\/jundiai.sp.gov.br\/planejamento-e-meio-ambiente\/wp-json\/wp\/v2\/users\/50"}],"replies":[{"embeddable":true,"href":"https:\/\/jundiai.sp.gov.br\/planejamento-e-meio-ambiente\/wp-json\/wp\/v2\/comments?post=4078"}],"version-history":[{"count":1,"href":"https:\/\/jundiai.sp.gov.br\/planejamento-e-meio-ambiente\/wp-json\/wp\/v2\/pages\/4078\/revisions"}],"predecessor-version":[{"id":4079,"href":"https:\/\/jundiai.sp.gov.br\/planejamento-e-meio-ambiente\/wp-json\/wp\/v2\/pages\/4078\/revisions\/4079"}],"up":[{"embeddable":true,"href":"https:\/\/jundiai.sp.gov.br\/planejamento-e-meio-ambiente\/wp-json\/wp\/v2\/pages\/2614"}],"wp:attachment":[{"href":"https:\/\/jundiai.sp.gov.br\/planejamento-e-meio-ambiente\/wp-json\/wp\/v2\/media?parent=4078"}],"curies":[{"name":"wp","href":"https:\/\/api.w.org\/{rel}","templated":true}]}}

<p><a href="https://jundiai.sp.gov.br/planejamento-e-meio-ambiente/wp-content/uploads/sites/15/2019/08/extraord-3-comdema-5-12-18.pdf">Reunião Extraordinária &#8211; 05.12.2018</a><br />
<a href="https://jundiai.sp.gov.br/planejamento-e-meio-ambiente/wp-content/uploads/sites/15/2019/03/14-ata-ro-comdema-14-11-18.pdf">Reunião Ordinária &#8211; 14.11.2018</a><br />
<a href="https://jundiai.sp.gov.br/planejamento-e-meio-ambiente/wp-content/uploads/sites/15/2019/03/extraord-2-comdema-24-10-18.pdf">Reunião Extraordinária &#8211; 24.10.2018</a><br />
<a href="https://jundiai.sp.gov.br/planejamento-e-meio-ambiente/wp-content/uploads/sites/15/2019/03/13-ata-ro-comdema-10-10-18.pdf">Reunião Ordinária &#8211; 10.10.2018</a><br />
<a href="https://jundiai.sp.gov.br/planejamento-e-meio-ambiente/wp-content/uploads/sites/15/2019/03/12-ata-ro-comdema-12-09-18.pdf">Reunião Ordinária &#8211; 12.09.2018</a><br />
<a href="https://jundiai.sp.gov.br/planejamento-e-meio-ambiente/wp-content/uploads/sites/15/2019/03/extraord-1-comdema-29-08-18.pdf">Reunião Extraordinária &#8211; 29.08.2018</a><br />
<a href="https://jundiai.sp.gov.br/planejamento-e-meio-ambiente/wp-content/uploads/sites/15/2018/10/ata_assinada_11ro_comdema_assinada.pdf">Reunião Ordinária &#8211; 08.08.2018</a><br />
<a href="https://jundiai.sp.gov.br/planejamento-e-meio-ambiente/wp-content/uploads/sites/15/2018/10/ata_assinada_10ro_comdema_assinada.pdf" target="_blank" rel="noopener noreferrer">Reunião Ordinária &#8211; 11.07.2018</a><br />
<a href="https://jundiai.sp.gov.br/planejamento-e-meio-ambiente/wp-content/uploads/sites/15/2018/08/9ata-ro-comdema-13-06-18.pdf" target="_blank" rel="noopener noreferrer">Reunião Ordinária &#8211; 13.06.2018</a><br />
<a href="https://jundiai.sp.gov.br/planejamento-e-meio-ambiente/wp-content/uploads/sites/15/2018/07/8ata-ro-comdema-9-05-18.pdf" target="_blank" rel="noopener noreferrer">Reunião Ordinária &#8211; 09.05.2018</a><br />
<a href="https://jundiai.sp.gov.br/planejamento-e-meio-ambiente/wp-content/uploads/sites/15/2018/07/7ata-ro-comdema-11-04-18.pdf" target="_blank" rel="noopener noreferrer">Reunião Ordinária &#8211; 11.04.2018</a><br />
<a href="https://jundiai.sp.gov.br/planejamento-e-meio-ambiente/wp-content/uploads/sites/15/2018/07/6ata-ro-comdema-14-03-18.pdf" target="_blank" rel="noopener noreferrer">Reunião Ordinária &#8211; 13.03.2018</a><br />
<a href="https://jundiai.sp.gov.br/planejamento-e-meio-ambiente/wp-content/uploads/sites/15/2018/07/5ata-ro-comdema-14-02-18.pdf" target="_blank" rel="noopener noreferrer">Reunião Ordinária &#8211; 14.02.2018</a><br />
<a href="https://jundiai.sp.gov.br/planejamento-e-meio-ambiente/wp-content/uploads/sites/15/2018/07/4ata-ro-comdema-10-01-18.pdf" target="_blank" rel="noopener noreferrer">Reunião Ordinária &#8211; 10.01.2018</a></p>

<p>Reunião Extraordinária &#8211; 05.12.2018 Reunião Ordinária &#8211; 14.11.2018 Reunião Extraordinária &#8211; 24.10.2018 Reunião Ordinária &#8211; 10.10.2018 Reunião Ordinária &#8211; 12.09.2018 Reunião Extraordinária &#8211; 29.08.2018 Reunião Ordinária &#8211; 08.08.2018 Reunião Ordinária &#8211; 11.07.2018 Reunião Ordinária &#8211; 13.06.2018 Reunião Ordinária &#8211; 09.05.2018 Reunião Ordinária &#8211; 11.04.2018 Reunião Ordinária &#8211; 13.03.2018 Reunião Ordinária &#8211; 14.02.2018 Reunião Ordinária &#8211; [&hellip;]</p>
