{"id":4082,"date":"2020-05-13T14:30:19","date_gmt":"2020-05-13T17:30:19","guid":{"rendered":"https:\/\/jundiai.sp.gov.br\/planejamento-e-meio-ambiente\/?page_id=4082"},"modified":"2021-02-23T15:04:42","modified_gmt":"2021-02-23T18:04:42","slug":"2017-2","status":"publish","type":"page","link":"https:\/\/jundiai.sp.gov.br\/planejamento-e-meio-ambiente\/conselhos\/conselho-municipal-de-defesa-do-meio-ambiente-comdema\/2017-2\/","title":{"rendered":"2017"},"content":{"rendered":"<p><a href=\"https:\/\/jundiai.sp.gov.br\/planejamento-e-meio-ambiente\/wp-content\/uploads\/sites\/15\/2018\/07\/3ata-ro-comdema-13-12-17.pdf\" target=\"_blank\" rel=\"noopener noreferrer\">Reuni\u00e3o Ordin\u00e1ria &#8211; 13.12.2017<\/a><br \/>\n<a href=\"https:\/\/jundiai.sp.gov.br\/planejamento-e-meio-ambiente\/wp-content\/uploads\/sites\/15\/2018\/07\/2ata-ro-comdema-08-11-17.pdf\" target=\"_blank\" rel=\"noopener noreferrer\">Reuni\u00e3o Ordin\u00e1ria &#8211; 08.11.2017<\/a><br \/>\n<a href=\"https:\/\/jundiai.sp.gov.br\/planejamento-e-meio-ambiente\/wp-content\/uploads\/sites\/15\/2018\/07\/1ata-ro-comdema-25-10-17-1.pdf\" target=\"_blank\" rel=\"noopener noreferrer\">Reuni\u00e3o Ordin\u00e1ria &#8211; 25.01.2017-1<\/a><br \/>\n<a href=\"https:\/\/jundiai.sp.gov.br\/planejamento-e-meio-ambiente\/wp-content\/uploads\/sites\/15\/2017\/04\/17\u00aa-Ata_Ordin\u00e1ria-COMDEMA-25.01.2017.pdf\" target=\"_blank\" rel=\"noopener noreferrer\">Reuni\u00e3o Ordin\u00e1ria &#8211; 25.01.2017<\/a><\/p>\n","protected":false},"excerpt":{"rendered":"<p>Reuni\u00e3o Ordin\u00e1ria &#8211; 13.12.2017 Reuni\u00e3o Ordin\u00e1ria &#8211; 08.11.2017 Reuni\u00e3o Ordin\u00e1ria &#8211; 25.01.2017-1 Reuni\u00e3o Ordin\u00e1ria &#8211; 25.01.2017<\/p>\n","protected":false},"author":50,"featured_media":0,"parent":2614,"menu_order":0,"comment_status":"closed","ping_status":"closed","template":"","meta":{"footnotes":""},"class_list":["post-4082","page","type-page","status-publish","hentry"],"_links":{"self":[{"href":"https:\/\/jundiai.sp.gov.br\/planejamento-e-meio-ambiente\/wp-json\/wp\/v2\/pages\/4082","targetHints":{"allow":["GET"]}}],"collection":[{"href":"https:\/\/jundiai.sp.gov.br\/planejamento-e-meio-ambiente\/wp-json\/wp\/v2\/pages"}],"about":[{"href":"https:\/\/jundiai.sp.gov.br\/planejamento-e-meio-ambiente\/wp-json\/wp\/v2\/types\/page"}],"author":[{"embeddable":true,"href":"https:\/\/jundiai.sp.gov.br\/planejamento-e-meio-ambiente\/wp-json\/wp\/v2\/users\/50"}],"replies":[{"embeddable":true,"href":"https:\/\/jundiai.sp.gov.br\/planejamento-e-meio-ambiente\/wp-json\/wp\/v2\/comments?post=4082"}],"version-history":[{"count":1,"href":"https:\/\/jundiai.sp.gov.br\/planejamento-e-meio-ambiente\/wp-json\/wp\/v2\/pages\/4082\/revisions"}],"predecessor-version":[{"id":4083,"href":"https:\/\/jundiai.sp.gov.br\/planejamento-e-meio-ambiente\/wp-json\/wp\/v2\/pages\/4082\/revisions\/4083"}],"up":[{"embeddable":true,"href":"https:\/\/jundiai.sp.gov.br\/planejamento-e-meio-ambiente\/wp-json\/wp\/v2\/pages\/2614"}],"wp:attachment":[{"href":"https:\/\/jundiai.sp.gov.br\/planejamento-e-meio-ambiente\/wp-json\/wp\/v2\/media?parent=4082"}],"curies":[{"name":"wp","href":"https:\/\/api.w.org\/{rel}","templated":true}]}}

<p><a href="https://jundiai.sp.gov.br/planejamento-e-meio-ambiente/wp-content/uploads/sites/15/2018/07/3ata-ro-comdema-13-12-17.pdf" target="_blank" rel="noopener noreferrer">Reunião Ordinária &#8211; 13.12.2017</a><br />
<a href="https://jundiai.sp.gov.br/planejamento-e-meio-ambiente/wp-content/uploads/sites/15/2018/07/2ata-ro-comdema-08-11-17.pdf" target="_blank" rel="noopener noreferrer">Reunião Ordinária &#8211; 08.11.2017</a><br />
<a href="https://jundiai.sp.gov.br/planejamento-e-meio-ambiente/wp-content/uploads/sites/15/2018/07/1ata-ro-comdema-25-10-17-1.pdf" target="_blank" rel="noopener noreferrer">Reunião Ordinária &#8211; 25.01.2017-1</a><br />
<a href="https://jundiai.sp.gov.br/planejamento-e-meio-ambiente/wp-content/uploads/sites/15/2017/04/17ª-Ata_Ordinária-COMDEMA-25.01.2017.pdf" target="_blank" rel="noopener noreferrer">Reunião Ordinária &#8211; 25.01.2017</a></p>

<p>Reunião Ordinária &#8211; 13.12.2017 Reunião Ordinária &#8211; 08.11.2017 Reunião Ordinária &#8211; 25.01.2017-1 Reunião Ordinária &#8211; 25.01.2017</p>
