{"id":4143,"date":"2020-05-21T08:23:13","date_gmt":"2020-05-21T11:23:13","guid":{"rendered":"https:\/\/jundiai.sp.gov.br\/planejamento-e-meio-ambiente\/?page_id=4143"},"modified":"2021-02-23T15:06:26","modified_gmt":"2021-02-23T18:06:26","slug":"2018-3","status":"publish","type":"page","link":"https:\/\/jundiai.sp.gov.br\/planejamento-e-meio-ambiente\/conselhos\/conselho-de-gestao-da-serra-do-japi\/2018-3\/","title":{"rendered":"2018"},"content":{"rendered":"<p><a href=\"https:\/\/jundiai.sp.gov.br\/planejamento-e-meio-ambiente\/wp-content\/uploads\/sites\/15\/2019\/03\/ata-da-16a-reuniao-ordinaria-05-12-2018-final.pdf\">Reuni\u00e3o Ordin\u00e1ria &#8211; 05.12.2018 <\/a><br \/>\n<a href=\"https:\/\/jundiai.sp.gov.br\/planejamento-e-meio-ambiente\/wp-content\/uploads\/sites\/15\/2019\/03\/ata-da-15a-reuniao-ordinaria-07-11-2018.pdf\">Reuni\u00e3o Ordin\u00e1ria &#8211; 07.11.2018<\/a><br \/>\n<a href=\"https:\/\/jundiai.sp.gov.br\/planejamento-e-meio-ambiente\/wp-content\/uploads\/sites\/15\/2019\/03\/ata-da-14a-reuniao-ordinaria-03-10-2018-revisada-vania.pdf\">Reuni\u00e3o Ordin\u00e1ria &#8211; 03.10.2018<\/a><br \/>\n<a href=\"https:\/\/jundiai.sp.gov.br\/planejamento-e-meio-ambiente\/wp-content\/uploads\/sites\/15\/2019\/03\/ata-da-13a-reuniao-ordinaria-05-09-2018-rev.pdf\">Reuni\u00e3o Ordin\u00e1ria &#8211; 05.09.2018-<\/a><br \/>\n<a href=\"https:\/\/jundiai.sp.gov.br\/planejamento-e-meio-ambiente\/wp-content\/uploads\/sites\/15\/2019\/03\/ata-da-12a-reuniao-ordinaria-01-08-2018_rev.pdf\">Reuni\u00e3o Ordin\u00e1ria &#8211; 01.08.2018<\/a><br \/>\n<a href=\"https:\/\/jundiai.sp.gov.br\/planejamento-e-meio-ambiente\/wp-content\/uploads\/sites\/15\/2019\/03\/ata-da-11a-reuniao-ordinaria-04-07-2018.pdf\">Reuni\u00e3o Ordin\u00e1ria &#8211; 04.07.2018<\/a><br \/>\n<a href=\"https:\/\/jundiai.sp.gov.br\/planejamento-e-meio-ambiente\/wp-content\/uploads\/sites\/15\/2018\/07\/ata-da-10a-reuniao-ordinaria-06-06-2018.pdf\" target=\"_blank\" rel=\"noopener noreferrer\">Reuni\u00e3o Ordin\u00e1ria \u2013 06.06.2018<\/a><br \/>\n<a href=\"https:\/\/jundiai.sp.gov.br\/planejamento-e-meio-ambiente\/wp-content\/uploads\/sites\/15\/2018\/07\/ata-da-9a-reuniao-ordinaria-02-05-2018.pdf\" target=\"_blank\" rel=\"noopener noreferrer\">Reuni\u00e3o Ordin\u00e1ria \u2013 02.05.2018<\/a><br \/>\n<a href=\"https:\/\/jundiai.sp.gov.br\/planejamento-e-meio-ambiente\/wp-content\/uploads\/sites\/15\/2018\/07\/ata-da-8a-reuniao-ordinaria-04-04-2018.pdf\" target=\"_blank\" rel=\"noopener noreferrer\">Reuni\u00e3o Ordin\u00e1ria \u2013 04.04.2018<\/a><br \/>\n<a href=\"https:\/\/jundiai.sp.gov.br\/planejamento-e-meio-ambiente\/wp-content\/uploads\/sites\/15\/2018\/07\/ata-da-7a-reuniao-ordinaria-07-03-2018.pdf\" target=\"_blank\" rel=\"noopener noreferrer\">Reuni\u00e3o Ordin\u00e1ria \u2013 07.03.2018<\/a><br \/>\n<a href=\"https:\/\/jundiai.sp.gov.br\/planejamento-e-meio-ambiente\/wp-content\/uploads\/sites\/15\/2018\/07\/ata-da-6a-reuniao-ordinaria-07-02-2018.pdf\" target=\"_blank\" rel=\"noopener noreferrer\">Reuni\u00e3o Ordin\u00e1ria \u2013 07.02.2018<\/a><br \/>\n<a href=\"https:\/\/jundiai.sp.gov.br\/planejamento-e-meio-ambiente\/wp-content\/uploads\/sites\/15\/2018\/07\/ata-da-5a-reuniao-ordinaria17-01-2018.pdf\" target=\"_blank\" rel=\"noopener noreferrer\">Reuni\u00e3o Ordin\u00e1ria \u2013 17.01.2018<\/a><\/p>\n","protected":false},"excerpt":{"rendered":"<p>Reuni\u00e3o Ordin\u00e1ria &#8211; 05.12.2018 Reuni\u00e3o Ordin\u00e1ria &#8211; 07.11.2018 Reuni\u00e3o Ordin\u00e1ria &#8211; 03.10.2018 Reuni\u00e3o Ordin\u00e1ria &#8211; 05.09.2018- Reuni\u00e3o Ordin\u00e1ria &#8211; 01.08.2018 Reuni\u00e3o Ordin\u00e1ria &#8211; 04.07.2018 Reuni\u00e3o Ordin\u00e1ria \u2013 06.06.2018 Reuni\u00e3o Ordin\u00e1ria \u2013 02.05.2018 Reuni\u00e3o Ordin\u00e1ria \u2013 04.04.2018 Reuni\u00e3o Ordin\u00e1ria \u2013 07.03.2018 Reuni\u00e3o Ordin\u00e1ria \u2013 07.02.2018 Reuni\u00e3o Ordin\u00e1ria \u2013 17.01.2018<\/p>\n","protected":false},"author":50,"featured_media":0,"parent":2608,"menu_order":0,"comment_status":"closed","ping_status":"closed","template":"","meta":{"footnotes":""},"class_list":["post-4143","page","type-page","status-publish","hentry"],"_links":{"self":[{"href":"https:\/\/jundiai.sp.gov.br\/planejamento-e-meio-ambiente\/wp-json\/wp\/v2\/pages\/4143","targetHints":{"allow":["GET"]}}],"collection":[{"href":"https:\/\/jundiai.sp.gov.br\/planejamento-e-meio-ambiente\/wp-json\/wp\/v2\/pages"}],"about":[{"href":"https:\/\/jundiai.sp.gov.br\/planejamento-e-meio-ambiente\/wp-json\/wp\/v2\/types\/page"}],"author":[{"embeddable":true,"href":"https:\/\/jundiai.sp.gov.br\/planejamento-e-meio-ambiente\/wp-json\/wp\/v2\/users\/50"}],"replies":[{"embeddable":true,"href":"https:\/\/jundiai.sp.gov.br\/planejamento-e-meio-ambiente\/wp-json\/wp\/v2\/comments?post=4143"}],"version-history":[{"count":2,"href":"https:\/\/jundiai.sp.gov.br\/planejamento-e-meio-ambiente\/wp-json\/wp\/v2\/pages\/4143\/revisions"}],"predecessor-version":[{"id":4146,"href":"https:\/\/jundiai.sp.gov.br\/planejamento-e-meio-ambiente\/wp-json\/wp\/v2\/pages\/4143\/revisions\/4146"}],"up":[{"embeddable":true,"href":"https:\/\/jundiai.sp.gov.br\/planejamento-e-meio-ambiente\/wp-json\/wp\/v2\/pages\/2608"}],"wp:attachment":[{"href":"https:\/\/jundiai.sp.gov.br\/planejamento-e-meio-ambiente\/wp-json\/wp\/v2\/media?parent=4143"}],"curies":[{"name":"wp","href":"https:\/\/api.w.org\/{rel}","templated":true}]}}

<p><a href="https://jundiai.sp.gov.br/planejamento-e-meio-ambiente/wp-content/uploads/sites/15/2019/03/ata-da-16a-reuniao-ordinaria-05-12-2018-final.pdf">Reunião Ordinária &#8211; 05.12.2018 </a><br />
<a href="https://jundiai.sp.gov.br/planejamento-e-meio-ambiente/wp-content/uploads/sites/15/2019/03/ata-da-15a-reuniao-ordinaria-07-11-2018.pdf">Reunião Ordinária &#8211; 07.11.2018</a><br />
<a href="https://jundiai.sp.gov.br/planejamento-e-meio-ambiente/wp-content/uploads/sites/15/2019/03/ata-da-14a-reuniao-ordinaria-03-10-2018-revisada-vania.pdf">Reunião Ordinária &#8211; 03.10.2018</a><br />
<a href="https://jundiai.sp.gov.br/planejamento-e-meio-ambiente/wp-content/uploads/sites/15/2019/03/ata-da-13a-reuniao-ordinaria-05-09-2018-rev.pdf">Reunião Ordinária &#8211; 05.09.2018-</a><br />
<a href="https://jundiai.sp.gov.br/planejamento-e-meio-ambiente/wp-content/uploads/sites/15/2019/03/ata-da-12a-reuniao-ordinaria-01-08-2018_rev.pdf">Reunião Ordinária &#8211; 01.08.2018</a><br />
<a href="https://jundiai.sp.gov.br/planejamento-e-meio-ambiente/wp-content/uploads/sites/15/2019/03/ata-da-11a-reuniao-ordinaria-04-07-2018.pdf">Reunião Ordinária &#8211; 04.07.2018</a><br />
<a href="https://jundiai.sp.gov.br/planejamento-e-meio-ambiente/wp-content/uploads/sites/15/2018/07/ata-da-10a-reuniao-ordinaria-06-06-2018.pdf" target="_blank" rel="noopener noreferrer">Reunião Ordinária – 06.06.2018</a><br />
<a href="https://jundiai.sp.gov.br/planejamento-e-meio-ambiente/wp-content/uploads/sites/15/2018/07/ata-da-9a-reuniao-ordinaria-02-05-2018.pdf" target="_blank" rel="noopener noreferrer">Reunião Ordinária – 02.05.2018</a><br />
<a href="https://jundiai.sp.gov.br/planejamento-e-meio-ambiente/wp-content/uploads/sites/15/2018/07/ata-da-8a-reuniao-ordinaria-04-04-2018.pdf" target="_blank" rel="noopener noreferrer">Reunião Ordinária – 04.04.2018</a><br />
<a href="https://jundiai.sp.gov.br/planejamento-e-meio-ambiente/wp-content/uploads/sites/15/2018/07/ata-da-7a-reuniao-ordinaria-07-03-2018.pdf" target="_blank" rel="noopener noreferrer">Reunião Ordinária – 07.03.2018</a><br />
<a href="https://jundiai.sp.gov.br/planejamento-e-meio-ambiente/wp-content/uploads/sites/15/2018/07/ata-da-6a-reuniao-ordinaria-07-02-2018.pdf" target="_blank" rel="noopener noreferrer">Reunião Ordinária – 07.02.2018</a><br />
<a href="https://jundiai.sp.gov.br/planejamento-e-meio-ambiente/wp-content/uploads/sites/15/2018/07/ata-da-5a-reuniao-ordinaria17-01-2018.pdf" target="_blank" rel="noopener noreferrer">Reunião Ordinária – 17.01.2018</a></p>

<p>Reunião Ordinária &#8211; 05.12.2018 Reunião Ordinária &#8211; 07.11.2018 Reunião Ordinária &#8211; 03.10.2018 Reunião Ordinária &#8211; 05.09.2018- Reunião Ordinária &#8211; 01.08.2018 Reunião Ordinária &#8211; 04.07.2018 Reunião Ordinária – 06.06.2018 Reunião Ordinária – 02.05.2018 Reunião Ordinária – 04.04.2018 Reunião Ordinária – 07.03.2018 Reunião Ordinária – 07.02.2018 Reunião Ordinária – 17.01.2018</p>
