{"id":4890,"date":"2021-05-06T15:28:16","date_gmt":"2021-05-06T18:28:16","guid":{"rendered":"https:\/\/jundiai.sp.gov.br\/planejamento-e-meio-ambiente\/?page_id=4890"},"modified":"2024-10-02T09:41:53","modified_gmt":"2024-10-02T12:41:53","slug":"geoinformacao","status":"publish","type":"page","link":"https:\/\/jundiai.sp.gov.br\/planejamento-e-meio-ambiente\/geoinformacao\/","title":{"rendered":"GEOinforma\u00e7\u00e3o"},"content":{"rendered":"\n<p>A Unidade de Gest\u00e3o de Planejamento Urbano e Meio Ambiente em conjunto com a Unidade de Governo e Finan\u00e7as e a CIJUN vem desenvolvendo ferramentas para inovar os procedimentos e processos que suportam o planejamento e a governan\u00e7a municipal.<\/p>\n\n\n\n<p>O primeiro produto dispon\u00edvel para a municipalidade foi&nbsp;<strong>Portal&nbsp;do Plano Diretor<\/strong>&nbsp;\u2013 Lei n\u00ba 8.683\/2016. Neste Portal est\u00e3o dispon\u00edveis as informa\u00e7\u00f5es dos mapas de forma georreferenciada. A exibi\u00e7\u00e3o das camadas \u00e9 din\u00e2mica e permite sobreposi\u00e7\u00e3o das informa\u00e7\u00f5es, al\u00e9m de emitir um relat\u00f3rio com a leitura de cada mapa para o ponto selecionado.<\/p>\n\n\n\n<p><a href=\"http:\/\/geo.jundiai.sp.gov.br\/\" target=\"_blank\" rel=\"noreferrer noopener\">Clique aqui para acessar os mapas do GeoJundia\u00ed<\/a><\/p>\n\n\n\n<p><a rel=\"noreferrer noopener\" href=\"https:\/\/geo.jundiai.sp.gov.br\/geoserver\/web\/\" target=\"_blank\">Clique aqui para fazer o download das camadas<\/a><\/p>\n","protected":false},"excerpt":{"rendered":"<p>A Unidade de Gest\u00e3o de Planejamento Urbano e Meio Ambiente em conjunto com a Unidade de Governo e Finan\u00e7as e a CIJUN vem desenvolvendo ferramentas para inovar os procedimentos e processos que suportam o planejamento e a governan\u00e7a municipal. O primeiro produto dispon\u00edvel para a municipalidade foi&nbsp;Portal&nbsp;do Plano Diretor&nbsp;\u2013 Lei n\u00ba 8.683\/2016. Neste Portal est\u00e3o [&hellip;]<\/p>\n","protected":false},"author":8,"featured_media":0,"parent":0,"menu_order":0,"comment_status":"closed","ping_status":"closed","template":"","meta":{"footnotes":""},"class_list":["post-4890","page","type-page","status-publish","hentry"],"_links":{"self":[{"href":"https:\/\/jundiai.sp.gov.br\/planejamento-e-meio-ambiente\/wp-json\/wp\/v2\/pages\/4890","targetHints":{"allow":["GET"]}}],"collection":[{"href":"https:\/\/jundiai.sp.gov.br\/planejamento-e-meio-ambiente\/wp-json\/wp\/v2\/pages"}],"about":[{"href":"https:\/\/jundiai.sp.gov.br\/planejamento-e-meio-ambiente\/wp-json\/wp\/v2\/types\/page"}],"author":[{"embeddable":true,"href":"https:\/\/jundiai.sp.gov.br\/planejamento-e-meio-ambiente\/wp-json\/wp\/v2\/users\/8"}],"replies":[{"embeddable":true,"href":"https:\/\/jundiai.sp.gov.br\/planejamento-e-meio-ambiente\/wp-json\/wp\/v2\/comments?post=4890"}],"version-history":[{"count":8,"href":"https:\/\/jundiai.sp.gov.br\/planejamento-e-meio-ambiente\/wp-json\/wp\/v2\/pages\/4890\/revisions"}],"predecessor-version":[{"id":7326,"href":"https:\/\/jundiai.sp.gov.br\/planejamento-e-meio-ambiente\/wp-json\/wp\/v2\/pages\/4890\/revisions\/7326"}],"wp:attachment":[{"href":"https:\/\/jundiai.sp.gov.br\/planejamento-e-meio-ambiente\/wp-json\/wp\/v2\/media?parent=4890"}],"curies":[{"name":"wp","href":"https:\/\/api.w.org\/{rel}","templated":true}]}}