{"id":5107,"date":"2024-07-10T17:11:22","date_gmt":"2024-07-10T20:11:22","guid":{"rendered":"https:\/\/jundiai.sp.gov.br\/planejamento-e-meio-ambiente\/?page_id=5107"},"modified":"2024-07-10T17:11:22","modified_gmt":"2024-07-10T20:11:22","slug":"programa-pe-de-arvore","status":"publish","type":"page","link":"https:\/\/jundiai.sp.gov.br\/planejamento-e-meio-ambiente\/programas\/programa-pe-de-arvore\/","title":{"rendered":"Programa P\u00e9 de \u00c1rvore"},"content":{"rendered":"\n<figure class=\"wp-block-image size-full\"><a href=\"https:\/\/jundiai.sp.gov.br\/planejamento-e-meio-ambiente\/wp-content\/uploads\/sites\/15\/2022\/01\/banner_site_pe_de_arvore_v2.png\"><img loading=\"lazy\" decoding=\"async\" width=\"1280\" height=\"274\" src=\"https:\/\/jundiai.sp.gov.br\/planejamento-e-meio-ambiente\/wp-content\/uploads\/sites\/15\/2022\/01\/banner_site_pe_de_arvore_v2.png\" alt=\"\" class=\"wp-image-5532\" srcset=\"https:\/\/jundiai.sp.gov.br\/planejamento-e-meio-ambiente\/wp-content\/uploads\/sites\/15\/2022\/01\/banner_site_pe_de_arvore_v2.png 1280w, https:\/\/jundiai.sp.gov.br\/planejamento-e-meio-ambiente\/wp-content\/uploads\/sites\/15\/2022\/01\/banner_site_pe_de_arvore_v2-300x64.png 300w, https:\/\/jundiai.sp.gov.br\/planejamento-e-meio-ambiente\/wp-content\/uploads\/sites\/15\/2022\/01\/banner_site_pe_de_arvore_v2-768x164.png 768w\" sizes=\"auto, (max-width: 1280px) 100vw, 1280px\" \/><\/a><\/figure>\n\n\n\n<p> <\/p>\n\n\n\n<p><strong><a href=\"https:\/\/jundiai.sp.gov.br\/planejamento-e-meio-ambiente\/conheca-o-programa-pe-de-arvore\/\">Conhe\u00e7a o Programa<\/a><\/strong><\/p>\n\n\n\n<p><strong><a href=\"https:\/\/jundiai.sp.gov.br\/planejamento-e-meio-ambiente\/decreto-pe-de-arvore\/\" target=\"_blank\" rel=\"noreferrer noopener\">Decreto<\/a><\/strong><\/p>\n\n\n\n<p><strong><a href=\"https:\/\/jundiai.sp.gov.br\/planejamento-e-meio-ambiente\/projetos-pe-de-arvore-2\/\">Projetos<\/a><\/strong><\/p>\n\n\n\n<p><strong><a href=\"https:\/\/jundiai.sp.gov.br\/noticias\/tag\/pe-de-arvore\/\">Todas as not\u00edcias sobre o Programa P\u00e9 de \u00c1rvore<\/a><\/strong><\/p>\n","protected":false},"excerpt":{"rendered":"<p>Conhe\u00e7a o Programa Decreto Projetos Todas as not\u00edcias sobre o Programa P\u00e9 de \u00c1rvore<\/p>\n","protected":false},"author":69,"featured_media":0,"parent":4854,"menu_order":0,"comment_status":"closed","ping_status":"closed","template":"lei-eleitoral-2024\/lei-eleitoral-2024.php","meta":{"footnotes":""},"class_list":["post-5107","page","type-page","status-publish","hentry"],"_links":{"self":[{"href":"https:\/\/jundiai.sp.gov.br\/planejamento-e-meio-ambiente\/wp-json\/wp\/v2\/pages\/5107","targetHints":{"allow":["GET"]}}],"collection":[{"href":"https:\/\/jundiai.sp.gov.br\/planejamento-e-meio-ambiente\/wp-json\/wp\/v2\/pages"}],"about":[{"href":"https:\/\/jundiai.sp.gov.br\/planejamento-e-meio-ambiente\/wp-json\/wp\/v2\/types\/page"}],"author":[{"embeddable":true,"href":"https:\/\/jundiai.sp.gov.br\/planejamento-e-meio-ambiente\/wp-json\/wp\/v2\/users\/69"}],"replies":[{"embeddable":true,"href":"https:\/\/jundiai.sp.gov.br\/planejamento-e-meio-ambiente\/wp-json\/wp\/v2\/comments?post=5107"}],"version-history":[{"count":12,"href":"https:\/\/jundiai.sp.gov.br\/planejamento-e-meio-ambiente\/wp-json\/wp\/v2\/pages\/5107\/revisions"}],"predecessor-version":[{"id":5533,"href":"https:\/\/jundiai.sp.gov.br\/planejamento-e-meio-ambiente\/wp-json\/wp\/v2\/pages\/5107\/revisions\/5533"}],"up":[{"embeddable":true,"href":"https:\/\/jundiai.sp.gov.br\/planejamento-e-meio-ambiente\/wp-json\/wp\/v2\/pages\/4854"}],"wp:attachment":[{"href":"https:\/\/jundiai.sp.gov.br\/planejamento-e-meio-ambiente\/wp-json\/wp\/v2\/media?parent=5107"}],"curies":[{"name":"wp","href":"https:\/\/api.w.org\/{rel}","templated":true}]}}

Programa Pé de Árvore

<figure class="wp-block-image size-full"><a href="https://jundiai.sp.gov.br/planejamento-e-meio-ambiente/wp-content/uploads/sites/15/2022/01/banner_site_pe_de_arvore_v2.png"><img loading="lazy" decoding="async" width="1280" height="274" src="https://jundiai.sp.gov.br/planejamento-e-meio-ambiente/wp-content/uploads/sites/15/2022/01/banner_site_pe_de_arvore_v2.png" alt="" class="wp-image-5532" srcset="https://jundiai.sp.gov.br/planejamento-e-meio-ambiente/wp-content/uploads/sites/15/2022/01/banner_site_pe_de_arvore_v2.png 1280w, https://jundiai.sp.gov.br/planejamento-e-meio-ambiente/wp-content/uploads/sites/15/2022/01/banner_site_pe_de_arvore_v2-300x64.png 300w, https://jundiai.sp.gov.br/planejamento-e-meio-ambiente/wp-content/uploads/sites/15/2022/01/banner_site_pe_de_arvore_v2-768x164.png 768w" sizes="auto, (max-width: 1280px) 100vw, 1280px" /></a></figure>



<p> </p>



<p><strong><a href="https://jundiai.sp.gov.br/planejamento-e-meio-ambiente/conheca-o-programa-pe-de-arvore/">Conheça o Programa</a></strong></p>



<p><strong><a href="https://jundiai.sp.gov.br/planejamento-e-meio-ambiente/decreto-pe-de-arvore/" target="_blank" rel="noreferrer noopener">Decreto</a></strong></p>



<p><strong><a href="https://jundiai.sp.gov.br/planejamento-e-meio-ambiente/projetos-pe-de-arvore-2/">Projetos</a></strong></p>



<p><strong><a href="https://jundiai.sp.gov.br/noticias/tag/pe-de-arvore/">Todas as notícias sobre o Programa Pé de Árvore</a></strong></p>

<p>Conheça o Programa Decreto Projetos Todas as notícias sobre o Programa Pé de Árvore</p>
