{"id":5173,"date":"2021-09-01T12:01:18","date_gmt":"2021-09-01T15:01:18","guid":{"rendered":"https:\/\/jundiai.sp.gov.br\/planejamento-e-meio-ambiente\/?page_id=5173"},"modified":"2021-09-01T12:01:18","modified_gmt":"2021-09-01T15:01:18","slug":"eleicoes-para-conselheiros-gestao-2021-2023-2","status":"publish","type":"page","link":"https:\/\/jundiai.sp.gov.br\/planejamento-e-meio-ambiente\/eleicoes-para-conselheiros-gestao-2021-2023-2\/","title":{"rendered":"Elei\u00e7\u00f5es para conselheiros Gest\u00e3o 2021 &#8211; 2023"},"content":{"rendered":"\n<p> <a href=\"https:\/\/jundiai.sp.gov.br\/planejamento-e-meio-ambiente\/wp-content\/uploads\/sites\/15\/2021\/09\/edital-eleicao-comdema-2021-_-2023.pdf\">Edital das Elei\u00e7\u00f5es <\/a><\/p>\n\n\n\n<p> <a href=\"https:\/\/forms.gle\/nfxS6Kp6jJRqV2Gu7\">Formul\u00e1rio eletr\u00f4nico de Inscri\u00e7\u00f5es<\/a><\/p>\n","protected":false},"excerpt":{"rendered":"<p>Edital das Elei\u00e7\u00f5es Formul\u00e1rio eletr\u00f4nico de Inscri\u00e7\u00f5es<\/p>\n","protected":false},"author":69,"featured_media":0,"parent":0,"menu_order":0,"comment_status":"closed","ping_status":"closed","template":"","meta":{"footnotes":""},"class_list":["post-5173","page","type-page","status-publish","hentry"],"_links":{"self":[{"href":"https:\/\/jundiai.sp.gov.br\/planejamento-e-meio-ambiente\/wp-json\/wp\/v2\/pages\/5173","targetHints":{"allow":["GET"]}}],"collection":[{"href":"https:\/\/jundiai.sp.gov.br\/planejamento-e-meio-ambiente\/wp-json\/wp\/v2\/pages"}],"about":[{"href":"https:\/\/jundiai.sp.gov.br\/planejamento-e-meio-ambiente\/wp-json\/wp\/v2\/types\/page"}],"author":[{"embeddable":true,"href":"https:\/\/jundiai.sp.gov.br\/planejamento-e-meio-ambiente\/wp-json\/wp\/v2\/users\/69"}],"replies":[{"embeddable":true,"href":"https:\/\/jundiai.sp.gov.br\/planejamento-e-meio-ambiente\/wp-json\/wp\/v2\/comments?post=5173"}],"version-history":[{"count":1,"href":"https:\/\/jundiai.sp.gov.br\/planejamento-e-meio-ambiente\/wp-json\/wp\/v2\/pages\/5173\/revisions"}],"predecessor-version":[{"id":5175,"href":"https:\/\/jundiai.sp.gov.br\/planejamento-e-meio-ambiente\/wp-json\/wp\/v2\/pages\/5173\/revisions\/5175"}],"wp:attachment":[{"href":"https:\/\/jundiai.sp.gov.br\/planejamento-e-meio-ambiente\/wp-json\/wp\/v2\/media?parent=5173"}],"curies":[{"name":"wp","href":"https:\/\/api.w.org\/{rel}","templated":true}]}}

Eleições para conselheiros Gestão 2021 &#8211; 2023

<p> <a href="https://jundiai.sp.gov.br/planejamento-e-meio-ambiente/wp-content/uploads/sites/15/2021/09/edital-eleicao-comdema-2021-_-2023.pdf">Edital das Eleições </a></p>



<p> <a href="https://forms.gle/nfxS6Kp6jJRqV2Gu7">Formulário eletrônico de Inscrições</a></p>

<p>Edital das Eleições Formulário eletrônico de Inscrições</p>
