{"id":5297,"date":"2021-11-17T11:48:06","date_gmt":"2021-11-17T14:48:06","guid":{"rendered":"https:\/\/jundiai.sp.gov.br\/planejamento-e-meio-ambiente\/?page_id=5297"},"modified":"2024-02-05T10:37:41","modified_gmt":"2024-02-05T13:37:41","slug":"instrucoes-ugpuma","status":"publish","type":"page","link":"https:\/\/jundiai.sp.gov.br\/planejamento-e-meio-ambiente\/legislacao\/instrucoes-ugpuma\/","title":{"rendered":"Instru\u00e7\u00f5es UGPUMA"},"content":{"rendered":"\n<p><a href=\"https:\/\/jundiai.sp.gov.br\/planejamento-e-meio-ambiente\/wp-content\/uploads\/sites\/15\/2021\/11\/instrucao-ugpuma01-2019.pdf\">Instru\u00e7\u00e3o UGPUMA\/GG n.\u00ba 01\/2019&nbsp; &nbsp;<\/a><br>Define os crit\u00e9rios para an\u00e1lise, arquivamento e desarquivamento de processos&nbsp;&nbsp;<br><br><a href=\"https:\/\/jundiai.sp.gov.br\/planejamento-e-meio-ambiente\/wp-content\/uploads\/sites\/15\/2021\/11\/instrucao-ugpuma02-2019.pdf\">Instru\u00e7\u00e3o UGPUMA\/GG n.\u00ba 02, de 29 de agosto 2019<\/a><br>Orienta a aprova\u00e7\u00e3o de projetos em terrenos de grandes dimens\u00f5es&nbsp;&nbsp;<\/p>\n\n\n\n<p><a href=\"https:\/\/jundiai.sp.gov.br\/planejamento-e-meio-ambiente\/wp-content\/uploads\/sites\/15\/2021\/11\/instrucao-ugpuma03-2019.pdf\">Instru\u00e7\u00e3o UGPUMA\/GG n.\u00ba 03, de 03 de dezembro 2019<\/a><br>Orienta a considera\u00e7\u00e3o das diretrizes vi\u00e1rias na aprova\u00e7\u00e3o de projetos&nbsp;&nbsp;<\/p>\n\n\n\n<p><a href=\"https:\/\/jundiai.sp.gov.br\/planejamento-e-meio-ambiente\/wp-content\/uploads\/sites\/15\/2021\/11\/instrucao-ugpuma04-2019.pdf\">Instru\u00e7\u00e3o UGPUMA\/GG n.\u00ba 04, de 26 de dezembro 2019<\/a><br>Orienta o uso de vias de pedestres de loteamentos regularizados e\/ou a regularizar&nbsp;&nbsp;<\/p>\n\n\n\n<p><a href=\"https:\/\/jundiai.sp.gov.br\/planejamento-e-meio-ambiente\/wp-content\/uploads\/sites\/15\/2021\/11\/instrucao-ugpuma05-2020.pdf\">Instru\u00e7\u00e3o UGPUMA\/GG n.\u00ba 05, de 10 de mar\u00e7o 2020&nbsp;<\/a><br>Esclarece os par\u00e2metros para a utiliza\u00e7\u00e3o dos terrenos de pequenas dimens\u00f5es situados nas Zonas de Conserva\u00e7\u00e3o Ambiental do Territ\u00f3rio de Gest\u00e3o da Serra do Japi&nbsp;&nbsp;<\/p>\n\n\n\n<p><a href=\"https:\/\/jundiai.sp.gov.br\/planejamento-e-meio-ambiente\/wp-content\/uploads\/sites\/15\/2021\/11\/instrucao-ugpuma06-2020.pdf\">Instru\u00e7\u00e3o UGPUMA n.o 06, de 24 de abril de 2020&nbsp;<\/a><br>Orienta a aplica\u00e7\u00e3o do par\u00e1grafo 2.o do artigo 228 da Lei n.o 9.321\/2019&nbsp;&nbsp;<\/p>\n\n\n\n<p><a href=\"https:\/\/jundiai.sp.gov.br\/planejamento-e-meio-ambiente\/wp-content\/uploads\/sites\/15\/2021\/11\/instrucao-ugpuma07-2021.pdf\">Instru\u00e7\u00e3o UGPUMA n.o 07, de 15 de junho de 2021&nbsp;<\/a><br>Define os procedimentos para elabora\u00e7\u00e3o dos documentos que devem sintetizar as diretrizes para utiliza\u00e7\u00e3o&nbsp;dos terrenos<\/p>\n\n\n\n<p><a href=\"https:\/\/jundiai.sp.gov.br\/planejamento-e-meio-ambiente\/wp-content\/uploads\/sites\/15\/2024\/02\/instrucao-ugpuma08-23riojundiai.pdf\">Instru\u00e7\u00e3o UGPUMA no\u00a008, de 08 de Dezembro de 2023<\/a><br>Define os crit\u00e9rios para a expedi\u00e7\u00e3o de diretrizes para o uso dos terrenos\u00a0situados ao longo do Rio Jundia\u00ed<\/p>\n\n\n\n<p><\/p>\n","protected":false},"excerpt":{"rendered":"<p>Instru\u00e7\u00e3o UGPUMA\/GG n.\u00ba 01\/2019&nbsp; &nbsp;Define os crit\u00e9rios para an\u00e1lise, arquivamento e desarquivamento de processos&nbsp;&nbsp; Instru\u00e7\u00e3o UGPUMA\/GG n.\u00ba 02, de 29 de agosto 2019Orienta a aprova\u00e7\u00e3o de projetos em terrenos de grandes dimens\u00f5es&nbsp;&nbsp; Instru\u00e7\u00e3o UGPUMA\/GG n.\u00ba 03, de 03 de dezembro 2019Orienta a considera\u00e7\u00e3o das diretrizes vi\u00e1rias na aprova\u00e7\u00e3o de projetos&nbsp;&nbsp; Instru\u00e7\u00e3o UGPUMA\/GG n.\u00ba 04, de [&hellip;]<\/p>\n","protected":false},"author":69,"featured_media":0,"parent":82,"menu_order":5,"comment_status":"closed","ping_status":"closed","template":"","meta":{"footnotes":""},"class_list":["post-5297","page","type-page","status-publish","hentry"],"_links":{"self":[{"href":"https:\/\/jundiai.sp.gov.br\/planejamento-e-meio-ambiente\/wp-json\/wp\/v2\/pages\/5297","targetHints":{"allow":["GET"]}}],"collection":[{"href":"https:\/\/jundiai.sp.gov.br\/planejamento-e-meio-ambiente\/wp-json\/wp\/v2\/pages"}],"about":[{"href":"https:\/\/jundiai.sp.gov.br\/planejamento-e-meio-ambiente\/wp-json\/wp\/v2\/types\/page"}],"author":[{"embeddable":true,"href":"https:\/\/jundiai.sp.gov.br\/planejamento-e-meio-ambiente\/wp-json\/wp\/v2\/users\/69"}],"replies":[{"embeddable":true,"href":"https:\/\/jundiai.sp.gov.br\/planejamento-e-meio-ambiente\/wp-json\/wp\/v2\/comments?post=5297"}],"version-history":[{"count":3,"href":"https:\/\/jundiai.sp.gov.br\/planejamento-e-meio-ambiente\/wp-json\/wp\/v2\/pages\/5297\/revisions"}],"predecessor-version":[{"id":7026,"href":"https:\/\/jundiai.sp.gov.br\/planejamento-e-meio-ambiente\/wp-json\/wp\/v2\/pages\/5297\/revisions\/7026"}],"up":[{"embeddable":true,"href":"https:\/\/jundiai.sp.gov.br\/planejamento-e-meio-ambiente\/wp-json\/wp\/v2\/pages\/82"}],"wp:attachment":[{"href":"https:\/\/jundiai.sp.gov.br\/planejamento-e-meio-ambiente\/wp-json\/wp\/v2\/media?parent=5297"}],"curies":[{"name":"wp","href":"https:\/\/api.w.org\/{rel}","templated":true}]}}