{"id":5452,"date":"2022-01-19T16:21:37","date_gmt":"2022-01-19T19:21:37","guid":{"rendered":"https:\/\/jundiai.sp.gov.br\/planejamento-e-meio-ambiente\/?page_id=5452"},"modified":"2024-12-11T11:52:13","modified_gmt":"2024-12-11T14:52:13","slug":"conheca-o-programa-pe-de-arvore","status":"publish","type":"page","link":"https:\/\/jundiai.sp.gov.br\/planejamento-e-meio-ambiente\/conheca-o-programa-pe-de-arvore\/","title":{"rendered":"Conhe\u00e7a o Programa P\u00e9 de \u00c1rvore"},"content":{"rendered":"\n<p><strong>P\u00e9 de \u00c1rvore <\/strong>\u00e9 um programa de arboriza\u00e7\u00e3o urbana, que tem por finalidade incentivar o plantio e a manuten\u00e7\u00e3o de \u00e1rvores em \u00e1reas p\u00fablicas da cidade.  As \u00e1rvores desempenham um papel importante na melhoria das condi\u00e7\u00f5es urban\u00edsticas, promovendo:<\/p>\n\n\n\n<ul class=\"wp-block-list\"><li>melhoria est\u00e9tica, ambiental e clim\u00e1tica (ar, \u00e1gua, fauna, flora e frutos);&nbsp;<\/li><li>diminui\u00e7\u00e3o dos impactos ambientais como polui\u00e7\u00e3o;&nbsp;<\/li><li>bem-estar psicol\u00f3gico da popula\u00e7\u00e3o com a presen\u00e7a da natureza;&nbsp;<\/li><li>sombreamento de cal\u00e7adas, favorecendo os deslocamentos a p\u00e9;<\/li><li>transforma\u00e7\u00e3o de espa\u00e7os p\u00fablicos, incentivando a passagem e a perman\u00eancia de crian\u00e7as, adultos e idosos.<\/li><\/ul>\n\n\n\n<p><strong>Os Objetivos do Programa P\u00e9 de \u00c1rvore<\/strong><\/p>\n\n\n\n<h4 class=\"wp-block-heading\"><\/h4>\n\n\n\n<ul class=\"wp-block-list\"><li>Melhorar a qualidade ambiental e paisag\u00edstica dos espa\u00e7os urbanos;<\/li><li>Contribuir para a redu\u00e7\u00e3o da polui\u00e7\u00e3o do ar, sonora e visual;<\/li><li>Favorecer a sa\u00fade f\u00edsica e mental da popula\u00e7\u00e3o;<\/li><li>Incentivar a mobilidade a p\u00e9, a partir de cal\u00e7adas sombreadas;<\/li><li>Estimular a participa\u00e7\u00e3o da popula\u00e7\u00e3o na demanda e na manuten\u00e7\u00e3o das \u00e1rvores.<\/li><\/ul>\n\n\n\n<p><strong>As \u00c1rvores poder\u00e3o ser plantadas, a pedido da popula\u00e7\u00e3o, nas \u00e1reas seguintes:<\/strong><\/p>\n\n\n\n<ul class=\"wp-block-list\"><li>Em cal\u00e7adas, mediante a manifesta\u00e7\u00e3o dos moradores do trecho de rua objeto da solicita\u00e7\u00e3o, delimitado pelas esquinas;<\/li><li>Em demais \u00e1reas p\u00fablicas, como pra\u00e7as, canteiros centrais ou terrenos desocupados, mediante solicita\u00e7\u00e3o de um respons\u00e1vel por sua manuten\u00e7\u00e3o.<\/li><\/ul>\n\n\n\n<p><strong>S\u00e3o condi\u00e7\u00f5es para o atendimento dos pedidos de plantio:<\/strong><\/p>\n\n\n\n<ul class=\"wp-block-list\"><li>a cal\u00e7ada dever\u00e1 ter largura m\u00ednima de 2,00 m (dois metros) para o plantio;<\/li><li>a resid\u00eancia do requerente dever\u00e1 estar a uma dist\u00e2ncia m\u00e1xima de 200m (duzentos metros) do local de plantio da \u00e1rvore;<\/li><li>o plantio das \u00e1rvores ser\u00e1 feito sempre no trecho todo da rua objeto da solicita\u00e7\u00e3o, delimitado pelas esquinas.<\/li><\/ul>\n\n\n\n<p><strong>Para solicitar o plantio de \u00e1rvores, o interessado dever\u00e1:<\/strong><\/p>\n\n\n\n<p>Fazer a solicita\u00e7\u00e3o de forma virtual, por meio do e-mail&nbsp;<a href=\"mailto:urbanismo@jundiai.sp.gov.br\" target=\"_blank\" rel=\"noreferrer noopener\">urbanismo@jundiai.sp.gov.br<\/a>&nbsp;para a Unidade de Gest\u00e3o de Planejamento Urbano e Meio Ambiente, contendo as seguintes informa\u00e7\u00f5es:<\/p>\n\n\n\n<ul class=\"wp-block-list\"><li>nome do respons\u00e1vel;<\/li><li>endere\u00e7o completo do respons\u00e1vel;<\/li><li>n\u00famero de telefone para contato;<\/li><li>endere\u00e7o proposto para o plantio;<\/li><li>informa\u00e7\u00e3o se \u00e9 cal\u00e7ada ou outra \u00e1rea p\u00fablica (pra\u00e7a, canteiro central, terreno p\u00fablico);<\/li><li>largura da cal\u00e7ada;<\/li><li>manifesta\u00e7\u00e3o favor\u00e1vel de no m\u00ednimo 51% dos moradores do trecho a ser arborizado, em caso de cal\u00e7ada;<\/li><li>declara\u00e7\u00e3o de responsabilidade pelo cuidado das mudas at\u00e9 que estejam desenvolvidas.<\/li><\/ul>\n\n\n\n<p>Ap\u00f3s o recebimento do pedido com todas as informa\u00e7\u00f5es solicitadas, a Prefeitura ir\u00e1 analisar o local proposto, verificar as poss\u00edveis interfer\u00eancias para o plantio, projetar a localiza\u00e7\u00e3o das novas \u00e1rvores, escolher as esp\u00e9cies ideais para o local e realizar o plantio.<\/p>\n\n\n\n<p>Antes da execu\u00e7\u00e3o do plantio, a Prefeitura entrar\u00e1 em contato com o interessado para informar do deferimento do pedido e a data programada para o plantio.<\/p>\n","protected":false},"excerpt":{"rendered":"<p>P\u00e9 de \u00c1rvore \u00e9 um programa de arboriza\u00e7\u00e3o urbana, que tem por finalidade incentivar o plantio e a manuten\u00e7\u00e3o de \u00e1rvores em \u00e1reas p\u00fablicas da cidade. As \u00e1rvores desempenham um papel importante na melhoria das condi\u00e7\u00f5es urban\u00edsticas, promovendo: melhoria est\u00e9tica, ambiental e clim\u00e1tica (ar, \u00e1gua, fauna, flora e frutos);&nbsp; diminui\u00e7\u00e3o dos impactos ambientais como polui\u00e7\u00e3o;&nbsp; [&hellip;]<\/p>\n","protected":false},"author":69,"featured_media":0,"parent":0,"menu_order":0,"comment_status":"closed","ping_status":"closed","template":"","meta":{"footnotes":""},"class_list":["post-5452","page","type-page","status-publish","hentry"],"_links":{"self":[{"href":"https:\/\/jundiai.sp.gov.br\/planejamento-e-meio-ambiente\/wp-json\/wp\/v2\/pages\/5452","targetHints":{"allow":["GET"]}}],"collection":[{"href":"https:\/\/jundiai.sp.gov.br\/planejamento-e-meio-ambiente\/wp-json\/wp\/v2\/pages"}],"about":[{"href":"https:\/\/jundiai.sp.gov.br\/planejamento-e-meio-ambiente\/wp-json\/wp\/v2\/types\/page"}],"author":[{"embeddable":true,"href":"https:\/\/jundiai.sp.gov.br\/planejamento-e-meio-ambiente\/wp-json\/wp\/v2\/users\/69"}],"replies":[{"embeddable":true,"href":"https:\/\/jundiai.sp.gov.br\/planejamento-e-meio-ambiente\/wp-json\/wp\/v2\/comments?post=5452"}],"version-history":[{"count":2,"href":"https:\/\/jundiai.sp.gov.br\/planejamento-e-meio-ambiente\/wp-json\/wp\/v2\/pages\/5452\/revisions"}],"predecessor-version":[{"id":5455,"href":"https:\/\/jundiai.sp.gov.br\/planejamento-e-meio-ambiente\/wp-json\/wp\/v2\/pages\/5452\/revisions\/5455"}],"wp:attachment":[{"href":"https:\/\/jundiai.sp.gov.br\/planejamento-e-meio-ambiente\/wp-json\/wp\/v2\/media?parent=5452"}],"curies":[{"name":"wp","href":"https:\/\/api.w.org\/{rel}","templated":true}]}}

Conheça o Programa Pé de Árvore

<p><strong>Pé de Árvore </strong>é um programa de arborização urbana, que tem por finalidade incentivar o plantio e a manutenção de árvores em áreas públicas da cidade.  As árvores desempenham um papel importante na melhoria das condições urbanísticas, promovendo:</p>



<ul class="wp-block-list"><li>melhoria estética, ambiental e climática (ar, água, fauna, flora e frutos);&nbsp;</li><li>diminuição dos impactos ambientais como poluição;&nbsp;</li><li>bem-estar psicológico da população com a presença da natureza;&nbsp;</li><li>sombreamento de calçadas, favorecendo os deslocamentos a pé;</li><li>transformação de espaços públicos, incentivando a passagem e a permanência de crianças, adultos e idosos.</li></ul>



<p><strong>Os Objetivos do Programa Pé de Árvore</strong></p>



<h4 class="wp-block-heading"></h4>



<ul class="wp-block-list"><li>Melhorar a qualidade ambiental e paisagística dos espaços urbanos;</li><li>Contribuir para a redução da poluição do ar, sonora e visual;</li><li>Favorecer a saúde física e mental da população;</li><li>Incentivar a mobilidade a pé, a partir de calçadas sombreadas;</li><li>Estimular a participação da população na demanda e na manutenção das árvores.</li></ul>



<p><strong>As Árvores poderão ser plantadas, a pedido da população, nas áreas seguintes:</strong></p>



<ul class="wp-block-list"><li>Em calçadas, mediante a manifestação dos moradores do trecho de rua objeto da solicitação, delimitado pelas esquinas;</li><li>Em demais áreas públicas, como praças, canteiros centrais ou terrenos desocupados, mediante solicitação de um responsável por sua manutenção.</li></ul>



<p><strong>São condições para o atendimento dos pedidos de plantio:</strong></p>



<ul class="wp-block-list"><li>a calçada deverá ter largura mínima de 2,00 m (dois metros) para o plantio;</li><li>a residência do requerente deverá estar a uma distância máxima de 200m (duzentos metros) do local de plantio da árvore;</li><li>o plantio das árvores será feito sempre no trecho todo da rua objeto da solicitação, delimitado pelas esquinas.</li></ul>



<p><strong>Para solicitar o plantio de árvores, o interessado deverá:</strong></p>



<p>Fazer a solicitação de forma virtual, por meio do e-mail&nbsp;<a href="mailto:urbanismo@jundiai.sp.gov.br" target="_blank" rel="noreferrer noopener">urbanismo@jundiai.sp.gov.br</a>&nbsp;para a Unidade de Gestão de Planejamento Urbano e Meio Ambiente, contendo as seguintes informações:</p>



<ul class="wp-block-list"><li>nome do responsável;</li><li>endereço completo do responsável;</li><li>número de telefone para contato;</li><li>endereço proposto para o plantio;</li><li>informação se é calçada ou outra área pública (praça, canteiro central, terreno público);</li><li>largura da calçada;</li><li>manifestação favorável de no mínimo 51% dos moradores do trecho a ser arborizado, em caso de calçada;</li><li>declaração de responsabilidade pelo cuidado das mudas até que estejam desenvolvidas.</li></ul>



<p>Após o recebimento do pedido com todas as informações solicitadas, a Prefeitura irá analisar o local proposto, verificar as possíveis interferências para o plantio, projetar a localização das novas árvores, escolher as espécies ideais para o local e realizar o plantio.</p>



<p>Antes da execução do plantio, a Prefeitura entrará em contato com o interessado para informar do deferimento do pedido e a data programada para o plantio.</p>

<p>Pé de Árvore é um programa de arborização urbana, que tem por finalidade incentivar o plantio e a manutenção de árvores em áreas públicas da cidade. As árvores desempenham um papel importante na melhoria das condições urbanísticas, promovendo: melhoria estética, ambiental e climática (ar, água, fauna, flora e frutos);&nbsp; diminuição dos impactos ambientais como poluição;&nbsp; [&hellip;]</p>
