{"id":6,"date":"2014-08-13T19:37:41","date_gmt":"2014-08-13T22:37:41","guid":{"rendered":"https:\/\/jundiai.sp.gov.br\/planejamento-e-meio-ambiente\/?page_id=6"},"modified":"2026-01-12T17:00:17","modified_gmt":"2026-01-12T20:00:17","slug":"planejamento-urbano-e-meio-ambiente","status":"publish","type":"page","link":"https:\/\/jundiai.sp.gov.br\/planejamento-e-meio-ambiente\/","title":{"rendered":"Planejamento Urbano e Meio Ambiente"},"content":{"rendered":"\n<p>A Secretaria Municipal de Planejamento Urbano e Meio Ambiente tem por finalidade coordenar as a\u00e7\u00f5es e pol\u00edticas de planejamento urbano e defesa do meio ambiente no Munic\u00edpio, suportada pela seguinte estrutura org\u00e2nica b\u00e1sica:<\/p>\n\n\n\n<ul class=\"wp-block-list\">\n<li>Departamento de Planejamento, Gest\u00e3o e Finan\u00e7as;<\/li>\n\n\n\n<li>Departamento de Urbanismo;<\/li>\n\n\n\n<li>Departamento de Projetos Urbanos;<\/li>\n\n\n\n<li>Departamento de Licenciamento de Obras e Instala\u00e7\u00f5es;<\/li>\n\n\n\n<li>Departamento de Meio Ambiente;<\/li>\n\n\n\n<li>Departamento de Assuntos Fundi\u00e1rios;<\/li>\n\n\n\n<li><a href=\"https:\/\/debea.jundiai.sp.gov.br\/\" target=\"_blank\" rel=\"noreferrer noopener\">Departamento do Bem Estar Animal<\/a>;<\/li>\n\n\n\n<li>Unidade de Entregas Setorial.<\/li>\n<\/ul>\n\n\n\n<p>Atuam por coordena\u00e7\u00e3o administrativa a Secretaria Municipal de Gest\u00e3o de Planejamento Urbano e Meio Ambiente e a <a href=\"http:\/\/serradojapi.jundiai.sp.gov.br\/\" target=\"_blank\" rel=\"noopener noreferrer\">Funda\u00e7\u00e3o Serra do Japi<\/a>.<\/p>\n\n\n\n<div style=\"height:50px\" aria-hidden=\"true\" class=\"wp-block-spacer\"><\/div>\n\n\n\n<p class=\"has-text-align-center has-medium-font-size\"><strong><span style=\"color: #ff0000\">Aten\u00e7\u00e3o:<\/span> a <strong>Secretaria Municipal<\/strong> de Planejamento Urbano e Meio Ambiente \u2013 SMPUMA<br>informa que o atendimento presencial ser\u00e1 mediante agendamento pelos<br>telefones ou pelos respectivos e-mails dos setores.<\/strong><\/p>\n\n\n\n<h4 class=\"wp-block-heading has-text-align-center\"><\/h4>\n\n\n\n<p><strong>Contudo, sem preju\u00edzo \u00e0 presta\u00e7\u00e3o de servi\u00e7os, voc\u00ea poder\u00e1 consultar e verificar os servi\u00e7os dispon\u00edveis no <a href=\"https:\/\/156cijun.custhelp.com\/\">PORTAL DE SERVI\u00c7OS<\/a> da Prefeitura, e atenderemos tamb\u00e9m, exclusivamente via e-mail, \u00e0s solicita\u00e7\u00f5es e d\u00favidas conforme tema e departamentos abaixo:<\/strong><\/p>\n\n\n\n<hr class=\"wp-block-separator has-css-opacity is-style-wide\"\/>\n\n\n\n<h5 class=\"wp-block-heading\"><strong>Departamento de Planejamento, Gest\u00e3o e Finan\u00e7as <\/strong><\/h5>\n\n\n\n<p><strong>Servi\u00e7os mais solicitados<\/strong><\/p>\n\n\n\n<p><a href=\"https:\/\/geo.jundiai.sp.gov.br\/geojundiai\/\" target=\"_blank\" rel=\"noreferrer noopener\">GEOinforma\u00e7\u00e3o<\/a><br><a href=\"mailto:geo@jundiai.sp.gov.br\">geo@jundiai.sp.gov.br<\/a><\/p>\n\n\n\n<p>Informa\u00e7\u00f5es sobre CEP<br><a href=\"mailto:expedienteugpuma@jundiai.sp.gov.br\">expedienteugpuma@jundiai.sp.gov.br<\/a><\/p>\n\n\n\n<hr class=\"wp-block-separator has-css-opacity is-style-wide\"\/>\n\n\n\n<h5 class=\"wp-block-heading\">Departamento de Licenciamento de Obras e Instala\u00e7\u00f5es<\/h5>\n\n\n\n<p><a href=\"mailto:smodap@jundiai.sp.gov.br\">smodap@jundiai.sp.gov.br<\/a><\/p>\n\n\n\n<p><strong>Servi\u00e7os mais solicitados<\/strong><\/p>\n\n\n\n<p><a href=\"https:\/\/jundiai.sp.gov.br\/planejamento-e-meio-ambiente\/obras-particulares\/servicos-on-line\/\">Aprova\u00e7\u00e3o de Projetos de Obras<\/a><br><a href=\"mailto:saepro@jundiai.sp.gov.br\">saepro@jundiai.sp.gov.br<\/a><br>Telefone: 4589-8488<\/p>\n\n\n\n<p><a href=\"https:\/\/jundiai.sp.gov.br\/servicos-online\/certidao-de-uso-do-solo\/\">Servi\u00e7os on line &#8211; Certid\u00f5es e autenticidade<\/a><br><a href=\"mailto:saepro@jundiai.sp.gov.br\">saepro@jundiai.sp.gov.br<\/a><\/p>\n\n\n\n<p><a href=\"https:\/\/jundiai.sp.gov.br\/servicos-online\/nomes-anteriores-do-logradouro\/\">Nome Anterior de Logradouro<\/a><br><a href=\"mailto:dfosip@jundiai.sp.gov.br\">dfosip@jundiai.sp.gov.br<\/a><\/p>\n\n\n\n<p>Certid\u00e3o de Numera\u00e7\u00e3o de Im\u00f3vel<br><a href=\"mailto:dfosip@jundiai.sp.gov.br\">dfosip@jundiai.sp.gov.br<\/a><\/p>\n\n\n\n<p><a href=\"https:\/\/jundiai.sp.gov.br\/planejamento-e-meio-ambiente\/obras-particulares\/habite-se\/\">Habite-se<\/a><br><a href=\"mailto:dfosip@jundiai.sp.gov.br\">dfosip@jundiai.sp.gov.br<\/a><\/p>\n\n\n\n<hr class=\"wp-block-separator has-css-opacity is-style-wide\"\/>\n\n\n\n<h5 class=\"wp-block-heading\">Departamento de Urbanismo<\/h5>\n\n\n\n<p><a href=\"mailto:urbanismo@jundiai.sp.gov.br\" target=\"_blank\" rel=\"noreferrer noopener\">urbanismo@jundiai.sp.gov.br<\/a><\/p>\n\n\n\n<p><strong>Servi\u00e7os mais solicitados<\/strong><\/p>\n\n\n\n<p>Plano Diretor, Planos de Bairro<br><a href=\"mailto:sangelini@jundiai.sp.gov.br\">urbanismo@jundiai.sp.gov.br<\/a><\/p>\n\n\n\n<p><a href=\"https:\/\/jundiai.sp.gov.br\/planejamento-e-meio-ambiente\/potencial-construtivo\/\">Pontencial Construtivo<\/a><br><a href=\"mailto:urbanismo@jundiai.sp.gov.br\">urbanismo@jundiai.sp.gov.br<\/a><\/p>\n\n\n\n<p><a href=\"https:\/\/jundiai.sp.gov.br\/planejamento-e-meio-ambiente\/eiv-riv\/\">Estudo de Impacto de Vizinhan\u00e7a \u2013 EIV<\/a><br><a href=\"mailto:eiv@jundiai.sp.gov.br\">eiv@jundiai.sp.gov.br<\/a><\/p>\n\n\n\n<p>Diretriz Urban\u00edstica e Certid\u00f5es | Divis\u00e3o de Uso de Solo<br><a href=\"mailto:usoeocupacao@jundiai.sp.gov.br\">usodosolo@jundiai.sp.gov.br<\/a><\/p>\n\n\n\n<hr class=\"wp-block-separator has-css-opacity is-style-wide\"\/>\n\n\n\n<h5 class=\"wp-block-heading\"><strong>Departamento de Projetos Urbanos<\/strong><\/h5>\n\n\n\n<p><a href=\"mailto:projetourbano@jundiai.sp.gov.br\">projetourbano@jundiai.sp.gov.br<\/a><\/p>\n\n\n\n<p><strong>Servi\u00e7os mais solicitados<\/strong><\/p>\n\n\n\n<p>Cal\u00e7adas<br><a href=\"mailto:projetourbano@jundiai.sp.gov.br\">projetourbano@jundiai.sp.gov.br<\/a><\/p>\n\n\n\n<p>Diretriz Vi\u00e1ria<br><a href=\"mailto:projetourbano@jundiai.sp.gov.br\">projetourbano@jundiai.sp.gov.br<\/a><\/p>\n\n\n\n<p>Certid\u00e3o de anu\u00eancia<br><a href=\"mailto:dsaugpuma@jundiai.sp.gov.br\">dsaugpuma@jundiai.sp.gov.br<\/a><\/p>\n\n\n\n<p>Certid\u00e3o inexist\u00eancia de desapropria\u00e7\u00e3o<br><a href=\"mailto:dsaugpuma@jundiai.sp.gov.br\">dsaugpuma@jundiai.sp.gov.br<\/a><\/p>\n\n\n\n<p>Certid\u00e3o de retifica\u00e7\u00e3o de \u00e1rea<br><a href=\"mailto:dsaugpuma@jundiai.sp.gov.br\">dsaugpuma@jundiai.sp.gov.br<\/a><\/p>\n\n\n\n<p>Alinhamento vi\u00e1rio<br><a href=\"mailto:dsaugpuma@jundiai.sp.gov.br\">dsaugpuma@jundiai.sp.gov.br<\/a><\/p>\n\n\n\n<hr class=\"wp-block-separator has-css-opacity is-style-wide\"\/>\n\n\n\n<h5 class=\"wp-block-heading\">Departamento de Meio Ambiente<\/h5>\n\n\n\n<p><a href=\"mailto:ambiente@jundiai.sp.gov.br\">ambiente@jundiai.sp.gov.br<\/a><\/p>\n\n\n\n<p><strong>Servi\u00e7os mais solicitados<\/strong><\/p>\n\n\n\n<p><a href=\"https:\/\/jundiai.sp.gov.br\/planejamento-e-meio-ambiente\/supressao-de-arvores-ou-vegetacao\/\">Supress\u00e3o de \u00c1rvores<\/a><br><a href=\"mailto:expedienteugpuma@jundiai.sp.gov.br\">expedienteugpuma@jundiai.sp.gov.br<\/a><\/p>\n\n\n\n<p><a href=\"https:\/\/jundiai.sp.gov.br\/planejamento-e-meio-ambiente\/visitacao-monitorada\/\">Visita Monitorada \u00e0 Serra do Japi<\/a><br><a href=\"mailto:visitacaoserradojapi@jundiai.sp.gov.br\">visitacaoserradojapi@jundiai.sp.gov.br<\/a><\/p>\n\n\n\n<p><a href=\"https:\/\/jundiai.sp.gov.br\/planejamento-e-meio-ambiente\/paisagem-urbana\/\">Publicidade<\/a><br><a href=\"mailto:publicidade@jundiai.sp.gov.br\">publicidade@jundiai.sp.gov.br<\/a><\/p>\n\n\n\n<p><a href=\"https:\/\/jundiai.sp.gov.br\/planejamento-e-meio-ambiente\/paisagem-urbana\/telefonia-celular\/\">Licenciamento de Torre de Celular (ERB)<\/a><br><a href=\"mailto:ambiente@jundiai.sp.gov.br\">ambiente@jundiai.sp.gov.br<\/a><\/p>\n\n\n\n<hr class=\"wp-block-separator has-css-opacity is-style-wide\"\/>\n\n\n\n<h5 class=\"wp-block-heading\">Departamento de Assuntos Fundi\u00e1rios<\/h5>\n\n\n\n<p><a href=\"mailto:puma-daf@jundiai.sp.gov.br\">puma-daf@jundiai.sp.gov.br<\/a><\/p>\n\n\n\n<div class=\"wp-block-group\"><div class=\"wp-block-group__inner-container is-layout-flow wp-block-group-is-layout-flow\">\n<div class=\"wp-block-group\"><div class=\"wp-block-group__inner-container is-layout-flow wp-block-group-is-layout-flow\">\n<p><strong>Servi\u00e7os mais solicitados<\/strong><\/p>\n\n\n\n<p><a href=\"https:\/\/jundiai.sp.gov.br\/planejamento-e-meio-ambiente\/assuntos-fundiarios\/\">Regulariza\u00e7\u00e3o Fundi\u00e1ria<\/a><br><a href=\"mailto:puma-daf@jundiai.sp.gov.br\">ugpuma-daf@jundiai.sp.gov.br<\/a><\/p>\n<\/div><\/div>\n<\/div><\/div>\n\n\n\n<hr class=\"wp-block-separator has-css-opacity is-style-wide\"\/>\n\n\n\n<h5 class=\"wp-block-heading\">Departamento do Bem Estar Animal<\/h5>\n\n\n\n<p>Fone: (11) 4589-9306 e (11) 4589-9307<br><a href=\"mailto:debea@jundiai.sp.gov.br\">debea@jundiai.sp.gov.br<\/a><\/p>\n\n\n\n<p><strong>Servi\u00e7os mais solicitados<\/strong><\/p>\n\n\n\n<p><a href=\"https:\/\/jundiai.sp.gov.br\/adocaodeanimais\/\">Ado\u00e7\u00e3o de Animais<\/a><\/p>\n\n\n\n<p><a href=\"https:\/\/debea.jundiai.sp.gov.br\/servicos\/castracao\/\" target=\"_blank\" rel=\"noreferrer noopener\">Cadastro de Animais para Castra\u00e7\u00e3o<\/a><\/p>\n\n\n\n<p><a rel=\"noreferrer noopener\" href=\"https:\/\/debea.jundiai.sp.gov.br\/servicos\/vistoria-de-maus-tratos\/\" target=\"_blank\">Vistorias de maus tratos<\/a><\/p>\n\n\n\n<hr class=\"wp-block-separator has-css-opacity is-style-wide\"\/>\n\n\n\n<div style=\"height:50px\" aria-hidden=\"true\" class=\"wp-block-spacer\"><\/div>\n\n\n\n<h2 class=\"wp-block-heading\">Contatos<\/h2>\n\n\n\n<p><strong>Gabinete do Secret\u00e1rio de Planejamento Urbano e Meio Ambiente<\/strong><br>Pa\u00e7o Municipal &#8211; 5\u00ba andar &#8211; Ala Sul<br>Telefones: (11) 4589-8556 \/ 8557<\/p>\n\n\n\n<p><strong>Se\u00e7\u00e3o de Atendimento:<\/strong><br>Pa\u00e7o Municipal \u2013 5\u00ba andar \u2013 Ala Sul<br>Telefones: (11) 4589-8561 \/ 8484<\/p>\n\n\n\n<p><strong><a href=\"https:\/\/debea.jundiai.sp.gov.br\/\" target=\"_blank\" rel=\"noreferrer noopener\">Departamento do Bem Estar Animal<\/a><\/strong><br>Rua Abra\u00e3o Farr\u00e3o, 8, Ch\u00e1cara S\u00e3o Francisco<br>Hor\u00e1rio de Atendimento Geral: das 8h \u00e0s 12h e das 13h \u00e0s 17h<br>Hor\u00e1rio de Atendimento Cl\u00ednico: das 8h \u00e0s 12h<br>Telefones: (11) 4589-9306 e (11) 4589-9307<\/p>\n\n\n\n<p><strong><a href=\"http:\/\/serradojapi.jundiai.sp.gov.br\/\" target=\"_blank\" rel=\"noopener noreferrer\">Funda\u00e7\u00e3o Serra do Japi<\/a><\/strong><br>Pa\u00e7o Municipal &#8211; 8\u00ba andar &#8211; Ala Norte<br>Telefone: (11) 4589- 8562<\/p>\n\n\n\n<p><strong>Base Ecol\u00f3gica da Serra do Japi<\/strong><br>Avenida Brasil T\u00e2mega, s\/n\u00ba, Santa Clara<br>Hor\u00e1rio de Atendimento: das 8h \u00e0s 17h<br>Telefone: (11) 3317-5058<\/p>\n","protected":false},"excerpt":{"rendered":"<p>Telefones: (11) 4589-8561 \/ 8484<\/p>\n","protected":false},"author":8,"featured_media":0,"parent":0,"menu_order":0,"comment_status":"open","ping_status":"closed","template":"","meta":{"footnotes":""},"class_list":["post-6","page","type-page","status-publish","hentry"],"_links":{"self":[{"href":"https:\/\/jundiai.sp.gov.br\/planejamento-e-meio-ambiente\/wp-json\/wp\/v2\/pages\/6","targetHints":{"allow":["GET"]}}],"collection":[{"href":"https:\/\/jundiai.sp.gov.br\/planejamento-e-meio-ambiente\/wp-json\/wp\/v2\/pages"}],"about":[{"href":"https:\/\/jundiai.sp.gov.br\/planejamento-e-meio-ambiente\/wp-json\/wp\/v2\/types\/page"}],"author":[{"embeddable":true,"href":"https:\/\/jundiai.sp.gov.br\/planejamento-e-meio-ambiente\/wp-json\/wp\/v2\/users\/8"}],"replies":[{"embeddable":true,"href":"https:\/\/jundiai.sp.gov.br\/planejamento-e-meio-ambiente\/wp-json\/wp\/v2\/comments?post=6"}],"version-history":[{"count":110,"href":"https:\/\/jundiai.sp.gov.br\/planejamento-e-meio-ambiente\/wp-json\/wp\/v2\/pages\/6\/revisions"}],"predecessor-version":[{"id":8060,"href":"https:\/\/jundiai.sp.gov.br\/planejamento-e-meio-ambiente\/wp-json\/wp\/v2\/pages\/6\/revisions\/8060"}],"wp:attachment":[{"href":"https:\/\/jundiai.sp.gov.br\/planejamento-e-meio-ambiente\/wp-json\/wp\/v2\/media?parent=6"}],"curies":[{"name":"wp","href":"https:\/\/api.w.org\/{rel}","templated":true}]}}