{"id":6490,"date":"2023-04-04T09:11:55","date_gmt":"2023-04-04T12:11:55","guid":{"rendered":"https:\/\/jundiai.sp.gov.br\/planejamento-e-meio-ambiente\/?page_id=6490"},"modified":"2024-02-09T12:54:28","modified_gmt":"2024-02-09T15:54:28","slug":"2023-2","status":"publish","type":"page","link":"https:\/\/jundiai.sp.gov.br\/planejamento-e-meio-ambiente\/2023-2\/","title":{"rendered":"2023"},"content":{"rendered":"\n<div class=\"wp-block-columns is-layout-flex wp-container-core-columns-is-layout-9d6595d7 wp-block-columns-is-layout-flex\">\n<div class=\"wp-block-column is-layout-flow wp-block-column-is-layout-flow\">\n<p><strong>REUNI\u00d5ES ORDIN\u00c1RIAS <\/strong><\/p>\n\n\n\n<p><a href=\"https:\/\/jundiai.sp.gov.br\/planejamento-e-meio-ambiente\/wp-content\/uploads\/sites\/15\/2024\/02\/ata-da-1a-reuniao-ordinaria-do-cgsj-2023_2025-1-1.pdf\" data-type=\"link\" data-id=\"https:\/\/jundiai.sp.gov.br\/planejamento-e-meio-ambiente\/wp-content\/uploads\/sites\/15\/2024\/02\/ata-da-1a-reuniao-ordinaria-do-cgsj-2023_2025-1-1.pdf\">1\u00aa Reuni\u00e3o Ordin\u00e1ria<\/a><\/p>\n\n\n\n<p><a rel=\"noreferrer noopener\" href=\"https:\/\/jundiai.sp.gov.br\/planejamento-e-meio-ambiente\/wp-content\/uploads\/sites\/15\/2023\/04\/ata-da-15a-reuniao-ordinaria-do-cgsj-2021_2023.pdf\" target=\"_blank\">15\u00aa Reuni\u00e3o Ordin\u00e1ria<\/a><\/p>\n\n\n\n<p><a rel=\"noreferrer noopener\" href=\"https:\/\/jundiai.sp.gov.br\/planejamento-e-meio-ambiente\/wp-content\/uploads\/sites\/15\/2023\/04\/ata-da-16a-reuniao-ordinaria-do-cgsj-2021_2023.pdf\" target=\"_blank\">16\u00aa Reuni\u00e3o Ordin\u00e1ria<\/a><\/p>\n\n\n\n<p><a rel=\"noreferrer noopener\" href=\"https:\/\/jundiai.sp.gov.br\/planejamento-e-meio-ambiente\/wp-content\/uploads\/sites\/15\/2023\/04\/ata-da-17a-reuniao-ordinaria-do-cgsj-2021_2023.pdf\" target=\"_blank\">17\u00aa Reuni\u00e3o Ordin\u00e1ria<\/a><\/p>\n\n\n\n<p><a href=\"https:\/\/jundiai.sp.gov.br\/planejamento-e-meio-ambiente\/wp-content\/uploads\/sites\/15\/2023\/09\/ata-da-18a-reuniao-ordinaria-do-cgsj-2021_2023.pdf\" target=\"_blank\" rel=\"noreferrer noopener\">18\u00aa Reuni\u00e3o Ordin\u00e1ria<\/a><\/p>\n\n\n\n<p><a rel=\"noreferrer noopener\" href=\"https:\/\/jundiai.sp.gov.br\/planejamento-e-meio-ambiente\/wp-content\/uploads\/sites\/15\/2023\/07\/ata-da-19a-reuniao-ordinaria-do-cgsj-2021_2023-3.pdf\" target=\"_blank\">19\u00aa Reuni\u00e3o Ordin\u00e1ria<\/a><\/p>\n\n\n\n<p><a rel=\"noreferrer noopener\" href=\"https:\/\/jundiai.sp.gov.br\/planejamento-e-meio-ambiente\/wp-content\/uploads\/sites\/15\/2023\/08\/ata-da-20a-reuniao-ordinaria-do-cgsj-2021_2023-3.pdf\" target=\"_blank\">20\u00aa Reuni\u00e3o Ordin\u00e1ria<\/a><\/p>\n\n\n\n<p><a rel=\"noreferrer noopener\" href=\"https:\/\/jundiai.sp.gov.br\/planejamento-e-meio-ambiente\/wp-content\/uploads\/sites\/15\/2023\/09\/ata-da-21a-reuniao-ordinaria-do-cgsj-2021_2023-1-2.pdf\" target=\"_blank\">21\u00aa Reuni\u00e3o Ordin\u00e1ria<\/a><\/p>\n\n\n\n<p><a href=\"https:\/\/jundiai.sp.gov.br\/planejamento-e-meio-ambiente\/wp-content\/uploads\/sites\/15\/2023\/09\/ata-da-22a-reuniao-ordinaria-do-cgsj-2021_2023-1.pdf\" target=\"_blank\" rel=\"noreferrer noopener\">22\u00aa Reuni\u00e3o Ordin\u00e1ria<\/a><\/p>\n\n\n\n<p><a href=\"https:\/\/jundiai.sp.gov.br\/planejamento-e-meio-ambiente\/wp-content\/uploads\/sites\/15\/2024\/01\/ata-da-23a-reuniao-ordinaria-do-cgsj-2021_2023.pdf\">23\u00aa Reuni\u00e3o Ordin\u00e1ria<\/a><\/p>\n<\/div>\n\n\n\n<div class=\"wp-block-column is-layout-flow wp-block-column-is-layout-flow\">\n<p><strong>REUNI\u00d5ES EXTRAORDIN\u00c1RIAS<\/strong><\/p>\n\n\n\n<p><a rel=\"noreferrer noopener\" href=\"https:\/\/jundiai.sp.gov.br\/planejamento-e-meio-ambiente\/wp-content\/uploads\/sites\/15\/2023\/07\/ata-da-1a-reuniao-extraordinaria-do-cgsj-2021_2023-2.pdf\" target=\"_blank\">1\u00aa Reuni\u00e3o Extraordin\u00e1ria<\/a><\/p>\n<\/div>\n<\/div>\n","protected":false},"excerpt":{"rendered":"<p>REUNI\u00d5ES ORDIN\u00c1RIAS 1\u00aa Reuni\u00e3o Ordin\u00e1ria 15\u00aa Reuni\u00e3o Ordin\u00e1ria 16\u00aa Reuni\u00e3o Ordin\u00e1ria 17\u00aa Reuni\u00e3o Ordin\u00e1ria 18\u00aa Reuni\u00e3o Ordin\u00e1ria 19\u00aa Reuni\u00e3o Ordin\u00e1ria 20\u00aa Reuni\u00e3o Ordin\u00e1ria 21\u00aa Reuni\u00e3o Ordin\u00e1ria 22\u00aa Reuni\u00e3o Ordin\u00e1ria 23\u00aa Reuni\u00e3o Ordin\u00e1ria REUNI\u00d5ES EXTRAORDIN\u00c1RIAS 1\u00aa Reuni\u00e3o Extraordin\u00e1ria<\/p>\n","protected":false},"author":69,"featured_media":0,"parent":0,"menu_order":0,"comment_status":"closed","ping_status":"closed","template":"","meta":{"footnotes":""},"class_list":["post-6490","page","type-page","status-publish","hentry"],"_links":{"self":[{"href":"https:\/\/jundiai.sp.gov.br\/planejamento-e-meio-ambiente\/wp-json\/wp\/v2\/pages\/6490","targetHints":{"allow":["GET"]}}],"collection":[{"href":"https:\/\/jundiai.sp.gov.br\/planejamento-e-meio-ambiente\/wp-json\/wp\/v2\/pages"}],"about":[{"href":"https:\/\/jundiai.sp.gov.br\/planejamento-e-meio-ambiente\/wp-json\/wp\/v2\/types\/page"}],"author":[{"embeddable":true,"href":"https:\/\/jundiai.sp.gov.br\/planejamento-e-meio-ambiente\/wp-json\/wp\/v2\/users\/69"}],"replies":[{"embeddable":true,"href":"https:\/\/jundiai.sp.gov.br\/planejamento-e-meio-ambiente\/wp-json\/wp\/v2\/comments?post=6490"}],"version-history":[{"count":11,"href":"https:\/\/jundiai.sp.gov.br\/planejamento-e-meio-ambiente\/wp-json\/wp\/v2\/pages\/6490\/revisions"}],"predecessor-version":[{"id":7067,"href":"https:\/\/jundiai.sp.gov.br\/planejamento-e-meio-ambiente\/wp-json\/wp\/v2\/pages\/6490\/revisions\/7067"}],"wp:attachment":[{"href":"https:\/\/jundiai.sp.gov.br\/planejamento-e-meio-ambiente\/wp-json\/wp\/v2\/media?parent=6490"}],"curies":[{"name":"wp","href":"https:\/\/api.w.org\/{rel}","templated":true}]}}