{"id":6736,"date":"2023-07-13T11:23:28","date_gmt":"2023-07-13T14:23:28","guid":{"rendered":"https:\/\/jundiai.sp.gov.br\/planejamento-e-meio-ambiente\/?page_id=6736"},"modified":"2023-07-13T11:26:52","modified_gmt":"2023-07-13T14:26:52","slug":"o-que-e-legislacao","status":"publish","type":"page","link":"https:\/\/jundiai.sp.gov.br\/planejamento-e-meio-ambiente\/parklet\/o-que-e-legislacao\/","title":{"rendered":"O que \u00e9? \/ Legisla\u00e7\u00e3o"},"content":{"rendered":"\n<h2 class=\"wp-block-heading\">O que \u00e9? <\/h2>\n\n\n\n<p>O parklet \u00e9 uma extens\u00e3o tempor\u00e1ria da cal\u00e7ada.<br>Trata-se de uma amplia\u00e7\u00e3o do passeio p\u00fablico, realizada por meio da implanta\u00e7\u00e3o de plataforma sobre a \u00e1rea antes ocupada pelo leito carro\u00e7\u00e1vel da via p\u00fablica e equipada com bancos, floreiras, mesas e cadeiras, paraciclos, ou outros elementos de mobili\u00e1rio, com fun\u00e7\u00e3o de recrea\u00e7\u00e3o ou de manifesta\u00e7\u00f5es art\u00edsticas.<\/p>\n\n\n\n<h2 class=\"wp-block-heading\">Legisla\u00e7\u00e3o<\/h2>\n\n\n\n<p><a href=\"https:\/\/jundiai.sp.gov.br\/planejamento-e-meio-ambiente\/wp-content\/uploads\/sites\/15\/2016\/11\/Decreto_26524_16.pdf\">Decreto n\u00ba 26.524\/16<\/a><br><a href=\"https:\/\/jundiai.sp.gov.br\/planejamento-e-meio-ambiente\/wp-content\/uploads\/sites\/15\/2016\/11\/Manual-Parklets-Jundiai_2016-07-26.pdf\">Manual para Implanta\u00e7\u00e3o de Parklets em Jundia\u00ed<\/a><br><a href=\"https:\/\/jundiai.sp.gov.br\/planejamento-e-meio-ambiente\/wp-content\/uploads\/sites\/15\/2016\/11\/Manual-Parklets-Jundiai_2016-07-26_PROCESSO-RESUMIDO.pdf\">Processo Resumido de Implanta\u00e7\u00e3o<\/a><\/p>\n","protected":false},"excerpt":{"rendered":"<p>O que \u00e9? O parklet \u00e9 uma extens\u00e3o tempor\u00e1ria da cal\u00e7ada.Trata-se de uma amplia\u00e7\u00e3o do passeio p\u00fablico, realizada por meio da implanta\u00e7\u00e3o de plataforma sobre a \u00e1rea antes ocupada pelo leito carro\u00e7\u00e1vel da via p\u00fablica e equipada com bancos, floreiras, mesas e cadeiras, paraciclos, ou outros elementos de mobili\u00e1rio, com fun\u00e7\u00e3o de recrea\u00e7\u00e3o ou de [&hellip;]<\/p>\n","protected":false},"author":69,"featured_media":0,"parent":6730,"menu_order":0,"comment_status":"closed","ping_status":"closed","template":"","meta":{"footnotes":""},"class_list":["post-6736","page","type-page","status-publish","hentry"],"_links":{"self":[{"href":"https:\/\/jundiai.sp.gov.br\/planejamento-e-meio-ambiente\/wp-json\/wp\/v2\/pages\/6736","targetHints":{"allow":["GET"]}}],"collection":[{"href":"https:\/\/jundiai.sp.gov.br\/planejamento-e-meio-ambiente\/wp-json\/wp\/v2\/pages"}],"about":[{"href":"https:\/\/jundiai.sp.gov.br\/planejamento-e-meio-ambiente\/wp-json\/wp\/v2\/types\/page"}],"author":[{"embeddable":true,"href":"https:\/\/jundiai.sp.gov.br\/planejamento-e-meio-ambiente\/wp-json\/wp\/v2\/users\/69"}],"replies":[{"embeddable":true,"href":"https:\/\/jundiai.sp.gov.br\/planejamento-e-meio-ambiente\/wp-json\/wp\/v2\/comments?post=6736"}],"version-history":[{"count":1,"href":"https:\/\/jundiai.sp.gov.br\/planejamento-e-meio-ambiente\/wp-json\/wp\/v2\/pages\/6736\/revisions"}],"predecessor-version":[{"id":6738,"href":"https:\/\/jundiai.sp.gov.br\/planejamento-e-meio-ambiente\/wp-json\/wp\/v2\/pages\/6736\/revisions\/6738"}],"up":[{"embeddable":true,"href":"https:\/\/jundiai.sp.gov.br\/planejamento-e-meio-ambiente\/wp-json\/wp\/v2\/pages\/6730"}],"wp:attachment":[{"href":"https:\/\/jundiai.sp.gov.br\/planejamento-e-meio-ambiente\/wp-json\/wp\/v2\/media?parent=6736"}],"curies":[{"name":"wp","href":"https:\/\/api.w.org\/{rel}","templated":true}]}}