{"id":6791,"date":"2023-09-04T08:42:24","date_gmt":"2023-09-04T11:42:24","guid":{"rendered":"https:\/\/jundiai.sp.gov.br\/planejamento-e-meio-ambiente\/?page_id=6791"},"modified":"2023-09-19T10:04:14","modified_gmt":"2023-09-19T13:04:14","slug":"processo-sucessorio-2023-2025","status":"publish","type":"page","link":"https:\/\/jundiai.sp.gov.br\/planejamento-e-meio-ambiente\/processo-sucessorio-2023-2025\/","title":{"rendered":"\u00a0Processo Sucess\u00f3rio 2023-2025"},"content":{"rendered":"\n<p>&#8211; <a href=\"https:\/\/jundiai.sp.gov.br\/planejamento-e-meio-ambiente\/wp-content\/uploads\/sites\/15\/2023\/09\/edital-cgsj_imprensa-oficial_edicao-5325-30-08-2023-1-2.pdf\" target=\"_blank\" rel=\"noreferrer noopener\">Edital de convoca\u00e7\u00e3o para elei\u00e7\u00f5es da sociedade civil<\/a><\/p>\n\n\n\n<p>&#8211; <a rel=\"noreferrer noopener\" href=\"https:\/\/jundiai.sp.gov.br\/planejamento-e-meio-ambiente\/wp-content\/uploads\/sites\/15\/2023\/09\/ficha-de-cadastro_cgsj_2023_2025-1.docx\" target=\"_blank\">Ficha de cadastro<\/a><\/p>\n\n\n\n<p>&#8211; <a rel=\"noreferrer noopener\" href=\"https:\/\/jundiai.sp.gov.br\/planejamento-e-meio-ambiente\/wp-content\/uploads\/sites\/15\/2023\/09\/edital_re-ratificacao_cgsj_edicao-5332-13-09-2023.pdf\" target=\"_blank\">RE-RATIFICA\u00c7\u00c3O do Edital de convoca\u00e7\u00e3o para elei\u00e7\u00f5es da sociedade civil<\/a><\/p>\n\n\n\n<p>&#8211; <a href=\"https:\/\/jundiai.sp.gov.br\/planejamento-e-meio-ambiente\/wp-content\/uploads\/sites\/15\/2023\/09\/ficha-de-cadastro_cgsj_2023_2025-re-ratificacao.docx\" target=\"_blank\" rel=\"noreferrer noopener\">Ficha de cadastro RE-RATIFICA\u00c7\u00c3O.<\/a><\/p>\n","protected":false},"excerpt":{"rendered":"<p>&#8211; Edital de convoca\u00e7\u00e3o para elei\u00e7\u00f5es da sociedade civil &#8211; Ficha de cadastro &#8211; RE-RATIFICA\u00c7\u00c3O do Edital de convoca\u00e7\u00e3o para elei\u00e7\u00f5es da sociedade civil &#8211; Ficha de cadastro RE-RATIFICA\u00c7\u00c3O.<\/p>\n","protected":false},"author":69,"featured_media":0,"parent":0,"menu_order":0,"comment_status":"closed","ping_status":"closed","template":"","meta":{"footnotes":""},"class_list":["post-6791","page","type-page","status-publish","hentry"],"_links":{"self":[{"href":"https:\/\/jundiai.sp.gov.br\/planejamento-e-meio-ambiente\/wp-json\/wp\/v2\/pages\/6791","targetHints":{"allow":["GET"]}}],"collection":[{"href":"https:\/\/jundiai.sp.gov.br\/planejamento-e-meio-ambiente\/wp-json\/wp\/v2\/pages"}],"about":[{"href":"https:\/\/jundiai.sp.gov.br\/planejamento-e-meio-ambiente\/wp-json\/wp\/v2\/types\/page"}],"author":[{"embeddable":true,"href":"https:\/\/jundiai.sp.gov.br\/planejamento-e-meio-ambiente\/wp-json\/wp\/v2\/users\/69"}],"replies":[{"embeddable":true,"href":"https:\/\/jundiai.sp.gov.br\/planejamento-e-meio-ambiente\/wp-json\/wp\/v2\/comments?post=6791"}],"version-history":[{"count":2,"href":"https:\/\/jundiai.sp.gov.br\/planejamento-e-meio-ambiente\/wp-json\/wp\/v2\/pages\/6791\/revisions"}],"predecessor-version":[{"id":6819,"href":"https:\/\/jundiai.sp.gov.br\/planejamento-e-meio-ambiente\/wp-json\/wp\/v2\/pages\/6791\/revisions\/6819"}],"wp:attachment":[{"href":"https:\/\/jundiai.sp.gov.br\/planejamento-e-meio-ambiente\/wp-json\/wp\/v2\/media?parent=6791"}],"curies":[{"name":"wp","href":"https:\/\/api.w.org\/{rel}","templated":true}]}}