{"id":6884,"date":"2023-10-04T17:23:00","date_gmt":"2023-10-04T20:23:00","guid":{"rendered":"https:\/\/jundiai.sp.gov.br\/planejamento-e-meio-ambiente\/?page_id=6884"},"modified":"2023-10-04T17:23:32","modified_gmt":"2023-10-04T20:23:32","slug":"certidao-de-perimetro","status":"publish","type":"page","link":"https:\/\/jundiai.sp.gov.br\/planejamento-e-meio-ambiente\/duos\/certidao-de-perimetro\/","title":{"rendered":"Certid\u00e3o de Per\u00edmetro"},"content":{"rendered":"\n<p>\u00c9 um documento que informa se um determinado terreno est\u00e1 inserido na Macrozona Urbana ou na Macrozona Rural.<\/p>\n\n\n\n<p>Estando inserido na Macrozona Urbana, qual foi a legisla\u00e7\u00e3o que o inseriu na mesma.<\/p>\n\n\n\n<p>Este documento \u00e9 frequentemente solicitado pelos Cart\u00f3rios de Registro de Im\u00f3veis para baixa no registro do INCRA, podendo ser solicitado tamb\u00e9m por \u00f3rg\u00e3os p\u00fablicos estaduais.<\/p>\n\n\n\n<h2 class=\"wp-block-heading\"><strong>Como solicitar a sua certid\u00e3o de per\u00edmetro?<\/strong><\/h2>\n\n\n\n<ol class=\"wp-block-list\">\n<li>Com requerimento abaixo preenchido enviar e-mail &nbsp;para&nbsp;<strong><a rel=\"noreferrer noopener\" href=\"mailto:usodosolo@jundiai.sp.gov.br\" target=\"_blank\">usodosolo@jundiai.sp.gov.br<\/a><\/strong><\/li>\n<\/ol>\n\n\n\n<p><em>Fa\u00e7a o download do requerimento espec\u00edfico no link abaixo:<\/em><\/p>\n\n\n\n<ul class=\"wp-block-list\">\n<li><a href=\"https:\/\/jundiai.sp.gov.br\/planejamento-e-meio-ambiente\/wp-content\/uploads\/sites\/15\/2023\/10\/requerimento-certidao-de-perimetro.pdf\"><em><u>Requerimento para Certid\u00e3o de Per\u00edmetro&nbsp;<\/u><\/em>&nbsp;<\/a><\/li>\n<\/ul>\n\n\n\n<p>Custo&nbsp;de R$60,00 (sessenta reais) para a emiss\u00e3o de qualquer documento.<\/p>\n","protected":false},"excerpt":{"rendered":"<p>\u00c9 um documento que informa se um determinado terreno est\u00e1 inserido na Macrozona Urbana ou na Macrozona Rural. Estando inserido na Macrozona Urbana, qual foi a legisla\u00e7\u00e3o que o inseriu na mesma. Este documento \u00e9 frequentemente solicitado pelos Cart\u00f3rios de Registro de Im\u00f3veis para baixa no registro do INCRA, podendo ser solicitado tamb\u00e9m por \u00f3rg\u00e3os [&hellip;]<\/p>\n","protected":false},"author":69,"featured_media":0,"parent":6685,"menu_order":0,"comment_status":"closed","ping_status":"closed","template":"","meta":{"footnotes":""},"class_list":["post-6884","page","type-page","status-publish","hentry"],"_links":{"self":[{"href":"https:\/\/jundiai.sp.gov.br\/planejamento-e-meio-ambiente\/wp-json\/wp\/v2\/pages\/6884","targetHints":{"allow":["GET"]}}],"collection":[{"href":"https:\/\/jundiai.sp.gov.br\/planejamento-e-meio-ambiente\/wp-json\/wp\/v2\/pages"}],"about":[{"href":"https:\/\/jundiai.sp.gov.br\/planejamento-e-meio-ambiente\/wp-json\/wp\/v2\/types\/page"}],"author":[{"embeddable":true,"href":"https:\/\/jundiai.sp.gov.br\/planejamento-e-meio-ambiente\/wp-json\/wp\/v2\/users\/69"}],"replies":[{"embeddable":true,"href":"https:\/\/jundiai.sp.gov.br\/planejamento-e-meio-ambiente\/wp-json\/wp\/v2\/comments?post=6884"}],"version-history":[{"count":2,"href":"https:\/\/jundiai.sp.gov.br\/planejamento-e-meio-ambiente\/wp-json\/wp\/v2\/pages\/6884\/revisions"}],"predecessor-version":[{"id":6887,"href":"https:\/\/jundiai.sp.gov.br\/planejamento-e-meio-ambiente\/wp-json\/wp\/v2\/pages\/6884\/revisions\/6887"}],"up":[{"embeddable":true,"href":"https:\/\/jundiai.sp.gov.br\/planejamento-e-meio-ambiente\/wp-json\/wp\/v2\/pages\/6685"}],"wp:attachment":[{"href":"https:\/\/jundiai.sp.gov.br\/planejamento-e-meio-ambiente\/wp-json\/wp\/v2\/media?parent=6884"}],"curies":[{"name":"wp","href":"https:\/\/api.w.org\/{rel}","templated":true}]}}