{"id":6980,"date":"2024-01-25T15:45:25","date_gmt":"2024-01-25T18:45:25","guid":{"rendered":"https:\/\/jundiai.sp.gov.br\/planejamento-e-meio-ambiente\/?page_id=6980"},"modified":"2024-04-17T16:27:54","modified_gmt":"2024-04-17T19:27:54","slug":"projetos-executados","status":"publish","type":"page","link":"https:\/\/jundiai.sp.gov.br\/planejamento-e-meio-ambiente\/projetos-pe-de-arvore-2\/projetos-executados\/","title":{"rendered":"Projetos executados"},"content":{"rendered":"\n<p><a href=\"https:\/\/jundiai.sp.gov.br\/planejamento-e-meio-ambiente\/wp-content\/uploads\/sites\/15\/2024\/04\/pa21_012-rua-joaquim-nabuco-ponte-sao-joao-1.pdf\">Rua Joaquim Nabuco &#8211; Ponte S\u00e3o Jo\u00e3o<\/a><\/p>\n\n\n\n<p><a href=\"https:\/\/jundiai.sp.gov.br\/planejamento-e-meio-ambiente\/wp-content\/uploads\/sites\/15\/2024\/04\/pa21_010-rua-antonio-francisco-lisboa-alvorada.pdf\">Rua Ant\u00f4nio Francisco Lisboa &#8211; Alvorada<\/a><\/p>\n\n\n\n<p><a href=\"https:\/\/jundiai.sp.gov.br\/planejamento-e-meio-ambiente\/wp-content\/uploads\/sites\/15\/2024\/04\/pa21_014-av-arquimedes-e-av-antonio-pincinato-alvorada.pdf\">Av. Arquimedes e Av. Ant\u00f4nio Pincinato &#8211; Alvorada<\/a><\/p>\n\n\n\n<p><a href=\"https:\/\/jundiai.sp.gov.br\/planejamento-e-meio-ambiente\/wp-content\/uploads\/sites\/15\/2024\/01\/pa20_001-novo-horizonte.pdf\">Novo Horizonte<\/a><\/p>\n\n\n\n<p><a href=\"https:\/\/jundiai.sp.gov.br\/planejamento-e-meio-ambiente\/wp-content\/uploads\/sites\/15\/2024\/01\/pa21_001-av-das-brisas-e-adilson-rodrigues-samambaia.pdf\">Av. das Brisas e Adilson Rodrigues &#8211; Jardim Samambaia<\/a> <\/p>\n\n\n\n<p><a href=\"https:\/\/jundiai.sp.gov.br\/planejamento-e-meio-ambiente\/wp-content\/uploads\/sites\/15\/2024\/01\/pa21_002-complexo-fepasa.pdf\">Complexo Fepasa<\/a><\/p>\n\n\n\n<p><a href=\"https:\/\/jundiai.sp.gov.br\/planejamento-e-meio-ambiente\/wp-content\/uploads\/sites\/15\/2024\/01\/pa21_004-vila-arens.pdf\">Vila Arens<\/a><\/p>\n\n\n\n<p><a href=\"https:\/\/jundiai.sp.gov.br\/planejamento-e-meio-ambiente\/wp-content\/uploads\/sites\/15\/2024\/01\/pa21_006-centro-esportivo-antonio-lacovino.pdf\">Centro Esportivo Ant\u00f4nio Lacovino<\/a><\/p>\n\n\n\n<p><a href=\"https:\/\/jundiai.sp.gov.br\/planejamento-e-meio-ambiente\/wp-content\/uploads\/sites\/15\/2024\/01\/pa21_007-av-olivio-boa-torres-de-sao-jose.pdf\">Av. Ol\u00edvio Boa &#8211; Torres de S\u00e3o Jos\u00e9<\/a><\/p>\n\n\n\n<p><a href=\"https:\/\/jundiai.sp.gov.br\/planejamento-e-meio-ambiente\/wp-content\/uploads\/sites\/15\/2024\/01\/pa21_011-rua-jose-belesso-ponte-sao-joao.pdf\">Rua Jos\u00e9 Belesso &#8211; Ponte S\u00e3o Jo\u00e3o<\/a><\/p>\n\n\n\n<p><a href=\"https:\/\/jundiai.sp.gov.br\/planejamento-e-meio-ambiente\/wp-content\/uploads\/sites\/15\/2024\/01\/pa21_013-av-gino-lenin-ferazzo-parque-industrial.pdf\">Av. Gino Lenin Ferazzo &#8211; Parque Industrial<\/a><\/p>\n\n\n\n<p><a href=\"https:\/\/jundiai.sp.gov.br\/planejamento-e-meio-ambiente\/wp-content\/uploads\/sites\/15\/2024\/01\/pa21_015-rua-francisco-alves-vila-progresso.pdf\">Rua Francisco Alves &#8211; Vila Progresso<\/a><\/p>\n\n\n\n<p><a href=\"https:\/\/jundiai.sp.gov.br\/planejamento-e-meio-ambiente\/wp-content\/uploads\/sites\/15\/2024\/01\/pa21_016-rua-david-zoilo-morandini-anhangabau.pdf\">Rua David Zoilo Morandini &#8211; Anhangaba\u00fa<\/a><\/p>\n\n\n\n<p><a href=\"https:\/\/jundiai.sp.gov.br\/planejamento-e-meio-ambiente\/wp-content\/uploads\/sites\/15\/2024\/01\/pa22_002-emeb-florisa-volpe-1.pdf\">EMEB Florisa Volpe<\/a> <\/p>\n\n\n\n<p><a href=\"https:\/\/jundiai.sp.gov.br\/planejamento-e-meio-ambiente\/wp-content\/uploads\/sites\/15\/2024\/01\/pa22_004-emeb-naman-tayar-sao-camilo.pdf\">EMEB Naman Tayar &#8211; S\u00e3o Camilo<\/a><\/p>\n\n\n\n<p><a href=\"https:\/\/jundiai.sp.gov.br\/planejamento-e-meio-ambiente\/wp-content\/uploads\/sites\/15\/2024\/01\/pa22_005-av-gino-lenin-ferazzo-pq-industrial.pdf\">Av. Gino Lenin Ferazzo &#8211; Pq. Industrial<\/a><\/p>\n\n\n\n<p><a href=\"https:\/\/jundiai.sp.gov.br\/planejamento-e-meio-ambiente\/wp-content\/uploads\/sites\/15\/2024\/01\/pa22_011-av-eng-j-f-gimenes-molina-distrito-industrial.pdf\">Av. Eng. J. F. Gimenes Molina &#8211; Distrito Industrial<\/a><\/p>\n\n\n\n<p><a href=\"https:\/\/jundiai.sp.gov.br\/planejamento-e-meio-ambiente\/wp-content\/uploads\/sites\/15\/2024\/01\/pa22_012-emebs-e-horta-urbana-alvorada.pdf\">EMEBs e Horta Urbana &#8211; Alvorada<\/a><\/p>\n\n\n\n<p><a href=\"https:\/\/jundiai.sp.gov.br\/planejamento-e-meio-ambiente\/wp-content\/uploads\/sites\/15\/2024\/01\/pa22_013-ap-emeb-anna-pontes-chagas-alvorada.pdf\">EMEB Anna Pontes Chagas &#8211; Alvorada<\/a><\/p>\n\n\n\n<p><a href=\"https:\/\/jundiai.sp.gov.br\/planejamento-e-meio-ambiente\/wp-content\/uploads\/sites\/15\/2024\/01\/pa23_010-praca-mansueto-rigoni-bonfliglioli.pdf\">Pra\u00e7a Mansueto Rigoni &#8211; Bonfliglioli<\/a><\/p>\n\n\n\n<p><a href=\"https:\/\/jundiai.sp.gov.br\/planejamento-e-meio-ambiente\/wp-content\/uploads\/sites\/15\/2024\/01\/pasi_001-av-ignez-z-fabricio-e-cesar-puglia-samambaia.pdf\">Av. Ignez Z. Fabr\u00edcio e C\u00e9sar P\u00faglia<\/a><\/p>\n\n\n\n<p><a href=\"https:\/\/jundiai.sp.gov.br\/planejamento-e-meio-ambiente\/wp-content\/uploads\/sites\/15\/2024\/01\/pasi_002-vila-liberdade.pdf\">Vila Liberdade<\/a><\/p>\n\n\n\n<p><\/p>\n","protected":false},"excerpt":{"rendered":"<p>Rua Joaquim Nabuco &#8211; Ponte S\u00e3o Jo\u00e3o Rua Ant\u00f4nio Francisco Lisboa &#8211; Alvorada Av. Arquimedes e Av. Ant\u00f4nio Pincinato &#8211; Alvorada Novo Horizonte Av. das Brisas e Adilson Rodrigues &#8211; Jardim Samambaia Complexo Fepasa Vila Arens Centro Esportivo Ant\u00f4nio Lacovino Av. Ol\u00edvio Boa &#8211; Torres de S\u00e3o Jos\u00e9 Rua Jos\u00e9 Belesso &#8211; Ponte S\u00e3o Jo\u00e3o [&hellip;]<\/p>\n","protected":false},"author":69,"featured_media":0,"parent":5513,"menu_order":0,"comment_status":"closed","ping_status":"closed","template":"","meta":{"footnotes":""},"class_list":["post-6980","page","type-page","status-publish","hentry"],"_links":{"self":[{"href":"https:\/\/jundiai.sp.gov.br\/planejamento-e-meio-ambiente\/wp-json\/wp\/v2\/pages\/6980","targetHints":{"allow":["GET"]}}],"collection":[{"href":"https:\/\/jundiai.sp.gov.br\/planejamento-e-meio-ambiente\/wp-json\/wp\/v2\/pages"}],"about":[{"href":"https:\/\/jundiai.sp.gov.br\/planejamento-e-meio-ambiente\/wp-json\/wp\/v2\/types\/page"}],"author":[{"embeddable":true,"href":"https:\/\/jundiai.sp.gov.br\/planejamento-e-meio-ambiente\/wp-json\/wp\/v2\/users\/69"}],"replies":[{"embeddable":true,"href":"https:\/\/jundiai.sp.gov.br\/planejamento-e-meio-ambiente\/wp-json\/wp\/v2\/comments?post=6980"}],"version-history":[{"count":2,"href":"https:\/\/jundiai.sp.gov.br\/planejamento-e-meio-ambiente\/wp-json\/wp\/v2\/pages\/6980\/revisions"}],"predecessor-version":[{"id":7160,"href":"https:\/\/jundiai.sp.gov.br\/planejamento-e-meio-ambiente\/wp-json\/wp\/v2\/pages\/6980\/revisions\/7160"}],"up":[{"embeddable":true,"href":"https:\/\/jundiai.sp.gov.br\/planejamento-e-meio-ambiente\/wp-json\/wp\/v2\/pages\/5513"}],"wp:attachment":[{"href":"https:\/\/jundiai.sp.gov.br\/planejamento-e-meio-ambiente\/wp-json\/wp\/v2\/media?parent=6980"}],"curies":[{"name":"wp","href":"https:\/\/api.w.org\/{rel}","templated":true}]}}

<p><a href="https://jundiai.sp.gov.br/planejamento-e-meio-ambiente/wp-content/uploads/sites/15/2024/04/pa21_012-rua-joaquim-nabuco-ponte-sao-joao-1.pdf">Rua Joaquim Nabuco &#8211; Ponte São João</a></p>



<p><a href="https://jundiai.sp.gov.br/planejamento-e-meio-ambiente/wp-content/uploads/sites/15/2024/04/pa21_010-rua-antonio-francisco-lisboa-alvorada.pdf">Rua Antônio Francisco Lisboa &#8211; Alvorada</a></p>



<p><a href="https://jundiai.sp.gov.br/planejamento-e-meio-ambiente/wp-content/uploads/sites/15/2024/04/pa21_014-av-arquimedes-e-av-antonio-pincinato-alvorada.pdf">Av. Arquimedes e Av. Antônio Pincinato &#8211; Alvorada</a></p>



<p><a href="https://jundiai.sp.gov.br/planejamento-e-meio-ambiente/wp-content/uploads/sites/15/2024/01/pa20_001-novo-horizonte.pdf">Novo Horizonte</a></p>



<p><a href="https://jundiai.sp.gov.br/planejamento-e-meio-ambiente/wp-content/uploads/sites/15/2024/01/pa21_001-av-das-brisas-e-adilson-rodrigues-samambaia.pdf">Av. das Brisas e Adilson Rodrigues &#8211; Jardim Samambaia</a> </p>



<p><a href="https://jundiai.sp.gov.br/planejamento-e-meio-ambiente/wp-content/uploads/sites/15/2024/01/pa21_002-complexo-fepasa.pdf">Complexo Fepasa</a></p>



<p><a href="https://jundiai.sp.gov.br/planejamento-e-meio-ambiente/wp-content/uploads/sites/15/2024/01/pa21_004-vila-arens.pdf">Vila Arens</a></p>



<p><a href="https://jundiai.sp.gov.br/planejamento-e-meio-ambiente/wp-content/uploads/sites/15/2024/01/pa21_006-centro-esportivo-antonio-lacovino.pdf">Centro Esportivo Antônio Lacovino</a></p>



<p><a href="https://jundiai.sp.gov.br/planejamento-e-meio-ambiente/wp-content/uploads/sites/15/2024/01/pa21_007-av-olivio-boa-torres-de-sao-jose.pdf">Av. Olívio Boa &#8211; Torres de São José</a></p>



<p><a href="https://jundiai.sp.gov.br/planejamento-e-meio-ambiente/wp-content/uploads/sites/15/2024/01/pa21_011-rua-jose-belesso-ponte-sao-joao.pdf">Rua José Belesso &#8211; Ponte São João</a></p>



<p><a href="https://jundiai.sp.gov.br/planejamento-e-meio-ambiente/wp-content/uploads/sites/15/2024/01/pa21_013-av-gino-lenin-ferazzo-parque-industrial.pdf">Av. Gino Lenin Ferazzo &#8211; Parque Industrial</a></p>



<p><a href="https://jundiai.sp.gov.br/planejamento-e-meio-ambiente/wp-content/uploads/sites/15/2024/01/pa21_015-rua-francisco-alves-vila-progresso.pdf">Rua Francisco Alves &#8211; Vila Progresso</a></p>



<p><a href="https://jundiai.sp.gov.br/planejamento-e-meio-ambiente/wp-content/uploads/sites/15/2024/01/pa21_016-rua-david-zoilo-morandini-anhangabau.pdf">Rua David Zoilo Morandini &#8211; Anhangabaú</a></p>



<p><a href="https://jundiai.sp.gov.br/planejamento-e-meio-ambiente/wp-content/uploads/sites/15/2024/01/pa22_002-emeb-florisa-volpe-1.pdf">EMEB Florisa Volpe</a> </p>



<p><a href="https://jundiai.sp.gov.br/planejamento-e-meio-ambiente/wp-content/uploads/sites/15/2024/01/pa22_004-emeb-naman-tayar-sao-camilo.pdf">EMEB Naman Tayar &#8211; São Camilo</a></p>



<p><a href="https://jundiai.sp.gov.br/planejamento-e-meio-ambiente/wp-content/uploads/sites/15/2024/01/pa22_005-av-gino-lenin-ferazzo-pq-industrial.pdf">Av. Gino Lenin Ferazzo &#8211; Pq. Industrial</a></p>



<p><a href="https://jundiai.sp.gov.br/planejamento-e-meio-ambiente/wp-content/uploads/sites/15/2024/01/pa22_011-av-eng-j-f-gimenes-molina-distrito-industrial.pdf">Av. Eng. J. F. Gimenes Molina &#8211; Distrito Industrial</a></p>



<p><a href="https://jundiai.sp.gov.br/planejamento-e-meio-ambiente/wp-content/uploads/sites/15/2024/01/pa22_012-emebs-e-horta-urbana-alvorada.pdf">EMEBs e Horta Urbana &#8211; Alvorada</a></p>



<p><a href="https://jundiai.sp.gov.br/planejamento-e-meio-ambiente/wp-content/uploads/sites/15/2024/01/pa22_013-ap-emeb-anna-pontes-chagas-alvorada.pdf">EMEB Anna Pontes Chagas &#8211; Alvorada</a></p>



<p><a href="https://jundiai.sp.gov.br/planejamento-e-meio-ambiente/wp-content/uploads/sites/15/2024/01/pa23_010-praca-mansueto-rigoni-bonfliglioli.pdf">Praça Mansueto Rigoni &#8211; Bonfliglioli</a></p>



<p><a href="https://jundiai.sp.gov.br/planejamento-e-meio-ambiente/wp-content/uploads/sites/15/2024/01/pasi_001-av-ignez-z-fabricio-e-cesar-puglia-samambaia.pdf">Av. Ignez Z. Fabrício e César Púglia</a></p>



<p><a href="https://jundiai.sp.gov.br/planejamento-e-meio-ambiente/wp-content/uploads/sites/15/2024/01/pasi_002-vila-liberdade.pdf">Vila Liberdade</a></p>



<p></p>

<p>Rua Joaquim Nabuco &#8211; Ponte São João Rua Antônio Francisco Lisboa &#8211; Alvorada Av. Arquimedes e Av. Antônio Pincinato &#8211; Alvorada Novo Horizonte Av. das Brisas e Adilson Rodrigues &#8211; Jardim Samambaia Complexo Fepasa Vila Arens Centro Esportivo Antônio Lacovino Av. Olívio Boa &#8211; Torres de São José Rua José Belesso &#8211; Ponte São João [&hellip;]</p>
