{"id":7002,"date":"2024-01-25T15:55:01","date_gmt":"2024-01-25T18:55:01","guid":{"rendered":"https:\/\/jundiai.sp.gov.br\/planejamento-e-meio-ambiente\/?page_id=7002"},"modified":"2024-10-29T15:13:34","modified_gmt":"2024-10-29T18:13:34","slug":"projetos-a-executar","status":"publish","type":"page","link":"https:\/\/jundiai.sp.gov.br\/planejamento-e-meio-ambiente\/projetos-pe-de-arvore-2\/projetos-a-executar\/","title":{"rendered":"Projetos a executar"},"content":{"rendered":"\n<p><a href=\"https:\/\/jundiai.sp.gov.br\/planejamento-e-meio-ambiente\/wp-content\/uploads\/sites\/15\/2024\/10\/pa23_003-senac-anhangabau.pdf\">Senac &#8211; Anhangaba\u00fa<\/a><\/p>\n\n\n\n<p><a href=\"https:\/\/jundiai.sp.gov.br\/planejamento-e-meio-ambiente\/wp-content\/uploads\/sites\/15\/2024\/10\/pa23_005-rua-adolfo-torriceli-vianelo.pdf\">Rua Adolfo Torricelli &#8211; Vianelo<\/a><\/p>\n\n\n\n<p><a href=\"https:\/\/jundiai.sp.gov.br\/planejamento-e-meio-ambiente\/wp-content\/uploads\/sites\/15\/2024\/10\/pa23_002-rua-tiradentes-vila-das-hortencias.pdf\">Rua Tiradentes &#8211; Vila das Hort\u00eancias<\/a><\/p>\n\n\n\n<p><a href=\"https:\/\/jundiai.sp.gov.br\/planejamento-e-meio-ambiente\/wp-content\/uploads\/sites\/15\/2024\/10\/pa23_004-rua-sao-carlos-borromeu-colonia-1.pdf\">Rua S\u00e3o Carlos Borromeu &#8211; Col\u00f4nia<\/a><\/p>\n\n\n\n<p><a href=\"https:\/\/jundiai.sp.gov.br\/planejamento-e-meio-ambiente\/wp-content\/uploads\/sites\/15\/2024\/10\/pa23_001-av-prefeito-luis-latorre-retiro.pdf\">Rua Prefeito Lu\u00eds Latorre &#8211; Retiro<\/a> <\/p>\n\n\n\n<p><a href=\"https:\/\/jundiai.sp.gov.br\/planejamento-e-meio-ambiente\/wp-content\/uploads\/sites\/15\/2024\/10\/pa23_006-rua-daniel-antonio-dos-santos-pq-res-ll.pdf\">Rua Daniel Ant\u00f4nio dos Santos &#8211; Pq. Res. II<\/a><\/p>\n\n\n\n<p><a href=\"https:\/\/jundiai.sp.gov.br\/planejamento-e-meio-ambiente\/wp-content\/uploads\/sites\/15\/2024\/10\/pa23_007-rua-dino-vila-joana.pdf\">Rua Dino &#8211; Vila Joana<\/a> <\/p>\n\n\n\n<p><a href=\"https:\/\/jundiai.sp.gov.br\/planejamento-e-meio-ambiente\/wp-content\/uploads\/sites\/15\/2024\/10\/pa24_001-rua-joao-victor-atisani-jd-tamoio.pdf\">Rua Jo\u00e3o Victor Atisani &#8211; Jd. Tamoio<\/a><\/p>\n\n\n\n<p><a href=\"https:\/\/jundiai.sp.gov.br\/planejamento-e-meio-ambiente\/wp-content\/uploads\/sites\/15\/2024\/10\/pa23_008-rua-amapa-agapeama.pdf\">Rua Amap\u00e1 &#8211; Agapeama<\/a><\/p>\n\n\n\n<p><a href=\"https:\/\/jundiai.sp.gov.br\/planejamento-e-meio-ambiente\/wp-content\/uploads\/sites\/15\/2024\/04\/pa22_008-rua-padre-eloi-esperandio-dalla-vecchia-tulipas-1-1.pdf\">Rua Padre Eloi Sperandio Dalla Vecchia &#8211; Tulipas<\/a><\/p>\n\n\n\n<p><a href=\"https:\/\/jundiai.sp.gov.br\/planejamento-e-meio-ambiente\/wp-content\/uploads\/sites\/15\/2024\/01\/pa22_007-av-nami-azem-colonia.pdf\">Av. Nami Azem &#8211; Col\u00f4nia<\/a><\/p>\n\n\n\n<p><a href=\"https:\/\/jundiai.sp.gov.br\/planejamento-e-meio-ambiente\/wp-content\/uploads\/sites\/15\/2024\/01\/pa22_003-rua-aristano-nogueira-vila-rami.pdf\">Rua Aristano Nogueira &#8211; Vila Rami<\/a><\/p>\n\n\n\n<p><a href=\"https:\/\/jundiai.sp.gov.br\/planejamento-e-meio-ambiente\/wp-content\/uploads\/sites\/15\/2024\/01\/pa22_006-rua-lupercio-da-silveira-pupo-alvorada.pdf\">Rua Lupercio da Silveira Pupo &#8211; Alvorada<\/a><\/p>\n\n\n\n<p><a href=\"https:\/\/jundiai.sp.gov.br\/planejamento-e-meio-ambiente\/wp-content\/uploads\/sites\/15\/2024\/01\/pa22_014-rua-benedito-marinho-dos-santos-novo-horizonte.pdf\">Rua Benedito Marinho dos Santos &#8211; Novo<\/a><\/p>\n\n\n\n<p><a href=\"https:\/\/jundiai.sp.gov.br\/planejamento-e-meio-ambiente\/wp-content\/uploads\/sites\/15\/2024\/01\/pa22_015-rua-doutor-felipe-elias-hortolandia.pdf\">Rua Doutor Felipe Elias &#8211; Hortol\u00e2ndia<\/a><\/p>\n\n\n\n<p><a href=\"https:\/\/jundiai.sp.gov.br\/planejamento-e-meio-ambiente\/wp-content\/uploads\/sites\/15\/2024\/01\/pa23_001-av-prefeito-luis-latorre-retiro.pdf\">Av. Prefeito Luis Latorre &#8211; Retiro<\/a> <\/p>\n","protected":false},"excerpt":{"rendered":"<p>Senac &#8211; Anhangaba\u00fa Rua Adolfo Torricelli &#8211; Vianelo Rua Tiradentes &#8211; Vila das Hort\u00eancias Rua S\u00e3o Carlos Borromeu &#8211; Col\u00f4nia Rua Prefeito Lu\u00eds Latorre &#8211; Retiro Rua Daniel Ant\u00f4nio dos Santos &#8211; Pq. Res. II Rua Dino &#8211; Vila Joana Rua Jo\u00e3o Victor Atisani &#8211; Jd. Tamoio Rua Amap\u00e1 &#8211; Agapeama Rua Padre Eloi Sperandio [&hellip;]<\/p>\n","protected":false},"author":69,"featured_media":0,"parent":5513,"menu_order":0,"comment_status":"closed","ping_status":"closed","template":"","meta":{"footnotes":""},"class_list":["post-7002","page","type-page","status-publish","hentry"],"_links":{"self":[{"href":"https:\/\/jundiai.sp.gov.br\/planejamento-e-meio-ambiente\/wp-json\/wp\/v2\/pages\/7002","targetHints":{"allow":["GET"]}}],"collection":[{"href":"https:\/\/jundiai.sp.gov.br\/planejamento-e-meio-ambiente\/wp-json\/wp\/v2\/pages"}],"about":[{"href":"https:\/\/jundiai.sp.gov.br\/planejamento-e-meio-ambiente\/wp-json\/wp\/v2\/types\/page"}],"author":[{"embeddable":true,"href":"https:\/\/jundiai.sp.gov.br\/planejamento-e-meio-ambiente\/wp-json\/wp\/v2\/users\/69"}],"replies":[{"embeddable":true,"href":"https:\/\/jundiai.sp.gov.br\/planejamento-e-meio-ambiente\/wp-json\/wp\/v2\/comments?post=7002"}],"version-history":[{"count":8,"href":"https:\/\/jundiai.sp.gov.br\/planejamento-e-meio-ambiente\/wp-json\/wp\/v2\/pages\/7002\/revisions"}],"predecessor-version":[{"id":7340,"href":"https:\/\/jundiai.sp.gov.br\/planejamento-e-meio-ambiente\/wp-json\/wp\/v2\/pages\/7002\/revisions\/7340"}],"up":[{"embeddable":true,"href":"https:\/\/jundiai.sp.gov.br\/planejamento-e-meio-ambiente\/wp-json\/wp\/v2\/pages\/5513"}],"wp:attachment":[{"href":"https:\/\/jundiai.sp.gov.br\/planejamento-e-meio-ambiente\/wp-json\/wp\/v2\/media?parent=7002"}],"curies":[{"name":"wp","href":"https:\/\/api.w.org\/{rel}","templated":true}]}}

<p><a href="https://jundiai.sp.gov.br/planejamento-e-meio-ambiente/wp-content/uploads/sites/15/2024/10/pa23_003-senac-anhangabau.pdf">Senac &#8211; Anhangabaú</a></p>



<p><a href="https://jundiai.sp.gov.br/planejamento-e-meio-ambiente/wp-content/uploads/sites/15/2024/10/pa23_005-rua-adolfo-torriceli-vianelo.pdf">Rua Adolfo Torricelli &#8211; Vianelo</a></p>



<p><a href="https://jundiai.sp.gov.br/planejamento-e-meio-ambiente/wp-content/uploads/sites/15/2024/10/pa23_002-rua-tiradentes-vila-das-hortencias.pdf">Rua Tiradentes &#8211; Vila das Hortências</a></p>



<p><a href="https://jundiai.sp.gov.br/planejamento-e-meio-ambiente/wp-content/uploads/sites/15/2024/10/pa23_004-rua-sao-carlos-borromeu-colonia-1.pdf">Rua São Carlos Borromeu &#8211; Colônia</a></p>



<p><a href="https://jundiai.sp.gov.br/planejamento-e-meio-ambiente/wp-content/uploads/sites/15/2024/10/pa23_001-av-prefeito-luis-latorre-retiro.pdf">Rua Prefeito Luís Latorre &#8211; Retiro</a> </p>



<p><a href="https://jundiai.sp.gov.br/planejamento-e-meio-ambiente/wp-content/uploads/sites/15/2024/10/pa23_006-rua-daniel-antonio-dos-santos-pq-res-ll.pdf">Rua Daniel Antônio dos Santos &#8211; Pq. Res. II</a></p>



<p><a href="https://jundiai.sp.gov.br/planejamento-e-meio-ambiente/wp-content/uploads/sites/15/2024/10/pa23_007-rua-dino-vila-joana.pdf">Rua Dino &#8211; Vila Joana</a> </p>



<p><a href="https://jundiai.sp.gov.br/planejamento-e-meio-ambiente/wp-content/uploads/sites/15/2024/10/pa24_001-rua-joao-victor-atisani-jd-tamoio.pdf">Rua João Victor Atisani &#8211; Jd. Tamoio</a></p>



<p><a href="https://jundiai.sp.gov.br/planejamento-e-meio-ambiente/wp-content/uploads/sites/15/2024/10/pa23_008-rua-amapa-agapeama.pdf">Rua Amapá &#8211; Agapeama</a></p>



<p><a href="https://jundiai.sp.gov.br/planejamento-e-meio-ambiente/wp-content/uploads/sites/15/2024/04/pa22_008-rua-padre-eloi-esperandio-dalla-vecchia-tulipas-1-1.pdf">Rua Padre Eloi Sperandio Dalla Vecchia &#8211; Tulipas</a></p>



<p><a href="https://jundiai.sp.gov.br/planejamento-e-meio-ambiente/wp-content/uploads/sites/15/2024/01/pa22_007-av-nami-azem-colonia.pdf">Av. Nami Azem &#8211; Colônia</a></p>



<p><a href="https://jundiai.sp.gov.br/planejamento-e-meio-ambiente/wp-content/uploads/sites/15/2024/01/pa22_003-rua-aristano-nogueira-vila-rami.pdf">Rua Aristano Nogueira &#8211; Vila Rami</a></p>



<p><a href="https://jundiai.sp.gov.br/planejamento-e-meio-ambiente/wp-content/uploads/sites/15/2024/01/pa22_006-rua-lupercio-da-silveira-pupo-alvorada.pdf">Rua Lupercio da Silveira Pupo &#8211; Alvorada</a></p>



<p><a href="https://jundiai.sp.gov.br/planejamento-e-meio-ambiente/wp-content/uploads/sites/15/2024/01/pa22_014-rua-benedito-marinho-dos-santos-novo-horizonte.pdf">Rua Benedito Marinho dos Santos &#8211; Novo</a></p>



<p><a href="https://jundiai.sp.gov.br/planejamento-e-meio-ambiente/wp-content/uploads/sites/15/2024/01/pa22_015-rua-doutor-felipe-elias-hortolandia.pdf">Rua Doutor Felipe Elias &#8211; Hortolândia</a></p>



<p><a href="https://jundiai.sp.gov.br/planejamento-e-meio-ambiente/wp-content/uploads/sites/15/2024/01/pa23_001-av-prefeito-luis-latorre-retiro.pdf">Av. Prefeito Luis Latorre &#8211; Retiro</a> </p>

<p>Senac &#8211; Anhangabaú Rua Adolfo Torricelli &#8211; Vianelo Rua Tiradentes &#8211; Vila das Hortências Rua São Carlos Borromeu &#8211; Colônia Rua Prefeito Luís Latorre &#8211; Retiro Rua Daniel Antônio dos Santos &#8211; Pq. Res. II Rua Dino &#8211; Vila Joana Rua João Victor Atisani &#8211; Jd. Tamoio Rua Amapá &#8211; Agapeama Rua Padre Eloi Sperandio [&hellip;]</p>
