{"id":7053,"date":"2024-02-08T11:34:08","date_gmt":"2024-02-08T14:34:08","guid":{"rendered":"https:\/\/jundiai.sp.gov.br\/planejamento-e-meio-ambiente\/?page_id=7053"},"modified":"2024-02-08T11:34:08","modified_gmt":"2024-02-08T14:34:08","slug":"individuos-arboreos-isolados-localizados-na-serra-do-japi","status":"publish","type":"page","link":"https:\/\/jundiai.sp.gov.br\/planejamento-e-meio-ambiente\/servicos-online\/supressao-de-arvores-ou-vegetacao\/individuos-arboreos-isolados-localizados-na-serra-do-japi\/","title":{"rendered":"Indiv\u00edduos arb\u00f3reos isolados localizados na Serra do Japi"},"content":{"rendered":"\n<p>Os indiv\u00edduos arb\u00f3reos isolados localizados na \u00e1rea da Serra do Japi s\u00e3o imunes de corte nos termos da Lei Municipal n\u00ba 4.942, de 19 de dezembro de 1996.<\/p>\n","protected":false},"excerpt":{"rendered":"<p>Os indiv\u00edduos arb\u00f3reos isolados localizados na \u00e1rea da Serra do Japi s\u00e3o imunes de corte nos termos da Lei Municipal n\u00ba 4.942, de 19 de dezembro de 1996.<\/p>\n","protected":false},"author":8,"featured_media":0,"parent":1490,"menu_order":6,"comment_status":"closed","ping_status":"closed","template":"","meta":{"footnotes":""},"class_list":["post-7053","page","type-page","status-publish","hentry"],"_links":{"self":[{"href":"https:\/\/jundiai.sp.gov.br\/planejamento-e-meio-ambiente\/wp-json\/wp\/v2\/pages\/7053","targetHints":{"allow":["GET"]}}],"collection":[{"href":"https:\/\/jundiai.sp.gov.br\/planejamento-e-meio-ambiente\/wp-json\/wp\/v2\/pages"}],"about":[{"href":"https:\/\/jundiai.sp.gov.br\/planejamento-e-meio-ambiente\/wp-json\/wp\/v2\/types\/page"}],"author":[{"embeddable":true,"href":"https:\/\/jundiai.sp.gov.br\/planejamento-e-meio-ambiente\/wp-json\/wp\/v2\/users\/8"}],"replies":[{"embeddable":true,"href":"https:\/\/jundiai.sp.gov.br\/planejamento-e-meio-ambiente\/wp-json\/wp\/v2\/comments?post=7053"}],"version-history":[{"count":1,"href":"https:\/\/jundiai.sp.gov.br\/planejamento-e-meio-ambiente\/wp-json\/wp\/v2\/pages\/7053\/revisions"}],"predecessor-version":[{"id":7054,"href":"https:\/\/jundiai.sp.gov.br\/planejamento-e-meio-ambiente\/wp-json\/wp\/v2\/pages\/7053\/revisions\/7054"}],"up":[{"embeddable":true,"href":"https:\/\/jundiai.sp.gov.br\/planejamento-e-meio-ambiente\/wp-json\/wp\/v2\/pages\/1490"}],"wp:attachment":[{"href":"https:\/\/jundiai.sp.gov.br\/planejamento-e-meio-ambiente\/wp-json\/wp\/v2\/media?parent=7053"}],"curies":[{"name":"wp","href":"https:\/\/api.w.org\/{rel}","templated":true}]}}