{"id":7086,"date":"2024-03-04T11:49:43","date_gmt":"2024-03-04T14:49:43","guid":{"rendered":"https:\/\/jundiai.sp.gov.br\/planejamento-e-meio-ambiente\/?page_id=7086"},"modified":"2024-12-05T15:57:46","modified_gmt":"2024-12-05T18:57:46","slug":"conselho-municipal-de-defesae-bem-estar-animalcomdebea","status":"publish","type":"page","link":"https:\/\/jundiai.sp.gov.br\/planejamento-e-meio-ambiente\/conselhos\/conselho-municipal-de-defesae-bem-estar-animalcomdebea\/","title":{"rendered":"Conselho Municipal de Defesae Bem Estar Animal (COMDEBEA)"},"content":{"rendered":"\n<p><strong>Presidente:<\/strong> Claudia Sim\u00f5es Trevisan<br><strong>Vice-presidente:&nbsp;<\/strong><br><strong>1\u00ba Secret\u00e1rio:<\/strong>&nbsp;Francine Galeoti<br><strong>2\u00aa Secret\u00e1rio:<\/strong>&nbsp; Wagner de Paiva<br><strong>Telefone<\/strong>: (11) 4582-2649<\/p>\n\n\n\n<div class=\"wp-block-file\"><a id=\"wp-block-file--media-25907a63-7332-4286-addb-6c891b20d508\" href=\"https:\/\/jundiai.sp.gov.br\/planejamento-e-meio-ambiente\/wp-content\/uploads\/sites\/15\/2024\/12\/edital_ugpuma_43_2024_comdebea.pdf\" target=\"_blank\" rel=\"noreferrer noopener\">Edital Elei\u00e7\u00f5es COMDEBEA<\/a><\/div>\n\n\n\n<p><a href=\"https:\/\/forms.gle\/r8XfEk5emTT6ftAA8\" target=\"_blank\" rel=\"noreferrer noopener\">Fa\u00e7a sua Inscri\u00e7\u00e3o aqui<\/a><\/p>\n\n\n\n<h2 class=\"wp-block-heading\"><br>Agenda de reuni\u00f5es ordin\u00e1rias 2024<\/h2>\n\n\n\n<ul class=\"wp-block-list\">\n<li>Hor\u00e1rios: 15h \u00e0s 17h<\/li>\n\n\n\n<li>Local: Reuni\u00f5es virtuais atrav\u00e9s da plataforma meet<\/li>\n<\/ul>\n\n\n\n<h2 class=\"wp-block-heading\">Pautas das reuni\u00f5es<\/h2>\n\n\n\n<p>Convoca\u00e7\u00e3o reuni\u00e3o ordin\u00e1ria<br>Reuni\u00e3o online: Clique aqui<\/p>\n\n\n\n<h2 class=\"wp-block-heading\">Atas das reuni\u00f5es<\/h2>\n\n\n\n<p>2024<br>2023<br>2022<\/p>\n\n\n\n<h2 class=\"wp-block-heading\">Regimento Interno COMDEBEA<\/h2>\n\n\n\n<p>Imprensa Oficial<br>Decreto xxxx<\/p>\n","protected":false},"excerpt":{"rendered":"<p>Presidente: Claudia Sim\u00f5es TrevisanVice-presidente:&nbsp;1\u00ba Secret\u00e1rio:&nbsp;Francine Galeoti2\u00aa Secret\u00e1rio:&nbsp; Wagner de PaivaTelefone: (11) 4582-2649 Fa\u00e7a sua Inscri\u00e7\u00e3o aqui Agenda de reuni\u00f5es ordin\u00e1rias 2024 Pautas das reuni\u00f5es Convoca\u00e7\u00e3o reuni\u00e3o ordin\u00e1riaReuni\u00e3o online: Clique aqui Atas das reuni\u00f5es 202420232022 Regimento Interno COMDEBEA Imprensa OficialDecreto xxxx<\/p>\n","protected":false},"author":69,"featured_media":0,"parent":598,"menu_order":0,"comment_status":"closed","ping_status":"closed","template":"","meta":{"footnotes":""},"class_list":["post-7086","page","type-page","status-publish","hentry"],"_links":{"self":[{"href":"https:\/\/jundiai.sp.gov.br\/planejamento-e-meio-ambiente\/wp-json\/wp\/v2\/pages\/7086","targetHints":{"allow":["GET"]}}],"collection":[{"href":"https:\/\/jundiai.sp.gov.br\/planejamento-e-meio-ambiente\/wp-json\/wp\/v2\/pages"}],"about":[{"href":"https:\/\/jundiai.sp.gov.br\/planejamento-e-meio-ambiente\/wp-json\/wp\/v2\/types\/page"}],"author":[{"embeddable":true,"href":"https:\/\/jundiai.sp.gov.br\/planejamento-e-meio-ambiente\/wp-json\/wp\/v2\/users\/69"}],"replies":[{"embeddable":true,"href":"https:\/\/jundiai.sp.gov.br\/planejamento-e-meio-ambiente\/wp-json\/wp\/v2\/comments?post=7086"}],"version-history":[{"count":5,"href":"https:\/\/jundiai.sp.gov.br\/planejamento-e-meio-ambiente\/wp-json\/wp\/v2\/pages\/7086\/revisions"}],"predecessor-version":[{"id":7512,"href":"https:\/\/jundiai.sp.gov.br\/planejamento-e-meio-ambiente\/wp-json\/wp\/v2\/pages\/7086\/revisions\/7512"}],"up":[{"embeddable":true,"href":"https:\/\/jundiai.sp.gov.br\/planejamento-e-meio-ambiente\/wp-json\/wp\/v2\/pages\/598"}],"wp:attachment":[{"href":"https:\/\/jundiai.sp.gov.br\/planejamento-e-meio-ambiente\/wp-json\/wp\/v2\/media?parent=7086"}],"curies":[{"name":"wp","href":"https:\/\/api.w.org\/{rel}","templated":true}]}}

<p><strong>Presidente:</strong> Claudia Simões Trevisan<br><strong>Vice-presidente:&nbsp;</strong><br><strong>1º Secretário:</strong>&nbsp;Francine Galeoti<br><strong>2ª Secretário:</strong>&nbsp; Wagner de Paiva<br><strong>Telefone</strong>: (11) 4582-2649</p>



<div class="wp-block-file"><a id="wp-block-file--media-25907a63-7332-4286-addb-6c891b20d508" href="https://jundiai.sp.gov.br/planejamento-e-meio-ambiente/wp-content/uploads/sites/15/2024/12/edital_ugpuma_43_2024_comdebea.pdf" target="_blank" rel="noreferrer noopener">Edital Eleições COMDEBEA</a></div>



<p><a href="https://forms.gle/r8XfEk5emTT6ftAA8" target="_blank" rel="noreferrer noopener">Faça sua Inscrição aqui</a></p>



<h2 class="wp-block-heading"><br>Agenda de reuniões ordinárias 2024</h2>



<ul class="wp-block-list">
<li>Horários: 15h às 17h</li>



<li>Local: Reuniões virtuais através da plataforma meet</li>
</ul>



<h2 class="wp-block-heading">Pautas das reuniões</h2>



<p>Convocação reunião ordinária<br>Reunião online: Clique aqui</p>



<h2 class="wp-block-heading">Atas das reuniões</h2>



<p>2024<br>2023<br>2022</p>



<h2 class="wp-block-heading">Regimento Interno COMDEBEA</h2>



<p>Imprensa Oficial<br>Decreto xxxx</p>

<p>Presidente: Claudia Simões TrevisanVice-presidente:&nbsp;1º Secretário:&nbsp;Francine Galeoti2ª Secretário:&nbsp; Wagner de PaivaTelefone: (11) 4582-2649 Faça sua Inscrição aqui Agenda de reuniões ordinárias 2024 Pautas das reuniões Convocação reunião ordináriaReunião online: Clique aqui Atas das reuniões 202420232022 Regimento Interno COMDEBEA Imprensa OficialDecreto xxxx</p>
