{"id":7359,"date":"2024-11-22T10:49:04","date_gmt":"2024-11-22T13:49:04","guid":{"rendered":"https:\/\/jundiai.sp.gov.br\/planejamento-e-meio-ambiente\/?page_id=7359"},"modified":"2024-12-04T09:31:14","modified_gmt":"2024-12-04T12:31:14","slug":"1-conferencia-municipal-do-meio-ambiente-e-do-clima","status":"publish","type":"page","link":"https:\/\/jundiai.sp.gov.br\/planejamento-e-meio-ambiente\/eventos\/1-conferencia-municipal-do-meio-ambiente-e-do-clima\/","title":{"rendered":"1\u00b0 Confer\u00eancia Municipal do Meio Ambiente e do Clima"},"content":{"rendered":"\n<figure class=\"wp-block-image size-large\"><img decoding=\"async\" src=\"https:\/\/jundiai.sp.gov.br\/wp-content\/uploads\/2024\/11\/1_-confer_ncia-municipal-do-meio-ambiente-_-banner-site-1280x295.jpeg\" alt=\"\"\/><\/figure>\n\n\n\n<p class=\"has-text-align-left\">Em aten\u00e7\u00e3o \u00e0 Portaria do Minist\u00e9rio do Meio Ambiente n\u00ba 1.079, de 10 de junho de 2024, que convoca todos os Estados e Munic\u00edpios para a 5\u00aa Confer\u00eancia Nacional do Meio Ambiente (5\u00aa CNMA), o munic\u00edpio de Jundia\u00ed realizar\u00e1 a <strong>1\u00aa Confer\u00eancia Municipal do Meio Ambiente e do Clima<\/strong>, tendo como tema central <strong>\u201cEmerg\u00eancia clim\u00e1tica: o desafio da transforma\u00e7\u00e3o ecol\u00f3gica\u201d<\/strong>. As propostas discutidas em Jundia\u00ed servir\u00e3o como base para a realiza\u00e7\u00e3o da 5\u00aa Confer\u00eancia Estadual do Meio Ambiente e da 5\u00aa Confer\u00eancia Nacional do Meio Ambiente, a serem realizadas no ano de 2025, visando \u00e0 COP 30 que acontecer\u00e1 em Bel\u00e9m do Par\u00e1 (PA).&nbsp;<\/p>\n\n\n\n<h2 class=\"wp-block-heading has-large-font-size\"><strong>Local da confer\u00eancia:<\/strong><\/h2>\n\n\n\n<p><strong>Data: <\/strong>30\/11\/2024 (s\u00e1bado) <br><strong>Hor\u00e1rio:<\/strong> 08h \u00e0s 18h ( <a href=\"https:\/\/jundiai.sp.gov.br\/planejamento-e-meio-ambiente\/wp-content\/uploads\/sites\/15\/2024\/11\/1a-conferencia-municipal-do-meio-ambiente.pdf\">Programa\u00e7\u00e3o<\/a> )<br><strong>Local:<\/strong> <a href=\"https:\/\/maps.app.goo.gl\/sAHN8Q7QEtp6QYzk6\" target=\"_blank\" rel=\"noreferrer noopener\">Audit\u00f3rio DAE<\/a><br>Endere\u00e7o: Av. Alexandre Ludke, 1500 &#8211; Vila Bandeirantes, Jundia\u00ed &#8211; SP, 13214-020.<\/p>\n\n\n\n<h2 class=\"wp-block-heading\"><strong>Per\u00edodo de Inscri\u00e7\u00e3o:<\/strong><\/h2>\n\n\n\n<div class=\"wp-block-columns is-layout-flex wp-container-core-columns-is-layout-9d6595d7 wp-block-columns-is-layout-flex\">\n<div class=\"wp-block-column is-vertically-aligned-center is-layout-flow wp-block-column-is-layout-flow\" style=\"flex-basis:330px\">\n<p style=\"font-size:17px\"><strong>In\u00edcio: <\/strong>14\/11 \u00e0s 17h.<br><strong>Encerramento: <\/strong>29\/11 \u00e0s 10h<\/p>\n<\/div>\n\n\n\n<div class=\"wp-block-column is-vertically-aligned-top is-layout-flow wp-block-column-is-layout-flow\" style=\"flex-basis:480px\">\n<p class=\"has-text-align-center inscricao-encerrada has-medium-font-size\"><strong><mark style=\"background-color:rgba(0, 0, 0, 0)\" class=\"has-inline-color has-vivid-red-color\">INSCRI\u00c7\u00d5ES ENCERRADAS!<\/mark><\/strong><\/p>\n<\/div>\n<\/div>\n\n\n\n<div style=\"height:57px\" aria-hidden=\"true\" class=\"wp-block-spacer\"><\/div>\n\n\n\n<div class=\"wp-block-file\"><a id=\"wp-block-file--media-7b1f8783-669f-4b5b-a22d-2abc6ca2a15b\" href=\"https:\/\/jundiai.sp.gov.br\/planejamento-e-meio-ambiente\/wp-content\/uploads\/sites\/15\/2024\/11\/iom_34-580-1.pdf\" target=\"_blank\" rel=\"noreferrer noopener\">Decreto de Convoca\u00e7\u00e3o da Confer\u00eancia<\/a><a href=\"https:\/\/jundiai.sp.gov.br\/planejamento-e-meio-ambiente\/wp-content\/uploads\/sites\/15\/2024\/11\/iom_34-580-1.pdf\" class=\"wp-block-file__button wp-element-button\" download aria-describedby=\"wp-block-file--media-7b1f8783-669f-4b5b-a22d-2abc6ca2a15b\">Baixar<\/a><\/div>\n\n\n\n<div class=\"wp-block-file\"><a id=\"wp-block-file--media-73585814-6d66-4ccf-9ad5-41e381ca5344\" href=\"https:\/\/jundiai.sp.gov.br\/planejamento-e-meio-ambiente\/wp-content\/uploads\/sites\/15\/2024\/11\/234.pdf\" target=\"_blank\" rel=\"noreferrer noopener\">Portaria de nomea\u00e7\u00e3o da Comiss\u00e3o Organizadora<\/a><a href=\"https:\/\/jundiai.sp.gov.br\/planejamento-e-meio-ambiente\/wp-content\/uploads\/sites\/15\/2024\/11\/234.pdf\" class=\"wp-block-file__button wp-element-button\" download aria-describedby=\"wp-block-file--media-73585814-6d66-4ccf-9ad5-41e381ca5344\">Baixar<\/a><\/div>\n\n\n\n<div style=\"height:57px\" aria-hidden=\"true\" class=\"wp-block-spacer\"><\/div>\n\n\n\n<p class=\"has-medium-font-size\"><strong>O prop\u00f3sito da 1\u00aa Confer\u00eancia&nbsp;Municipal do Meio Ambiente e do Clima &#8211; Jundia\u00ed\/SP \u00e9:<\/strong><\/p>\n\n\n\n<p>Incentivar a ampla participa\u00e7\u00e3o da popula\u00e7\u00e3o na constru\u00e7\u00e3o de propostas para o enfrentamento da emerg\u00eancia clim\u00e1tica em Jundia\u00ed, em cinco eixos tem\u00e1ticos:<\/p>\n\n\n\n<p><strong>I.<\/strong> <strong>Mitiga\u00e7\u00e3o<\/strong><br><a href=\"https:\/\/jundiai.sp.gov.br\/planejamento-e-meio-ambiente\/wp-content\/uploads\/sites\/15\/2024\/11\/i-mitigacao-claudio-cunha.pdf\">Mediador<\/a><br><a href=\"https:\/\/jundiai.sp.gov.br\/planejamento-e-meio-ambiente\/wp-content\/uploads\/sites\/15\/2024\/12\/propostas-i-mitigacao-corrigida.pdf\" target=\"_blank\" rel=\"noreferrer noopener\">Propostas<\/a><br><br><strong>II.<\/strong> <strong>Adapta\u00e7\u00e3o e prepara\u00e7\u00e3o para desastres<\/strong><br><a href=\"https:\/\/jundiai.sp.gov.br\/planejamento-e-meio-ambiente\/wp-content\/uploads\/sites\/15\/2024\/11\/ii-adaptacao-aurelio-tonetto-ii.pdf\" target=\"_blank\" rel=\"noreferrer noopener\">Mediador<\/a><br><a href=\"https:\/\/jundiai.sp.gov.br\/planejamento-e-meio-ambiente\/wp-content\/uploads\/sites\/15\/2024\/12\/propostas-ii-adaptacao-e-preparacao-para-desastres_compressed.pdf\" target=\"_blank\" rel=\"noreferrer noopener\">Propostas<\/a><br><br><strong>III.<\/strong> <strong>Justi\u00e7a clim\u00e1tica<\/strong><br><a href=\"https:\/\/jundiai.sp.gov.br\/planejamento-e-meio-ambiente\/wp-content\/uploads\/sites\/15\/2024\/11\/iii-justica-juliana-oliveira.pdf\">Mediador<\/a><br><a href=\"https:\/\/jundiai.sp.gov.br\/planejamento-e-meio-ambiente\/wp-content\/uploads\/sites\/15\/2024\/12\/propostas-iii-justica-climatica_compressed.pdf\" target=\"_blank\" rel=\"noreferrer noopener\">Propostas<\/a><br><br><strong>IV.<\/strong> <strong>Transforma\u00e7\u00e3o ecol\u00f3gica<\/strong><br><a href=\"https:\/\/jundiai.sp.gov.br\/planejamento-e-meio-ambiente\/wp-content\/uploads\/sites\/15\/2024\/11\/iv-transformacao-samuel-nunes.pdf\">Mediador<\/a><br><a href=\"https:\/\/jundiai.sp.gov.br\/planejamento-e-meio-ambiente\/wp-content\/uploads\/sites\/15\/2024\/12\/propostas-iv-transformacao-ecologica_compressed.pdf\" target=\"_blank\" rel=\"noreferrer noopener\">Propostas<\/a><br><br><strong>V.<\/strong> <strong>Governan\u00e7a e educa\u00e7\u00e3o ambiental<\/strong><br><a href=\"https:\/\/jundiai.sp.gov.br\/planejamento-e-meio-ambiente\/wp-content\/uploads\/sites\/15\/2024\/11\/v-governanca-marcia-brandao.pdf\">Mediador<\/a><br><a href=\"https:\/\/jundiai.sp.gov.br\/planejamento-e-meio-ambiente\/wp-content\/uploads\/sites\/15\/2024\/12\/propostas-v-governanca-e-educacao-ambiental_compressed.pdf\" target=\"_blank\" rel=\"noreferrer noopener\">Propostas<\/a><\/p>\n\n\n\n<h2 class=\"wp-block-heading\"><strong>Delegados Eleitos<\/strong><\/h2>\n\n\n\n<div class=\"wp-block-file\"><a id=\"wp-block-file--media-1434702f-820a-42a6-9ceb-afe25c7857af\" href=\"https:\/\/jundiai.sp.gov.br\/planejamento-e-meio-ambiente\/wp-content\/uploads\/sites\/15\/2024\/12\/delegados-eleitos-setor-publico_compressed.pdf\" target=\"_blank\" rel=\"noreferrer noopener\">Poder P\u00fablico<\/a><\/div>\n\n\n\n<div class=\"wp-block-file\"><a id=\"wp-block-file--media-0081c442-9e78-41f5-9caf-13e529c00991\" href=\"https:\/\/jundiai.sp.gov.br\/planejamento-e-meio-ambiente\/wp-content\/uploads\/sites\/15\/2024\/12\/delegados-eleitos-sociedade-civil_compressed.pdf\" target=\"_blank\" rel=\"noreferrer noopener\">Sociedade Civil<\/a><\/div>\n\n\n\n<h2 class=\"wp-block-heading\"><strong>Para mais informa\u00e7\u00f5es:<\/strong><\/h2>\n\n\n\n<p>Acesse o link da <a href=\"https:\/\/brasilparticipativo.presidencia.gov.br\/processes\/cnma\">5\u00aa Confer\u00eancia Nacional do Meio Ambiente<\/a>;<br>Acesse o link da <a href=\"https:\/\/semil.sp.gov.br\/educacaoambiental\/videos\/participe-5a-conferencia-estadual-de-meio-ambiente\/#:~:text=Entre%20os%20dias%2003%20e,18%20de%20outubro%20de%202024.\">5\u00aa Confer\u00eancia Estadual do Meio Ambiente<\/a>;<br>Acesse as not\u00edcias da <a href=\"https:\/\/jundiai.sp.gov.br\/noticias\/tag\/1a-conferencia-municipal-do-meio-ambiente-e-do-clima\/\">1\u00aa Confer\u00eancia Municipal do Meio Ambiente de Jundia\u00ed<\/a>.<\/p>\n\n\n\n<style>\n.conf-evento {\nbox-shadow: 3px 3px 8px black;\nheight: 55px;\nline-height: 55px;\n}\n\n.conf-evento a {\npadding: 0;\nheight: 100%;\n}\n\n.conf-evento a:hover {\nbackground-color: #417148 !important;\n}\n\n.inscricao-encerrada {\nmargin-bottom: 0.3em !important;\n}\n\n<\/style>\n","protected":false},"excerpt":{"rendered":"<p>Em aten\u00e7\u00e3o \u00e0 Portaria do Minist\u00e9rio do Meio Ambiente n\u00ba 1.079, de 10 de junho de 2024, que convoca todos os Estados e Munic\u00edpios para a 5\u00aa Confer\u00eancia Nacional do Meio Ambiente (5\u00aa CNMA), o munic\u00edpio de Jundia\u00ed realizar\u00e1 a 1\u00aa Confer\u00eancia Municipal do Meio Ambiente e do Clima, tendo como tema central \u201cEmerg\u00eancia clim\u00e1tica: [&hellip;]<\/p>\n","protected":false},"author":117,"featured_media":0,"parent":137,"menu_order":0,"comment_status":"closed","ping_status":"closed","template":"","meta":{"footnotes":""},"class_list":["post-7359","page","type-page","status-publish","hentry"],"_links":{"self":[{"href":"https:\/\/jundiai.sp.gov.br\/planejamento-e-meio-ambiente\/wp-json\/wp\/v2\/pages\/7359","targetHints":{"allow":["GET"]}}],"collection":[{"href":"https:\/\/jundiai.sp.gov.br\/planejamento-e-meio-ambiente\/wp-json\/wp\/v2\/pages"}],"about":[{"href":"https:\/\/jundiai.sp.gov.br\/planejamento-e-meio-ambiente\/wp-json\/wp\/v2\/types\/page"}],"author":[{"embeddable":true,"href":"https:\/\/jundiai.sp.gov.br\/planejamento-e-meio-ambiente\/wp-json\/wp\/v2\/users\/117"}],"replies":[{"embeddable":true,"href":"https:\/\/jundiai.sp.gov.br\/planejamento-e-meio-ambiente\/wp-json\/wp\/v2\/comments?post=7359"}],"version-history":[{"count":94,"href":"https:\/\/jundiai.sp.gov.br\/planejamento-e-meio-ambiente\/wp-json\/wp\/v2\/pages\/7359\/revisions"}],"predecessor-version":[{"id":7499,"href":"https:\/\/jundiai.sp.gov.br\/planejamento-e-meio-ambiente\/wp-json\/wp\/v2\/pages\/7359\/revisions\/7499"}],"up":[{"embeddable":true,"href":"https:\/\/jundiai.sp.gov.br\/planejamento-e-meio-ambiente\/wp-json\/wp\/v2\/pages\/137"}],"wp:attachment":[{"href":"https:\/\/jundiai.sp.gov.br\/planejamento-e-meio-ambiente\/wp-json\/wp\/v2\/media?parent=7359"}],"curies":[{"name":"wp","href":"https:\/\/api.w.org\/{rel}","templated":true}]}}

1° Conferência Municipal do Meio Ambiente e do Clima

<figure class="wp-block-image size-large"><img decoding="async" src="https://jundiai.sp.gov.br/wp-content/uploads/2024/11/1_-confer_ncia-municipal-do-meio-ambiente-_-banner-site-1280x295.jpeg" alt=""/></figure>



<p class="has-text-align-left">Em atenção à Portaria do Ministério do Meio Ambiente nº 1.079, de 10 de junho de 2024, que convoca todos os Estados e Municípios para a 5ª Conferência Nacional do Meio Ambiente (5ª CNMA), o município de Jundiaí realizará a <strong>1ª Conferência Municipal do Meio Ambiente e do Clima</strong>, tendo como tema central <strong>“Emergência climática: o desafio da transformação ecológica”</strong>. As propostas discutidas em Jundiaí servirão como base para a realização da 5ª Conferência Estadual do Meio Ambiente e da 5ª Conferência Nacional do Meio Ambiente, a serem realizadas no ano de 2025, visando à COP 30 que acontecerá em Belém do Pará (PA).&nbsp;</p>



<h2 class="wp-block-heading has-large-font-size"><strong>Local da conferência:</strong></h2>



<p><strong>Data: </strong>30/11/2024 (sábado) <br><strong>Horário:</strong> 08h às 18h ( <a href="https://jundiai.sp.gov.br/planejamento-e-meio-ambiente/wp-content/uploads/sites/15/2024/11/1a-conferencia-municipal-do-meio-ambiente.pdf">Programação</a> )<br><strong>Local:</strong> <a href="https://maps.app.goo.gl/sAHN8Q7QEtp6QYzk6" target="_blank" rel="noreferrer noopener">Auditório DAE</a><br>Endereço: Av. Alexandre Ludke, 1500 &#8211; Vila Bandeirantes, Jundiaí &#8211; SP, 13214-020.</p>



<h2 class="wp-block-heading"><strong>Período de Inscrição:</strong></h2>



<div class="wp-block-columns is-layout-flex wp-container-core-columns-is-layout-9d6595d7 wp-block-columns-is-layout-flex">
<div class="wp-block-column is-vertically-aligned-center is-layout-flow wp-block-column-is-layout-flow" style="flex-basis:330px">
<p style="font-size:17px"><strong>Início: </strong>14/11 às 17h.<br><strong>Encerramento: </strong>29/11 às 10h</p>
</div>



<div class="wp-block-column is-vertically-aligned-top is-layout-flow wp-block-column-is-layout-flow" style="flex-basis:480px">
<p class="has-text-align-center inscricao-encerrada has-medium-font-size"><strong><mark style="background-color:rgba(0, 0, 0, 0)" class="has-inline-color has-vivid-red-color">INSCRIÇÕES ENCERRADAS!</mark></strong></p>
</div>
</div>



<div style="height:57px" aria-hidden="true" class="wp-block-spacer"></div>



<div class="wp-block-file"><a id="wp-block-file--media-7b1f8783-669f-4b5b-a22d-2abc6ca2a15b" href="https://jundiai.sp.gov.br/planejamento-e-meio-ambiente/wp-content/uploads/sites/15/2024/11/iom_34-580-1.pdf" target="_blank" rel="noreferrer noopener">Decreto de Convocação da Conferência</a><a href="https://jundiai.sp.gov.br/planejamento-e-meio-ambiente/wp-content/uploads/sites/15/2024/11/iom_34-580-1.pdf" class="wp-block-file__button wp-element-button" download aria-describedby="wp-block-file--media-7b1f8783-669f-4b5b-a22d-2abc6ca2a15b">Baixar</a></div>



<div class="wp-block-file"><a id="wp-block-file--media-73585814-6d66-4ccf-9ad5-41e381ca5344" href="https://jundiai.sp.gov.br/planejamento-e-meio-ambiente/wp-content/uploads/sites/15/2024/11/234.pdf" target="_blank" rel="noreferrer noopener">Portaria de nomeação da Comissão Organizadora</a><a href="https://jundiai.sp.gov.br/planejamento-e-meio-ambiente/wp-content/uploads/sites/15/2024/11/234.pdf" class="wp-block-file__button wp-element-button" download aria-describedby="wp-block-file--media-73585814-6d66-4ccf-9ad5-41e381ca5344">Baixar</a></div>



<div style="height:57px" aria-hidden="true" class="wp-block-spacer"></div>



<p class="has-medium-font-size"><strong>O propósito da 1ª Conferência&nbsp;Municipal do Meio Ambiente e do Clima &#8211; Jundiaí/SP é:</strong></p>



<p>Incentivar a ampla participação da população na construção de propostas para o enfrentamento da emergência climática em Jundiaí, em cinco eixos temáticos:</p>



<p><strong>I.</strong> <strong>Mitigação</strong><br><a href="https://jundiai.sp.gov.br/planejamento-e-meio-ambiente/wp-content/uploads/sites/15/2024/11/i-mitigacao-claudio-cunha.pdf">Mediador</a><br><a href="https://jundiai.sp.gov.br/planejamento-e-meio-ambiente/wp-content/uploads/sites/15/2024/12/propostas-i-mitigacao-corrigida.pdf" target="_blank" rel="noreferrer noopener">Propostas</a><br><br><strong>II.</strong> <strong>Adaptação e preparação para desastres</strong><br><a href="https://jundiai.sp.gov.br/planejamento-e-meio-ambiente/wp-content/uploads/sites/15/2024/11/ii-adaptacao-aurelio-tonetto-ii.pdf" target="_blank" rel="noreferrer noopener">Mediador</a><br><a href="https://jundiai.sp.gov.br/planejamento-e-meio-ambiente/wp-content/uploads/sites/15/2024/12/propostas-ii-adaptacao-e-preparacao-para-desastres_compressed.pdf" target="_blank" rel="noreferrer noopener">Propostas</a><br><br><strong>III.</strong> <strong>Justiça climática</strong><br><a href="https://jundiai.sp.gov.br/planejamento-e-meio-ambiente/wp-content/uploads/sites/15/2024/11/iii-justica-juliana-oliveira.pdf">Mediador</a><br><a href="https://jundiai.sp.gov.br/planejamento-e-meio-ambiente/wp-content/uploads/sites/15/2024/12/propostas-iii-justica-climatica_compressed.pdf" target="_blank" rel="noreferrer noopener">Propostas</a><br><br><strong>IV.</strong> <strong>Transformação ecológica</strong><br><a href="https://jundiai.sp.gov.br/planejamento-e-meio-ambiente/wp-content/uploads/sites/15/2024/11/iv-transformacao-samuel-nunes.pdf">Mediador</a><br><a href="https://jundiai.sp.gov.br/planejamento-e-meio-ambiente/wp-content/uploads/sites/15/2024/12/propostas-iv-transformacao-ecologica_compressed.pdf" target="_blank" rel="noreferrer noopener">Propostas</a><br><br><strong>V.</strong> <strong>Governança e educação ambiental</strong><br><a href="https://jundiai.sp.gov.br/planejamento-e-meio-ambiente/wp-content/uploads/sites/15/2024/11/v-governanca-marcia-brandao.pdf">Mediador</a><br><a href="https://jundiai.sp.gov.br/planejamento-e-meio-ambiente/wp-content/uploads/sites/15/2024/12/propostas-v-governanca-e-educacao-ambiental_compressed.pdf" target="_blank" rel="noreferrer noopener">Propostas</a></p>



<h2 class="wp-block-heading"><strong>Delegados Eleitos</strong></h2>



<div class="wp-block-file"><a id="wp-block-file--media-1434702f-820a-42a6-9ceb-afe25c7857af" href="https://jundiai.sp.gov.br/planejamento-e-meio-ambiente/wp-content/uploads/sites/15/2024/12/delegados-eleitos-setor-publico_compressed.pdf" target="_blank" rel="noreferrer noopener">Poder Público</a></div>



<div class="wp-block-file"><a id="wp-block-file--media-0081c442-9e78-41f5-9caf-13e529c00991" href="https://jundiai.sp.gov.br/planejamento-e-meio-ambiente/wp-content/uploads/sites/15/2024/12/delegados-eleitos-sociedade-civil_compressed.pdf" target="_blank" rel="noreferrer noopener">Sociedade Civil</a></div>



<h2 class="wp-block-heading"><strong>Para mais informações:</strong></h2>



<p>Acesse o link da <a href="https://brasilparticipativo.presidencia.gov.br/processes/cnma">5ª Conferência Nacional do Meio Ambiente</a>;<br>Acesse o link da <a href="https://semil.sp.gov.br/educacaoambiental/videos/participe-5a-conferencia-estadual-de-meio-ambiente/#:~:text=Entre%20os%20dias%2003%20e,18%20de%20outubro%20de%202024.">5ª Conferência Estadual do Meio Ambiente</a>;<br>Acesse as notícias da <a href="https://jundiai.sp.gov.br/noticias/tag/1a-conferencia-municipal-do-meio-ambiente-e-do-clima/">1ª Conferência Municipal do Meio Ambiente de Jundiaí</a>.</p>



<style>
.conf-evento {
box-shadow: 3px 3px 8px black;
height: 55px;
line-height: 55px;
}

.conf-evento a {
padding: 0;
height: 100%;
}

.conf-evento a:hover {
background-color: #417148 !important;
}

.inscricao-encerrada {
margin-bottom: 0.3em !important;
}

</style>

<p>Em atenção à Portaria do Ministério do Meio Ambiente nº 1.079, de 10 de junho de 2024, que convoca todos os Estados e Municípios para a 5ª Conferência Nacional do Meio Ambiente (5ª CNMA), o município de Jundiaí realizará a 1ª Conferência Municipal do Meio Ambiente e do Clima, tendo como tema central “Emergência climática: [&hellip;]</p>
