{"id":7855,"date":"2025-10-02T11:47:09","date_gmt":"2025-10-02T14:47:09","guid":{"rendered":"https:\/\/jundiai.sp.gov.br\/planejamento-e-meio-ambiente\/?page_id=7855"},"modified":"2025-12-19T14:41:07","modified_gmt":"2025-12-19T17:41:07","slug":"projetos","status":"publish","type":"page","link":"https:\/\/jundiai.sp.gov.br\/planejamento-e-meio-ambiente\/visitacao-monitorada\/projetos\/","title":{"rendered":"Projetos"},"content":{"rendered":"\n<h5 class=\"wp-block-heading\">AVISTAMENTO DE AVES (BIRDWATCHING)<\/h5>\n\n\n\n<p>O avistamento de aves \u00e9 uma atividade dentro do Programas de Visitas Monitoradas.<\/p>\n\n\n\n<p>A atividade, tamb\u00e9m conhecida por \u201cpassarinhar\u201d ou, em ingl\u00eas, birdwatching e birding, consiste em observar as aves nativas, identific\u00e1-las e fotograf\u00e1-las em ambientes naturais e, neste caso, na Reserva Biol\u00f3gica da Serra do Japi e <strong>sempre acompanhado do educador ambiental.<\/strong><\/p>\n\n\n\n<p>O avistamento contribuir\u00e1 para a constru\u00e7\u00e3o de um banco de dados sobre a avifauna na Serra do Japi, podendo embasar planos de conserva\u00e7\u00e3o de esp\u00e9cies e a\u00e7\u00f5es chaves para prote\u00e7\u00e3o das aves e de seus habitats, ressaltando o papel de colabora\u00e7\u00e3o de cada observador dentro da vertente da ci\u00eancia cidad\u00e3.<\/p>\n\n\n\n<p>Seguem algumas informa\u00e7\u00f5es importantes:<\/p>\n\n\n\n<ol class=\"wp-block-list\">\n<li>Reunir um grupo de, no m\u00e1ximo, 10 pessoas. Caso seja uma solicita\u00e7\u00e3o individual ser\u00e1 necess\u00e1rio aguardar a forma\u00e7\u00e3o de um grupo;<\/li>\n\n\n\n<li><a href=\"https:\/\/docs.google.com\/spreadsheets\/d\/1PjxcN0uhBTjlF8wXlVpf7eUUhnm1gMaEzUOkTFGfmMk\/edit?gid=738262642#gid=738262642\" target=\"_blank\" rel=\"noreferrer noopener\">Acessar a Programa\u00e7\u00e3o de Visitas neste link<\/a>. Nela constam as datas dispon\u00edveis para os avistamentos.\u00a0<\/li>\n\n\n\n<li>Use trajes adequados e de prote\u00e7\u00e3o como perneira contra picada de serpentes ou botas de couro.<\/li>\n\n\n\n<li>Preste aten\u00e7\u00e3o aos hor\u00e1rios<br>As primeiras horas da manh\u00e3 s\u00e3o os hor\u00e1rios de maior atividade das aves, portanto a atividade ter\u00e1 in\u00edcio por volta das 06 horas;<\/li>\n\n\n\n<li>Preferencialmente, use equipamento de observa\u00e7\u00e3o;<\/li>\n\n\n\n<li>Por ser uma Reserva Biol\u00f3gica, o (a) educador (a) ambiental ir\u00e1 discursar sobre a import\u00e2ncia ecol\u00f3gica e ambiental da Serra do Japi. Preste aten\u00e7\u00e3o em tudo o que \u00e9 falado;<\/li>\n\n\n\n<li>Ap\u00f3s a visita os integrantes do grupo dever\u00e3o enviar \u00e0 Prefeitura a lista de esp\u00e9cies observadas, bem como os materiais gerados como registro fotogr\u00e1fico ou \u00e1udio.<\/li>\n<\/ol>\n\n\n\n<figure class=\"wp-block-gallery has-nested-images columns-default is-cropped wp-block-gallery-1 is-layout-flex wp-block-gallery-is-layout-flex\">\n<figure class=\"wp-block-image size-large\"><img loading=\"lazy\" decoding=\"async\" width=\"656\" height=\"492\" data-id=\"7968\" src=\"https:\/\/jundiai.sp.gov.br\/planejamento-e-meio-ambiente\/wp-content\/uploads\/sites\/15\/2025\/10\/image44.jpeg\" alt=\"\" class=\"wp-image-7968\" srcset=\"https:\/\/jundiai.sp.gov.br\/planejamento-e-meio-ambiente\/wp-content\/uploads\/sites\/15\/2025\/10\/image44.jpeg 656w, https:\/\/jundiai.sp.gov.br\/planejamento-e-meio-ambiente\/wp-content\/uploads\/sites\/15\/2025\/10\/image44-300x225.jpeg 300w\" sizes=\"auto, (max-width: 656px) 100vw, 656px\" \/><\/figure>\n\n\n\n<figure class=\"wp-block-image size-large\"><img loading=\"lazy\" decoding=\"async\" width=\"551\" height=\"735\" data-id=\"7969\" src=\"https:\/\/jundiai.sp.gov.br\/planejamento-e-meio-ambiente\/wp-content\/uploads\/sites\/15\/2025\/10\/image45.jpeg\" alt=\"\" class=\"wp-image-7969\" srcset=\"https:\/\/jundiai.sp.gov.br\/planejamento-e-meio-ambiente\/wp-content\/uploads\/sites\/15\/2025\/10\/image45.jpeg 551w, https:\/\/jundiai.sp.gov.br\/planejamento-e-meio-ambiente\/wp-content\/uploads\/sites\/15\/2025\/10\/image45-300x400.jpeg 300w\" sizes=\"auto, (max-width: 551px) 100vw, 551px\" \/><\/figure>\n<\/figure>\n","protected":false},"excerpt":{"rendered":"<p>AVISTAMENTO DE AVES (BIRDWATCHING) O avistamento de aves \u00e9 uma atividade dentro do Programas de Visitas Monitoradas. A atividade, tamb\u00e9m conhecida por \u201cpassarinhar\u201d ou, em ingl\u00eas, birdwatching e birding, consiste em observar as aves nativas, identific\u00e1-las e fotograf\u00e1-las em ambientes naturais e, neste caso, na Reserva Biol\u00f3gica da Serra do Japi e sempre acompanhado do [&hellip;]<\/p>\n","protected":false},"author":117,"featured_media":0,"parent":3110,"menu_order":5,"comment_status":"closed","ping_status":"closed","template":"","meta":{"footnotes":""},"class_list":["post-7855","page","type-page","status-publish","hentry"],"_links":{"self":[{"href":"https:\/\/jundiai.sp.gov.br\/planejamento-e-meio-ambiente\/wp-json\/wp\/v2\/pages\/7855","targetHints":{"allow":["GET"]}}],"collection":[{"href":"https:\/\/jundiai.sp.gov.br\/planejamento-e-meio-ambiente\/wp-json\/wp\/v2\/pages"}],"about":[{"href":"https:\/\/jundiai.sp.gov.br\/planejamento-e-meio-ambiente\/wp-json\/wp\/v2\/types\/page"}],"author":[{"embeddable":true,"href":"https:\/\/jundiai.sp.gov.br\/planejamento-e-meio-ambiente\/wp-json\/wp\/v2\/users\/117"}],"replies":[{"embeddable":true,"href":"https:\/\/jundiai.sp.gov.br\/planejamento-e-meio-ambiente\/wp-json\/wp\/v2\/comments?post=7855"}],"version-history":[{"count":15,"href":"https:\/\/jundiai.sp.gov.br\/planejamento-e-meio-ambiente\/wp-json\/wp\/v2\/pages\/7855\/revisions"}],"predecessor-version":[{"id":8053,"href":"https:\/\/jundiai.sp.gov.br\/planejamento-e-meio-ambiente\/wp-json\/wp\/v2\/pages\/7855\/revisions\/8053"}],"up":[{"embeddable":true,"href":"https:\/\/jundiai.sp.gov.br\/planejamento-e-meio-ambiente\/wp-json\/wp\/v2\/pages\/3110"}],"wp:attachment":[{"href":"https:\/\/jundiai.sp.gov.br\/planejamento-e-meio-ambiente\/wp-json\/wp\/v2\/media?parent=7855"}],"curies":[{"name":"wp","href":"https:\/\/api.w.org\/{rel}","templated":true}]}}