{"id":8120,"date":"2026-02-05T15:34:53","date_gmt":"2026-02-05T18:34:53","guid":{"rendered":"https:\/\/jundiai.sp.gov.br\/planejamento-e-meio-ambiente\/?page_id=8120"},"modified":"2026-02-05T15:36:43","modified_gmt":"2026-02-05T18:36:43","slug":"plano-de-gerenciamento-de-residuos-do-municipio","status":"publish","type":"page","link":"https:\/\/jundiai.sp.gov.br\/planejamento-e-meio-ambiente\/planos\/plano-de-gerenciamento-de-residuos-do-municipio\/","title":{"rendered":"Plano de Gerenciamento de Res\u00edduos do Munic\u00edpio"},"content":{"rendered":"\n<p><strong><a href=\"https:\/\/jundiai.sp.gov.br\/planejamento-e-meio-ambiente\/wp-content\/uploads\/sites\/15\/2026\/02\/decreto-27-261_18_pmgirs.pdf\">Plano de Gest\u00e3o Integrada de Res\u00edduos S\u00f3lidos<\/a><\/strong>, institu\u00eddo por meio do Decreto n\u00ba 27.261\/2018, conforme estabelecido no art. 10\u00ba da Lei n\u00ba 8.574, de 28 de dezembro de 2015, que institui a Pol\u00edtica Municipal de Res\u00edduos S\u00f3lidos.<\/p>\n","protected":false},"excerpt":{"rendered":"<p>Plano de Gest\u00e3o Integrada de Res\u00edduos S\u00f3lidos, institu\u00eddo por meio do Decreto n\u00ba 27.261\/2018, conforme estabelecido no art. 10\u00ba da Lei n\u00ba 8.574, de 28 de dezembro de 2015, que institui a Pol\u00edtica Municipal de Res\u00edduos S\u00f3lidos.<\/p>\n","protected":false},"author":117,"featured_media":0,"parent":4829,"menu_order":0,"comment_status":"closed","ping_status":"closed","template":"","meta":{"footnotes":""},"class_list":["post-8120","page","type-page","status-publish","hentry"],"_links":{"self":[{"href":"https:\/\/jundiai.sp.gov.br\/planejamento-e-meio-ambiente\/wp-json\/wp\/v2\/pages\/8120","targetHints":{"allow":["GET"]}}],"collection":[{"href":"https:\/\/jundiai.sp.gov.br\/planejamento-e-meio-ambiente\/wp-json\/wp\/v2\/pages"}],"about":[{"href":"https:\/\/jundiai.sp.gov.br\/planejamento-e-meio-ambiente\/wp-json\/wp\/v2\/types\/page"}],"author":[{"embeddable":true,"href":"https:\/\/jundiai.sp.gov.br\/planejamento-e-meio-ambiente\/wp-json\/wp\/v2\/users\/117"}],"replies":[{"embeddable":true,"href":"https:\/\/jundiai.sp.gov.br\/planejamento-e-meio-ambiente\/wp-json\/wp\/v2\/comments?post=8120"}],"version-history":[{"count":2,"href":"https:\/\/jundiai.sp.gov.br\/planejamento-e-meio-ambiente\/wp-json\/wp\/v2\/pages\/8120\/revisions"}],"predecessor-version":[{"id":8123,"href":"https:\/\/jundiai.sp.gov.br\/planejamento-e-meio-ambiente\/wp-json\/wp\/v2\/pages\/8120\/revisions\/8123"}],"up":[{"embeddable":true,"href":"https:\/\/jundiai.sp.gov.br\/planejamento-e-meio-ambiente\/wp-json\/wp\/v2\/pages\/4829"}],"wp:attachment":[{"href":"https:\/\/jundiai.sp.gov.br\/planejamento-e-meio-ambiente\/wp-json\/wp\/v2\/media?parent=8120"}],"curies":[{"name":"wp","href":"https:\/\/api.w.org\/{rel}","templated":true}]}}