{"id":101,"date":"2023-01-31T13:05:26","date_gmt":"2023-01-31T16:05:26","guid":{"rendered":"https:\/\/jundiai.sp.gov.br\/iprejun\/?page_id=101"},"modified":"2025-02-06T11:47:43","modified_gmt":"2025-02-06T14:47:43","slug":"rpc-previdencia-complementar","status":"publish","type":"page","link":"https:\/\/jundiai.sp.gov.br\/previdencia-servidor\/regime-de-previdencia-complementar\/rpc-previdencia-complementar\/","title":{"rendered":"RPC &#8211; Previd\u00eancia Complementar"},"content":{"rendered":"\n<div class=\"wp-block-columns are-vertically-aligned-center is-layout-flex wp-container-core-columns-is-layout-9d6595d7 wp-block-columns-is-layout-flex\">\n<div class=\"wp-block-column is-vertically-aligned-center is-layout-flow wp-block-column-is-layout-flow\">\n<div class=\"wp-block-buttons is-content-justification-center is-layout-flex wp-container-core-buttons-is-layout-16018d1d wp-block-buttons-is-layout-flex\">\n<div class=\"wp-block-button\"><a class=\"wp-block-button__link has-white-color has-text-color has-background wp-element-button\" href=\"https:\/\/drive.google.com\/drive\/folders\/1vM5ty4e8q6OqTizQn4tBoTVBC2sSrAk9?usp=drive_link\" style=\"background-color:#00a898\" target=\"_blank\" rel=\"noreferrer noopener\">Legisla\u00e7\u00e3o<\/a><\/div>\n\n\n\n<div class=\"wp-block-button\"><a class=\"wp-block-button__link has-white-color has-text-color has-background wp-element-button\" href=\"https:\/\/drive.google.com\/drive\/folders\/1FU6b1LwKLpO06HdUYBg38XwjlJk12Kti?usp=drive_link\" style=\"background-color:#00a898\" target=\"_blank\" rel=\"noreferrer noopener\">Informativo\/Publica\u00e7\u00f5es<\/a><\/div>\n\n\n\n<div class=\"wp-block-button\"><a class=\"wp-block-button__link has-white-color has-text-color has-background wp-element-button\" href=\"https:\/\/drive.google.com\/drive\/folders\/14RCdW2vVfInsKOPlGvyPrDVGVkyT-T0J?usp=drive_link\" style=\"background-color:#00a898\" target=\"_blank\" rel=\"noreferrer noopener\">BB Previd\u00eancia<\/a><\/div>\n<\/div>\n\n\n\n<p><\/p>\n\n\n\n<div class=\"wp-block-buttons is-content-justification-center is-layout-flex wp-container-core-buttons-is-layout-16018d1d wp-block-buttons-is-layout-flex\">\n<div class=\"wp-block-button\"><a class=\"wp-block-button__link has-white-color has-text-color has-background wp-element-button\" href=\"https:\/\/drive.google.com\/drive\/folders\/12AGXF1BUFSmf1B5alcW2UevqoOUhsKZs?usp=drive_link\" style=\"background-color:#00a898\" target=\"_blank\" rel=\"noreferrer noopener\">Orienta\u00e7\u00f5es<\/a><\/div>\n\n\n\n<div class=\"wp-block-button\"><a class=\"wp-block-button__link has-white-color has-text-color has-background wp-element-button\" href=\"https:\/\/drive.google.com\/drive\/folders\/1IY0aT7acODb0BoQwrfdSc9z1eza2VN0V?usp=drive_link\" style=\"background-color:#00a898\" target=\"_blank\" rel=\"noreferrer noopener\">Formul\u00e1rios<\/a><\/div>\n\n\n\n<div class=\"wp-block-button\"><a class=\"wp-block-button__link has-white-color has-text-color has-background wp-element-button\" href=\"https:\/\/drive.google.com\/drive\/folders\/17GBdENXYEU2xm1lIqaEEAf0OK86BDq2_?usp=drive_link\" style=\"background-color:#00a898\" target=\"_blank\" rel=\"noreferrer noopener\">Manual<\/a><\/div>\n<\/div>\n<\/div>\n<\/div>\n\n\n\n<div style=\"height:50px\" aria-hidden=\"true\" class=\"wp-block-spacer\"><\/div>\n\n\n\n<p>O RPC \u00e9 uma obriga\u00e7\u00e3o legal estabelecida pela Emenda constitucional no 103\/2019 que alterou o art. 40 da constitui\u00e7\u00e3o Federal e determinou que todos os Entes federados que possuam Regimes Pr\u00f3prios de Previd\u00eancia Social \u2013 RPPS, limitem os benef\u00edcios de aposentadorias e pens\u00f5es para os servidores admitidos ap\u00f3s essa data ao teto do INSS (Regime Geral de Previd\u00eancia Social).<\/p>\n\n\n\n<p>Atrav\u00e9s da Lei no 9.662, de 09 de novembro de 2021 e o Decreto no 30.948, de 03 de fevereiro de 2022, foi institu\u00eddo o Regime de Previd\u00eancia Complementar no Munic\u00edpio de Jundia\u00ed.<\/p>\n\n\n\n<p>Em 08\/12\/2022 com a publica\u00e7\u00e3o da aprova\u00e7\u00e3o da Portaria PREVIC no 1.255\/2022 teve o in\u00edcio da vig\u00eancia do Conv\u00eanio de Ades\u00e3o ao Plano de Benef\u00edcios BBPrev Brasil, CNPB no 2021.0030-19, celebrado entre o Munic\u00edpio de Jundia\u00ed-SP e o BB Previd\u00eancia \u2013 Fundo de Pens\u00e3o Banco do Brasil, escolhida atrav\u00e9s da chamada p\u00fablica no 004\/2022 que tratou do processo de sele\u00e7\u00e3o de Entidade Fechada de Previd\u00eancia Complementar interessada em administrar plano de benef\u00edcios previdenci\u00e1rios dos servidores de cargo efetivo da Administra\u00e7\u00e3o Direta e Indireta do Poder Executivo e do Poder Legislativo do Munic\u00edpio.<\/p>\n\n\n\n<p><a href=\"https:\/\/compraaberta.jundiai.sp.gov.br\/\" target=\"_blank\" rel=\"noreferrer noopener\">Para mais informa\u00e7\u00f5es acesse o Compra Aberta<\/a><\/p>\n\n\n\n<div style=\"height:50px\" aria-hidden=\"true\" class=\"wp-block-spacer\"><\/div>\n","protected":false},"excerpt":{"rendered":"<p>O RPC \u00e9 uma obriga\u00e7\u00e3o legal estabelecida pela Emenda constitucional no 103\/2019 que alterou o art. 40 da constitui\u00e7\u00e3o Federal e determinou que todos os Entes federados que possuam Regimes Pr\u00f3prios de Previd\u00eancia Social \u2013 RPPS, limitem os benef\u00edcios de aposentadorias e pens\u00f5es para os servidores admitidos ap\u00f3s essa data ao teto do INSS (Regime [&hellip;]<\/p>\n","protected":false},"author":8,"featured_media":0,"parent":87,"menu_order":0,"comment_status":"closed","ping_status":"closed","template":"","meta":{"footnotes":""},"class_list":["post-101","page","type-page","status-publish","hentry"],"_links":{"self":[{"href":"https:\/\/jundiai.sp.gov.br\/previdencia-servidor\/wp-json\/wp\/v2\/pages\/101","targetHints":{"allow":["GET"]}}],"collection":[{"href":"https:\/\/jundiai.sp.gov.br\/previdencia-servidor\/wp-json\/wp\/v2\/pages"}],"about":[{"href":"https:\/\/jundiai.sp.gov.br\/previdencia-servidor\/wp-json\/wp\/v2\/types\/page"}],"author":[{"embeddable":true,"href":"https:\/\/jundiai.sp.gov.br\/previdencia-servidor\/wp-json\/wp\/v2\/users\/8"}],"replies":[{"embeddable":true,"href":"https:\/\/jundiai.sp.gov.br\/previdencia-servidor\/wp-json\/wp\/v2\/comments?post=101"}],"version-history":[{"count":19,"href":"https:\/\/jundiai.sp.gov.br\/previdencia-servidor\/wp-json\/wp\/v2\/pages\/101\/revisions"}],"predecessor-version":[{"id":268,"href":"https:\/\/jundiai.sp.gov.br\/previdencia-servidor\/wp-json\/wp\/v2\/pages\/101\/revisions\/268"}],"up":[{"embeddable":true,"href":"https:\/\/jundiai.sp.gov.br\/previdencia-servidor\/wp-json\/wp\/v2\/pages\/87"}],"wp:attachment":[{"href":"https:\/\/jundiai.sp.gov.br\/previdencia-servidor\/wp-json\/wp\/v2\/media?parent=101"}],"curies":[{"name":"wp","href":"https:\/\/api.w.org\/{rel}","templated":true}]}}

RPC &#8211; Previdência Complementar

<div class="wp-block-columns are-vertically-aligned-center is-layout-flex wp-container-core-columns-is-layout-9d6595d7 wp-block-columns-is-layout-flex">
<div class="wp-block-column is-vertically-aligned-center is-layout-flow wp-block-column-is-layout-flow">
<div class="wp-block-buttons is-content-justification-center is-layout-flex wp-container-core-buttons-is-layout-16018d1d wp-block-buttons-is-layout-flex">
<div class="wp-block-button"><a class="wp-block-button__link has-white-color has-text-color has-background wp-element-button" href="https://drive.google.com/drive/folders/1vM5ty4e8q6OqTizQn4tBoTVBC2sSrAk9?usp=drive_link" style="background-color:#00a898" target="_blank" rel="noreferrer noopener">Legislação</a></div>



<div class="wp-block-button"><a class="wp-block-button__link has-white-color has-text-color has-background wp-element-button" href="https://drive.google.com/drive/folders/1FU6b1LwKLpO06HdUYBg38XwjlJk12Kti?usp=drive_link" style="background-color:#00a898" target="_blank" rel="noreferrer noopener">Informativo/Publicações</a></div>



<div class="wp-block-button"><a class="wp-block-button__link has-white-color has-text-color has-background wp-element-button" href="https://drive.google.com/drive/folders/14RCdW2vVfInsKOPlGvyPrDVGVkyT-T0J?usp=drive_link" style="background-color:#00a898" target="_blank" rel="noreferrer noopener">BB Previdência</a></div>
</div>



<p></p>



<div class="wp-block-buttons is-content-justification-center is-layout-flex wp-container-core-buttons-is-layout-16018d1d wp-block-buttons-is-layout-flex">
<div class="wp-block-button"><a class="wp-block-button__link has-white-color has-text-color has-background wp-element-button" href="https://drive.google.com/drive/folders/12AGXF1BUFSmf1B5alcW2UevqoOUhsKZs?usp=drive_link" style="background-color:#00a898" target="_blank" rel="noreferrer noopener">Orientações</a></div>



<div class="wp-block-button"><a class="wp-block-button__link has-white-color has-text-color has-background wp-element-button" href="https://drive.google.com/drive/folders/1IY0aT7acODb0BoQwrfdSc9z1eza2VN0V?usp=drive_link" style="background-color:#00a898" target="_blank" rel="noreferrer noopener">Formulários</a></div>



<div class="wp-block-button"><a class="wp-block-button__link has-white-color has-text-color has-background wp-element-button" href="https://drive.google.com/drive/folders/17GBdENXYEU2xm1lIqaEEAf0OK86BDq2_?usp=drive_link" style="background-color:#00a898" target="_blank" rel="noreferrer noopener">Manual</a></div>
</div>
</div>
</div>



<div style="height:50px" aria-hidden="true" class="wp-block-spacer"></div>



<p>O RPC é uma obrigação legal estabelecida pela Emenda constitucional no 103/2019 que alterou o art. 40 da constituição Federal e determinou que todos os Entes federados que possuam Regimes Próprios de Previdência Social – RPPS, limitem os benefícios de aposentadorias e pensões para os servidores admitidos após essa data ao teto do INSS (Regime Geral de Previdência Social).</p>



<p>Através da Lei no 9.662, de 09 de novembro de 2021 e o Decreto no 30.948, de 03 de fevereiro de 2022, foi instituído o Regime de Previdência Complementar no Município de Jundiaí.</p>



<p>Em 08/12/2022 com a publicação da aprovação da Portaria PREVIC no 1.255/2022 teve o início da vigência do Convênio de Adesão ao Plano de Benefícios BBPrev Brasil, CNPB no 2021.0030-19, celebrado entre o Município de Jundiaí-SP e o BB Previdência – Fundo de Pensão Banco do Brasil, escolhida através da chamada pública no 004/2022 que tratou do processo de seleção de Entidade Fechada de Previdência Complementar interessada em administrar plano de benefícios previdenciários dos servidores de cargo efetivo da Administração Direta e Indireta do Poder Executivo e do Poder Legislativo do Município.</p>



<p><a href="https://compraaberta.jundiai.sp.gov.br/" target="_blank" rel="noreferrer noopener">Para mais informações acesse o Compra Aberta</a></p>



<div style="height:50px" aria-hidden="true" class="wp-block-spacer"></div>

<p>O RPC é uma obrigação legal estabelecida pela Emenda constitucional no 103/2019 que alterou o art. 40 da constituição Federal e determinou que todos os Entes federados que possuam Regimes Próprios de Previdência Social – RPPS, limitem os benefícios de aposentadorias e pensões para os servidores admitidos após essa data ao teto do INSS (Regime [&hellip;]</p>
