{"id":92,"date":"2023-01-31T12:51:59","date_gmt":"2023-01-31T15:51:59","guid":{"rendered":"https:\/\/jundiai.sp.gov.br\/iprejun\/?page_id=92"},"modified":"2024-10-09T14:27:53","modified_gmt":"2024-10-09T17:27:53","slug":"reforma-historico","status":"publish","type":"page","link":"https:\/\/jundiai.sp.gov.br\/previdencia-servidor\/regime-de-previdencia-complementar\/reforma-historico\/","title":{"rendered":"Reforma\/Hist\u00f3rico"},"content":{"rendered":"<div class=\"wp-block-image\">\n<figure class=\"aligncenter size-full\"><a href=\"https:\/\/jundiai.sp.gov.br\/previdencia-servidores\/\" target=\"_blank\" rel=\"noreferrer noopener\"><img loading=\"lazy\" decoding=\"async\" width=\"151\" height=\"141\" src=\"http:\/\/jundiai.sp.gov.br\/previdencia-servidor\/wp-content\/uploads\/sites\/78\/2023\/01\/image.png\" alt=\"\" class=\"wp-image-93\"\/><\/a><\/figure>\n<\/div>\n\n\n<p>Clique no link acima e obtenha informa\u00e7\u00f5es sobre o processo da reforma de previd\u00eancia, emanadas pela EC no 103 de 2019 que trataram:<\/p>\n\n\n\n<p><br>i) Institui\u00e7\u00e3o do novo Regime de Previd\u00eancia Complementar, estabelecendo o teto para os novos servidores p\u00fablicos igual ao do INSS;<br><br>ii) Altera\u00e7\u00e3o nos requisitos m\u00ednimos de idade e tempo de contribui\u00e7\u00e3o, concess\u00e3o de pens\u00f5es e formas de c\u00e1lculo de beneficios.<\/p>\n\n\n\n<p><br>Conte\u00fados que permitem informar, orientar e prestar contas sobre o processo de reorganiza\u00e7\u00e3o da previd\u00eancia dos servidores, com foco na sustentabilidade das aposentadorias, demonstrando como as altera\u00e7\u00f5es ampliam a capacidade de Jundia\u00ed de manter o equil\u00edbrio fiscal e previdenci\u00e1rio atual e futuro.<\/p>\n\n\n\n<p><a href=\"https:\/\/jundiai.sp.gov.br\/previdencia-servidores\/\" target=\"_blank\" rel=\"noreferrer noopener\">Para mais informa\u00e7\u00f5es clique aqui<\/a><\/p>\n\n\n\n<div style=\"height:50px\" aria-hidden=\"true\" class=\"wp-block-spacer\"><\/div>\n","protected":false},"excerpt":{"rendered":"<p>Clique no link acima e obtenha informa\u00e7\u00f5es sobre o processo da reforma de previd\u00eancia, emanadas pela EC no 103 de 2019 que trataram: i) Institui\u00e7\u00e3o do novo Regime de Previd\u00eancia Complementar, estabelecendo o teto para os novos servidores p\u00fablicos igual ao do INSS; ii) Altera\u00e7\u00e3o nos requisitos m\u00ednimos de idade e tempo de contribui\u00e7\u00e3o, concess\u00e3o [&hellip;]<\/p>\n","protected":false},"author":8,"featured_media":0,"parent":87,"menu_order":0,"comment_status":"closed","ping_status":"closed","template":"","meta":{"footnotes":""},"class_list":["post-92","page","type-page","status-publish","hentry"],"_links":{"self":[{"href":"https:\/\/jundiai.sp.gov.br\/previdencia-servidor\/wp-json\/wp\/v2\/pages\/92","targetHints":{"allow":["GET"]}}],"collection":[{"href":"https:\/\/jundiai.sp.gov.br\/previdencia-servidor\/wp-json\/wp\/v2\/pages"}],"about":[{"href":"https:\/\/jundiai.sp.gov.br\/previdencia-servidor\/wp-json\/wp\/v2\/types\/page"}],"author":[{"embeddable":true,"href":"https:\/\/jundiai.sp.gov.br\/previdencia-servidor\/wp-json\/wp\/v2\/users\/8"}],"replies":[{"embeddable":true,"href":"https:\/\/jundiai.sp.gov.br\/previdencia-servidor\/wp-json\/wp\/v2\/comments?post=92"}],"version-history":[{"count":4,"href":"https:\/\/jundiai.sp.gov.br\/previdencia-servidor\/wp-json\/wp\/v2\/pages\/92\/revisions"}],"predecessor-version":[{"id":190,"href":"https:\/\/jundiai.sp.gov.br\/previdencia-servidor\/wp-json\/wp\/v2\/pages\/92\/revisions\/190"}],"up":[{"embeddable":true,"href":"https:\/\/jundiai.sp.gov.br\/previdencia-servidor\/wp-json\/wp\/v2\/pages\/87"}],"wp:attachment":[{"href":"https:\/\/jundiai.sp.gov.br\/previdencia-servidor\/wp-json\/wp\/v2\/media?parent=92"}],"curies":[{"name":"wp","href":"https:\/\/api.w.org\/{rel}","templated":true}]}}

Reforma/Histórico

<div class="wp-block-image">
<figure class="aligncenter size-full"><a href="https://jundiai.sp.gov.br/previdencia-servidores/" target="_blank" rel="noreferrer noopener"><img loading="lazy" decoding="async" width="151" height="141" src="http://jundiai.sp.gov.br/previdencia-servidor/wp-content/uploads/sites/78/2023/01/image.png" alt="" class="wp-image-93"/></a></figure>
</div>


<p>Clique no link acima e obtenha informações sobre o processo da reforma de previdência, emanadas pela EC no 103 de 2019 que trataram:</p>



<p><br>i) Instituição do novo Regime de Previdência Complementar, estabelecendo o teto para os novos servidores públicos igual ao do INSS;<br><br>ii) Alteração nos requisitos mínimos de idade e tempo de contribuição, concessão de pensões e formas de cálculo de beneficios.</p>



<p><br>Conteúdos que permitem informar, orientar e prestar contas sobre o processo de reorganização da previdência dos servidores, com foco na sustentabilidade das aposentadorias, demonstrando como as alterações ampliam a capacidade de Jundiaí de manter o equilíbrio fiscal e previdenciário atual e futuro.</p>



<p><a href="https://jundiai.sp.gov.br/previdencia-servidores/" target="_blank" rel="noreferrer noopener">Para mais informações clique aqui</a></p>



<div style="height:50px" aria-hidden="true" class="wp-block-spacer"></div>

<p>Clique no link acima e obtenha informações sobre o processo da reforma de previdência, emanadas pela EC no 103 de 2019 que trataram: i) Instituição do novo Regime de Previdência Complementar, estabelecendo o teto para os novos servidores públicos igual ao do INSS; ii) Alteração nos requisitos mínimos de idade e tempo de contribuição, concessão [&hellip;]</p>
