{"id":33,"date":"2021-08-18T10:37:24","date_gmt":"2021-08-18T13:37:24","guid":{"rendered":"https:\/\/jundiai.sp.gov.br\/reforma-servidores\/?page_id=33"},"modified":"2021-10-26T15:46:28","modified_gmt":"2021-10-26T18:46:28","slug":"eixos-centrais-sustentabilidade-e-transparencia","status":"publish","type":"page","link":"https:\/\/jundiai.sp.gov.br\/previdencia-servidores\/","title":{"rendered":"P\u00e1gina Inicial"},"content":{"rendered":"\n<h1 class=\"wp-block-heading\">Audi\u00eancia P\u00fablica realizada em 25\/10\/2021<\/h1>\n\n\n\n<div class=\"wp-block-columns are-vertically-aligned-center is-layout-flex wp-container-core-columns-is-layout-9d6595d7 wp-block-columns-is-layout-flex\">\n<div class=\"wp-block-column is-vertically-aligned-center is-layout-flow wp-block-column-is-layout-flow\">\n<figure class=\"wp-block-embed is-type-video is-provider-youtube wp-block-embed-youtube wp-embed-aspect-16-9 wp-has-aspect-ratio\"><div class=\"wp-block-embed__wrapper\">\n<iframe loading=\"lazy\" title=\"AUDI\u00caNCIA P\u00daBLICA: REFORMA DA PREVID\u00caNCIA MUNICIPAL\" width=\"500\" height=\"281\" src=\"https:\/\/www.youtube.com\/embed\/2pwjh11EvuA?feature=oembed\" frameborder=\"0\" allow=\"accelerometer; autoplay; clipboard-write; encrypted-media; gyroscope; picture-in-picture; web-share\" referrerpolicy=\"strict-origin-when-cross-origin\" allowfullscreen><\/iframe>\n<\/div><\/figure>\n<\/div>\n\n\n\n<div class=\"wp-block-column is-vertically-aligned-center is-layout-flow wp-block-column-is-layout-flow\">\n<div class=\"wp-block-file\"><a href=\"https:\/\/jundiai.sp.gov.br\/previdencia-servidores\/wp-content\/uploads\/sites\/67\/2021\/10\/01_-roteiro-da-audi_ncia.pdf\" target=\"_blank\" rel=\"noreferrer noopener\">Roteiro da Audi\u00eancia<\/a><a href=\"https:\/\/jundiai.sp.gov.br\/previdencia-servidores\/wp-content\/uploads\/sites\/67\/2021\/10\/01_-roteiro-da-audi_ncia.pdf\" class=\"wp-block-file__button\" download>Baixar<\/a><\/div>\n\n\n\n<div class=\"wp-block-file\"><a href=\"https:\/\/jundiai.sp.gov.br\/previdencia-servidores\/wp-content\/uploads\/sites\/67\/2021\/10\/02_-previd_ncia-dos-servidores-de-jundia_.pdf\" target=\"_blank\" rel=\"noreferrer noopener\">Previd\u00eancia dos Servidores de Jundia\u00ed<\/a><a href=\"https:\/\/jundiai.sp.gov.br\/previdencia-servidores\/wp-content\/uploads\/sites\/67\/2021\/10\/02_-previd_ncia-dos-servidores-de-jundia_.pdf\" class=\"wp-block-file__button\" download>Baixar<\/a><\/div>\n\n\n\n<div class=\"wp-block-file\"><a href=\"https:\/\/jundiai.sp.gov.br\/previdencia-servidores\/wp-content\/uploads\/sites\/67\/2021\/10\/03_-cen_rios-de-implementa__o-da-ec-103_2019.pdf\" target=\"_blank\" rel=\"noreferrer noopener\">Cen\u00e1rios de Implementa\u00e7\u00e3o da EC 103\/2019<\/a><a href=\"https:\/\/jundiai.sp.gov.br\/previdencia-servidores\/wp-content\/uploads\/sites\/67\/2021\/10\/03_-cen_rios-de-implementa__o-da-ec-103_2019.pdf\" class=\"wp-block-file__button\" download>Baixar<\/a><\/div>\n\n\n\n<div class=\"wp-block-file\"><a href=\"https:\/\/jundiai.sp.gov.br\/previdencia-servidores\/wp-content\/uploads\/sites\/67\/2021\/10\/04_-estimativa-de-impacto-or_ament_rio.pdf\" target=\"_blank\" rel=\"noreferrer noopener\">Estimativa de Impacto Or\u00e7ament\u00e1rio<\/a><a href=\"https:\/\/jundiai.sp.gov.br\/previdencia-servidores\/wp-content\/uploads\/sites\/67\/2021\/10\/04_-estimativa-de-impacto-or_ament_rio.pdf\" class=\"wp-block-file__button\" download>Baixar<\/a><\/div>\n\n\n\n<div class=\"wp-block-file\"><a href=\"https:\/\/jundiai.sp.gov.br\/previdencia-servidores\/wp-content\/uploads\/sites\/67\/2021\/10\/05_-simula__es-apresentadas.pdf\" target=\"_blank\" rel=\"noreferrer noopener\">Simula\u00e7\u00f5es Apresentadas<\/a><a href=\"https:\/\/jundiai.sp.gov.br\/previdencia-servidores\/wp-content\/uploads\/sites\/67\/2021\/10\/05_-simula__es-apresentadas.pdf\" class=\"wp-block-file__button\" download>Baixar<\/a><\/div>\n\n\n\n<div class=\"wp-block-file\"><a href=\"https:\/\/jundiai.sp.gov.br\/previdencia-servidores\/wp-content\/uploads\/sites\/67\/2021\/10\/06_-estudo-atuarial.pdf\" target=\"_blank\" rel=\"noreferrer noopener\">Estudo Atuarial<\/a><a href=\"https:\/\/jundiai.sp.gov.br\/previdencia-servidores\/wp-content\/uploads\/sites\/67\/2021\/10\/06_-estudo-atuarial.pdf\" class=\"wp-block-file__button\" download>Baixar<\/a><\/div>\n<\/div>\n<\/div>\n\n\n\n<hr class=\"wp-block-separator is-style-wide\"\/>\n\n\n\n<p><\/p>\n\n\n\n<h1 class=\"wp-block-heading\">Eixos Centrais: Sustentabilidade e Transpar\u00eancia<\/h1>\n\n\n\n<p class=\"has-background\" style=\"background-color:#a0dbff\"><strong>A Prefeitura de Jundia\u00ed tem sempre buscado enfrentar os desafios atuais e futuros de maneira assertiva e qualificada. Reorganizar,&nbsp; aprimorar e qualificar a Previd\u00eancia do Servidor P\u00fablico \u00e9 um desses grandes desafios.&nbsp;<\/strong><\/p>\n\n\n\n<p class=\"has-background\" style=\"background-color:#a0dbff\"><strong>Zelar pela sustentabilidade, atual e futura, da Previd\u00eancia dos Servidores exige que enfrentemos: o d\u00e9ficit atual, as quest\u00f5es econ\u00f4micas, fiscais e principalmente, que sejamos resilientes com foco na prote\u00e7\u00e3o, que aposentadorias e pens\u00f5es, levam para vida de servidores e seus n\u00facleos familiares.<\/strong><\/p>\n\n\n\n<p class=\"has-background\" style=\"background-color:#a0dbff\"><strong>Possu\u00edmos um RPPS forte, refer\u00eancia de boas pr\u00e1ticas, com capacidade para honrar com os compromissos atuais, mas precisamos criar a sustentabilidade para proteger a previd\u00eancia futura dos servidores.<\/strong><\/p>\n\n\n\n<p class=\"has-background\" style=\"background-color:#a0dbff\"><strong>Os servidores p\u00fablicos sabem do esfor\u00e7o de Jundia\u00ed para servir a popula\u00e7\u00e3o, manter sua for\u00e7a de trabalho em cont\u00ednua evolu\u00e7\u00e3o, com est\u00edmulo para o aprendizado cont\u00ednuo e com um padr\u00e3o de transpar\u00eancia diferenciada.&nbsp;<\/strong><\/p>\n\n\n\n<p>Nesse sentido \u00e9 fundamental transparecer o processo de reorganiza\u00e7\u00e3o da previd\u00eancia dos servidores, que ter\u00e1 duas frentes, ambas trazidas pela reforma da previd\u00eancia, emanadas pela EC n\u00b0 103 de 2019, que s\u00e3o:<\/p>\n\n\n\n<ul class=\"wp-block-list\"><li><strong>Institui\u00e7\u00e3o do novo Regime de Previd\u00eancia Complementar, estabelecendo o teto para os novos servidores p\u00fablicos igual ao do INSS; e&nbsp;<\/strong><\/li><li><strong>A aplica\u00e7\u00e3o das reformas nos par\u00e2metros de idade m\u00ednima, pens\u00f5es e formas de c\u00e1lculo de aposentadorias e pens\u00f5es.<\/strong><\/li><\/ul>\n\n\n\n<p>Nesse portal ser\u00e3o disponibilizadas conte\u00fados que permitir\u00e3o informar, orientar e prestar contas sobre o processo de reorganiza\u00e7\u00e3o da previd\u00eancia dos servidores, com foco na sustentabilidade das aposentadorias, atuais e futuras, informando as altera\u00e7\u00f5es, impactos e afeta\u00e7\u00f5es, bem como demonstrando como essas altera\u00e7\u00f5es ir\u00e3o ampliar a capacidade de Jundia\u00ed de manter o equil\u00edbrio fiscal e previdenci\u00e1rio atual e futuro.&nbsp;<\/p>\n\n\n\n<hr class=\"wp-block-separator is-style-wide\"\/>\n\n\n\n<h2 class=\"wp-block-heading\">Consultoria Contratada &#8211; ABCPREV<\/h2>\n\n\n\n<p>Para apoiar o Munic\u00edpio de Jundia\u00ed foi contratada a ABCPREV Gest\u00e3o e Forma\u00e7\u00e3o Previdenci\u00e1rias que designou a equipe coordenada pelo Diretor Edevaldo Fernandes da Silva para desenvolver as etapas e processos de trabalho, considerando todas as fases de realiza\u00e7\u00e3o.<\/p>\n\n\n\n<ul class=\"wp-block-list\"><li>Estudo de viabilidade para fase de Diagn\u00f3stico;<\/li><li>Avalia\u00e7\u00e3o da legisla\u00e7\u00e3o do Ente, do RPPS e apoio para o desenvolvimento da nova lei do RPC;<\/li><li>Forma\u00e7\u00e3o, treinamento e qualifica\u00e7\u00e3o dos Membros do GT;<\/li><li>Discuss\u00e3o com as \u00e1reas t\u00e9cnicas e com as autoridades Municipais;<\/li><li>Apoio ao processo de avalia\u00e7\u00e3o e fundamenta\u00e7\u00e3o para sele\u00e7\u00e3o da EFPC;<\/li><li>Apoio ao planejamento e implanta\u00e7\u00e3o da cultura de Previd\u00eancia Complementar.<\/li><li>ABCPREV possui 10 anos de atua\u00e7\u00e3o comprometida com os RPPS, sendo refer\u00eancia em Educa\u00e7\u00e3o Previdenci\u00e1ria, consultoria para o Programa Pr\u00f3-Gest\u00e3o, Governan\u00e7a Corporativa e padr\u00f5es legais.<\/li><li>Possui entre seus s\u00f3cios a Dra. Magadar Briguet, o Dr. Douglas Figueiredo e Adriano Postal.&nbsp;<\/li><li>Entidade parceira das associa\u00e7\u00f5es estaduais e nacional de RPPS: Abipem, Apeprem, Apremat e ASCIP. Possui entre seus clientes Estados, Munic\u00edpios e in\u00fameros RPPS.<\/li><li>Dos 280 RPPS aderentes ao Programa Pr\u00f3-Gest\u00e3o j\u00e1 apoiou 20 a obterem a certifica\u00e7\u00e3o e est\u00e1 apoiando outras 30 na fase de prepara\u00e7\u00e3o e organiza\u00e7\u00e3o de suas entidades.<\/li><\/ul>\n","protected":false},"excerpt":{"rendered":"<p>Audi\u00eancia P\u00fablica realizada em 25\/10\/2021 Eixos Centrais: Sustentabilidade e Transpar\u00eancia A Prefeitura de Jundia\u00ed tem sempre buscado enfrentar os desafios atuais e futuros de maneira assertiva e qualificada. Reorganizar,&nbsp; aprimorar e qualificar a Previd\u00eancia do Servidor P\u00fablico \u00e9 um desses grandes desafios.&nbsp; Zelar pela sustentabilidade, atual e futura, da Previd\u00eancia dos Servidores exige que enfrentemos: [&hellip;]<\/p>\n","protected":false},"author":8,"featured_media":60,"parent":0,"menu_order":0,"comment_status":"closed","ping_status":"closed","template":"","meta":{"footnotes":""},"class_list":["post-33","page","type-page","status-publish","has-post-thumbnail","hentry"],"_links":{"self":[{"href":"https:\/\/jundiai.sp.gov.br\/previdencia-servidores\/wp-json\/wp\/v2\/pages\/33","targetHints":{"allow":["GET"]}}],"collection":[{"href":"https:\/\/jundiai.sp.gov.br\/previdencia-servidores\/wp-json\/wp\/v2\/pages"}],"about":[{"href":"https:\/\/jundiai.sp.gov.br\/previdencia-servidores\/wp-json\/wp\/v2\/types\/page"}],"author":[{"embeddable":true,"href":"https:\/\/jundiai.sp.gov.br\/previdencia-servidores\/wp-json\/wp\/v2\/users\/8"}],"replies":[{"embeddable":true,"href":"https:\/\/jundiai.sp.gov.br\/previdencia-servidores\/wp-json\/wp\/v2\/comments?post=33"}],"version-history":[{"count":16,"href":"https:\/\/jundiai.sp.gov.br\/previdencia-servidores\/wp-json\/wp\/v2\/pages\/33\/revisions"}],"predecessor-version":[{"id":310,"href":"https:\/\/jundiai.sp.gov.br\/previdencia-servidores\/wp-json\/wp\/v2\/pages\/33\/revisions\/310"}],"wp:featuredmedia":[{"embeddable":true,"href":"https:\/\/jundiai.sp.gov.br\/previdencia-servidores\/wp-json\/wp\/v2\/media\/60"}],"wp:attachment":[{"href":"https:\/\/jundiai.sp.gov.br\/previdencia-servidores\/wp-json\/wp\/v2\/media?parent=33"}],"curies":[{"name":"wp","href":"https:\/\/api.w.org\/{rel}","templated":true}]}}