{"id":134,"date":"2014-08-26T14:08:53","date_gmt":"2014-08-26T17:08:53","guid":{"rendered":"https:\/\/jundiai.sp.gov.br\/saude\/?page_id=134"},"modified":"2014-08-26T14:09:18","modified_gmt":"2014-08-26T17:09:18","slug":"oftalmologia","status":"publish","type":"page","link":"https:\/\/jundiai.sp.gov.br\/saude\/atendimento-especializado\/oftalmologia\/","title":{"rendered":"Oftalmologia"},"content":{"rendered":"<p><strong>ATENDIMENTO M\u00c9DICO ESPECIALIZADO:<\/strong> OFTALMOLOGIA<\/p>\n<p><strong>O que \u00e9?<\/strong><\/p>\n<p>Atendimento ambulatorial para as doen\u00e7as dos olhos (retinopatias, catarata, conjuntivites cr\u00f4nicas, uve\u00ectes, dist\u00farbios de refra\u00e7\u00e3o; exames de acuidade visual: miopia , astigmatismo, presbiopia , etc).<\/p>\n<p><strong>Quando \u00e9 necess\u00e1rio?<\/strong><\/p>\n<p>Nas doen\u00e7as espec\u00edficas dos olhos em acompanhamento na Unidade de Sa\u00fade, que necessitam de avalia\u00e7\u00e3o m\u00e9dica especializada.<\/p>\n<p><strong>Somente com encaminhamento m\u00e9dico da Unidade B\u00e1sica de Sa\u00fade para as unidades abaixo:<\/strong><br \/>\n<strong>NIS \u2013 N\u00facleo Integrado de Sa\u00fade<\/strong><br \/>\nRua Carlos de Salles Bloch, 74, Anhangaba\u00fa<br \/>\nTelefone: (11) 4588- 7388<br \/>\nHor\u00e1rio: das 08h \u00e0s 17h, de 2\u00aa a 6\u00aa-feira.<br \/>\n<strong>Instituto Luiz Braille<\/strong><br \/>\nAvenida Sebasti\u00e3o Mendes Silva, 539, Anhangaba\u00fa<br \/>\nTelefone: (11) 4521-7942<br \/>\nHor\u00e1rio: das 07h \u00e0s 17h, de 2\u00aa a 6\u00aa-feira.<\/p>\n<p><strong>\u00a0<\/strong><\/p>\n<p><strong>Documentos Necess\u00e1rios:<\/strong><\/p>\n<p>RG &#8211; original (simples apresenta\u00e7\u00e3o).<br \/>\nCart\u00e3o da Unidade B\u00e1sica de Sa\u00fade.<br \/>\nCart\u00e3o do SUS &#8211; original (simples apresenta\u00e7\u00e3o).<br \/>\nEncaminhamento m\u00e9dico da unidade de sa\u00fade \u2013 original e exames anteriores.<br \/>\n<strong>Como fazer?<\/strong><\/p>\n<p>Possuir cadastro na Unidade de Sa\u00fade de refer\u00eancia de seu bairro.<br \/>\nPara o cadastramento na Unidade de Sa\u00fade, \u00e9 necess\u00e1rio apresentar o RG e comprovante de resid\u00eancia (conta de \u00e1gua ou de luz).<br \/>\nAgendar consulta m\u00e9dica na Unidade de Sa\u00fade de refer\u00eancia do bairro onde mora, para a avalia\u00e7\u00e3o do caso pelo m\u00e9dico da Unidade de Sa\u00fade e posterior encaminhamento a crit\u00e9rio m\u00e9dico.<\/p>\n","protected":false},"excerpt":{"rendered":"<p>ATENDIMENTO M\u00c9DICO ESPECIALIZADO: OFTALMOLOGIA O que \u00e9? Atendimento ambulatorial para as doen\u00e7as dos olhos (retinopatias, catarata, conjuntivites cr\u00f4nicas, uve\u00ectes, dist\u00farbios de refra\u00e7\u00e3o; exames de acuidade visual: miopia , astigmatismo, presbiopia , etc). Quando \u00e9 necess\u00e1rio? Nas doen\u00e7as espec\u00edficas dos olhos em acompanhamento na Unidade de Sa\u00fade, que necessitam de avalia\u00e7\u00e3o m\u00e9dica especializada. Somente com encaminhamento [&hellip;]<\/p>\n","protected":false},"author":14,"featured_media":0,"parent":56,"menu_order":0,"comment_status":"closed","ping_status":"closed","template":"page-subpaginas.php","meta":{"footnotes":""},"class_list":["post-134","page","type-page","status-publish","hentry"],"_links":{"self":[{"href":"https:\/\/jundiai.sp.gov.br\/saude\/wp-json\/wp\/v2\/pages\/134","targetHints":{"allow":["GET"]}}],"collection":[{"href":"https:\/\/jundiai.sp.gov.br\/saude\/wp-json\/wp\/v2\/pages"}],"about":[{"href":"https:\/\/jundiai.sp.gov.br\/saude\/wp-json\/wp\/v2\/types\/page"}],"author":[{"embeddable":true,"href":"https:\/\/jundiai.sp.gov.br\/saude\/wp-json\/wp\/v2\/users\/14"}],"replies":[{"embeddable":true,"href":"https:\/\/jundiai.sp.gov.br\/saude\/wp-json\/wp\/v2\/comments?post=134"}],"version-history":[{"count":1,"href":"https:\/\/jundiai.sp.gov.br\/saude\/wp-json\/wp\/v2\/pages\/134\/revisions"}],"predecessor-version":[{"id":135,"href":"https:\/\/jundiai.sp.gov.br\/saude\/wp-json\/wp\/v2\/pages\/134\/revisions\/135"}],"up":[{"embeddable":true,"href":"https:\/\/jundiai.sp.gov.br\/saude\/wp-json\/wp\/v2\/pages\/56"}],"wp:attachment":[{"href":"https:\/\/jundiai.sp.gov.br\/saude\/wp-json\/wp\/v2\/media?parent=134"}],"curies":[{"name":"wp","href":"https:\/\/api.w.org\/{rel}","templated":true}]}}