{"id":179,"date":"2014-08-26T16:32:37","date_gmt":"2014-08-26T19:32:37","guid":{"rendered":"https:\/\/jundiai.sp.gov.br\/saude\/?page_id=179"},"modified":"2023-08-02T12:40:35","modified_gmt":"2023-08-02T15:40:35","slug":"medicamentos-e-insumos","status":"publish","type":"page","link":"https:\/\/jundiai.sp.gov.br\/saude\/medicamentos-e-insumos\/","title":{"rendered":"Medicamentos e Insumos"},"content":{"rendered":"<p><strong>DISPENSA\u00c7\u00c3O DE INSUMOS PARA DIAB\u00c9TICOS USU\u00c1RIOS DE INSULINA<\/strong><\/p>\n<ul>\n<li><strong>O que \u00e9 ?<\/strong><\/li>\n<\/ul>\n<p>Dispensa\u00e7\u00e3o gratuita de glicos\u00edmetro e lancetadores, al\u00e9m de lancetas e tiras reagentes para monitoriza\u00e7\u00e3o da glicemia capilar domiciliar.<\/p>\n<ul>\n<li><strong>Quem tem direito?<\/strong><\/li>\n<\/ul>\n<p>Todos os pacientes diab\u00e9ticos em uso de insulina com prescri\u00e7\u00e3o m\u00e9dica.<\/p>\n<ul>\n<li><strong>Pr\u00e9 requisito e documentos necess\u00e1rios:<\/strong><\/li>\n<\/ul>\n<ol>\n<li>Ser portador de diabetes insulino dependente;<\/li>\n<li>Ser mun\u00edcipe de Jundia\u00ed;<\/li>\n<li>Possuir Cart\u00e3o Nacional de Sa\u00fade (CNS);<\/li>\n<li>Possuir Cadastro na Secretaria Municipal de Sa\u00fade (SIIM);<\/li>\n<li>Possuir prontu\u00e1rio na Unidade B\u00e1sica de Sa\u00fade ou PSF, mais pr\u00f3ximo de sua resid\u00eancia;<\/li>\n<li>Possuir receita m\u00e9dica contendo prescri\u00e7\u00e3o de insulina e controle glic\u00eamico;<\/li>\n<li>Possuir relat\u00f3rio M\u00e9dico de inclus\u00e3o, preenchida pelo m\u00e9dico do paciente.<\/li>\n<\/ol>\n<ul>\n<li><strong>Informa\u00e7\u00f5es complementares:<\/strong><\/li>\n<\/ul>\n<p>O relat\u00f3rio de inclus\u00e3o est\u00e1 dispon\u00edvel nas Unidades de Sa\u00fade.<br \/>\nA dispensa\u00e7\u00e3o dos insumos ocorre na <b>Rua Marechal Deodoro da Fonseca, 836, 2\u00b0 andar &#8211; telefone (11) 4431-6500.<\/b><\/p>\n<ul>\n<li><strong>Manuten\u00e7\u00e3o no Programa:<\/strong><\/li>\n<\/ul>\n<ol>\n<li>Manter o uso de insulina;<\/li>\n<li>Levar aparelho de glicemia para transcri\u00e7\u00e3o dos dados;<\/li>\n<li>Apresentar os mapas di\u00e1rios de glicemias com ci\u00eancia m\u00e9dica (com assinatura e carimbo);<\/li>\n<li>Possuir receita m\u00e9dica atualizada ( validade 6 meses);<\/li>\n<li>Retirar os insumos na data combinada.<\/li>\n<\/ol>\n","protected":false},"excerpt":{"rendered":"<p>DISPENSA\u00c7\u00c3O DE INSUMOS PARA DIAB\u00c9TICOS USU\u00c1RIOS DE INSULINA O que \u00e9 ? Dispensa\u00e7\u00e3o gratuita de glicos\u00edmetro e lancetadores, al\u00e9m de lancetas e tiras reagentes para monitoriza\u00e7\u00e3o da glicemia capilar domiciliar. Quem tem direito? Todos os pacientes diab\u00e9ticos em uso de insulina com prescri\u00e7\u00e3o m\u00e9dica. Pr\u00e9 requisito e documentos necess\u00e1rios: Ser portador de diabetes insulino dependente; [&hellip;]<\/p>\n","protected":false},"author":14,"featured_media":0,"parent":0,"menu_order":0,"comment_status":"closed","ping_status":"closed","template":"page-subpaginas.php","meta":{"footnotes":""},"class_list":["post-179","page","type-page","status-publish","hentry"],"_links":{"self":[{"href":"https:\/\/jundiai.sp.gov.br\/saude\/wp-json\/wp\/v2\/pages\/179","targetHints":{"allow":["GET"]}}],"collection":[{"href":"https:\/\/jundiai.sp.gov.br\/saude\/wp-json\/wp\/v2\/pages"}],"about":[{"href":"https:\/\/jundiai.sp.gov.br\/saude\/wp-json\/wp\/v2\/types\/page"}],"author":[{"embeddable":true,"href":"https:\/\/jundiai.sp.gov.br\/saude\/wp-json\/wp\/v2\/users\/14"}],"replies":[{"embeddable":true,"href":"https:\/\/jundiai.sp.gov.br\/saude\/wp-json\/wp\/v2\/comments?post=179"}],"version-history":[{"count":4,"href":"https:\/\/jundiai.sp.gov.br\/saude\/wp-json\/wp\/v2\/pages\/179\/revisions"}],"predecessor-version":[{"id":4915,"href":"https:\/\/jundiai.sp.gov.br\/saude\/wp-json\/wp\/v2\/pages\/179\/revisions\/4915"}],"wp:attachment":[{"href":"https:\/\/jundiai.sp.gov.br\/saude\/wp-json\/wp\/v2\/media?parent=179"}],"curies":[{"name":"wp","href":"https:\/\/api.w.org\/{rel}","templated":true}]}}