{"id":189,"date":"2014-08-27T09:51:04","date_gmt":"2014-08-27T12:51:04","guid":{"rendered":"https:\/\/jundiai.sp.gov.br\/saude\/?page_id=189"},"modified":"2014-08-27T09:51:04","modified_gmt":"2014-08-27T12:51:04","slug":"programa-de-agentes-comunitarios-de-saude-pacs","status":"publish","type":"page","link":"https:\/\/jundiai.sp.gov.br\/saude\/atencao-primaria\/programa-de-agentes-comunitarios-de-saude-pacs\/","title":{"rendered":"Programa de Agentes Comunit\u00e1rios de Sa\u00fade (Pacs)"},"content":{"rendered":"<p><strong>O que \u00e9?<\/strong><\/p>\n<p>Estrat\u00e9gia que proporciona \u00e0 popula\u00e7\u00e3o o acesso e a universaliza\u00e7\u00e3o do atendimento \u00e0 sa\u00fade, desenvolvendo a\u00e7\u00f5es e rela\u00e7\u00f5es de v\u00ednculo com a comunidade, garantindo a continuidade e acompanhamento de a\u00e7\u00f5es de sa\u00fade e do cuidado.<\/p>\n<p>O agente comunit\u00e1rio de sa\u00fade (ACS) reside na pr\u00f3pria comunidade em que trabalha, identificando os problemas e buscando alternativas para\u00a0enfrentar\u00a0as situa\u00e7\u00f5es juntamente com a popula\u00e7\u00e3o, participa ativamente na preven\u00e7\u00e3o de doen\u00e7as e na promo\u00e7\u00e3o da sa\u00fade.<\/p>\n<p>&nbsp;<\/p>\n<p><strong>Quando \u00e9 necess\u00e1rio?<\/strong><br \/>\nPara atender \u00e0 necessidade do usu\u00e1rio.<\/p>\n<p>&nbsp;<\/p>\n<p><strong>Documentos Necess\u00e1rios (sem efeito):<\/strong><\/p>\n<ul>\n<li>apresenta\u00e7\u00e3o de RG ou outro documento (originais) de identifica\u00e7\u00e3o com foto;<\/li>\n<li>apresenta\u00e7\u00e3o de comprovante de resid\u00eancia original (exemplo: conta de \u00e1gua, luz ou telefone).<\/li>\n<\/ul>\n<p>&nbsp;<\/p>\n<p><strong>Informa\u00e7\u00f5es complementares:<\/strong><\/p>\n<p>O Programa de Agentes Comunit\u00e1rios de Sa\u00fade conta com 18 enfermeiras e 150 Agentes Comunit\u00e1rios de Sa\u00fade (em fase de expans\u00e3o) que est\u00e3o sendo capacitados como parte da estrat\u00e9gia de um novo modelo assistencial voltado \u00e0s a\u00e7\u00f5es de promo\u00e7\u00e3o, prote\u00e7\u00e3o e recupera\u00e7\u00e3o da sa\u00fade individual e coletiva. No Programa de Agentes Comunit\u00e1rios de Sa\u00fade s\u00e3o realizadas visitas domiciliares \u00e0s fam\u00edlias, diariamente, pelos agentes comunit\u00e1rios de sa\u00fade quando identificada a necessidade pela enfermeira da equipe. Dentre as fun\u00e7\u00f5es do ACS est\u00e1: identificar fatores de risco nas fam\u00edlias e na comunidade; propor junto \u00e0 equipe de sa\u00fade solu\u00e7\u00f5es que visem a diminuir esses fatores de risco; orientar as fam\u00edlias para a utiliza\u00e7\u00e3o adequada dos Servi\u00e7os de Sa\u00fade esclarecendo fluxos, protocolos, normas e rotinas; fazer convoca\u00e7\u00f5es dos usu\u00e1rios para consultas e atendimento odontol\u00f3gicos e exames, entre outras quando necess\u00e1rio; realizar, por meio de visita domiciliar, acompanhamento peri\u00f3dico de todas as fam\u00edlias de sua micro \u00e1rea, conforme defini\u00e7\u00e3o do Projeto Terap\u00eautico; promover a educa\u00e7\u00e3o e a mobiliza\u00e7\u00e3o comunit\u00e1ria, visando a desenvolver a\u00e7\u00f5es coletivas de saneamento e melhoria do meio ambiente, entre outras; contribuir para que a Equipe de Refer\u00eancia amplie seu olhar \u00e0 din\u00e2mica social da comunidade, suas necessidades, potencialidades e limites.<br \/>\n<strong>Pr\u00e9-Requisitos<\/strong><\/p>\n<p>Para ter acesso aos servi\u00e7os, basta que o interessado compare\u00e7a \u00e0 Unidade de Sa\u00fade mais pr\u00f3xima de sua resid\u00eancia e realize o cadastro.<\/p>\n","protected":false},"excerpt":{"rendered":"<p>O que \u00e9? Estrat\u00e9gia que proporciona \u00e0 popula\u00e7\u00e3o o acesso e a universaliza\u00e7\u00e3o do atendimento \u00e0 sa\u00fade, desenvolvendo a\u00e7\u00f5es e rela\u00e7\u00f5es de v\u00ednculo com a comunidade, garantindo a continuidade e acompanhamento de a\u00e7\u00f5es de sa\u00fade e do cuidado. O agente comunit\u00e1rio de sa\u00fade (ACS) reside na pr\u00f3pria comunidade em que trabalha, identificando os problemas e [&hellip;]<\/p>\n","protected":false},"author":14,"featured_media":0,"parent":184,"menu_order":0,"comment_status":"closed","ping_status":"closed","template":"page-subpaginas.php","meta":{"footnotes":""},"class_list":["post-189","page","type-page","status-publish","hentry"],"_links":{"self":[{"href":"https:\/\/jundiai.sp.gov.br\/saude\/wp-json\/wp\/v2\/pages\/189","targetHints":{"allow":["GET"]}}],"collection":[{"href":"https:\/\/jundiai.sp.gov.br\/saude\/wp-json\/wp\/v2\/pages"}],"about":[{"href":"https:\/\/jundiai.sp.gov.br\/saude\/wp-json\/wp\/v2\/types\/page"}],"author":[{"embeddable":true,"href":"https:\/\/jundiai.sp.gov.br\/saude\/wp-json\/wp\/v2\/users\/14"}],"replies":[{"embeddable":true,"href":"https:\/\/jundiai.sp.gov.br\/saude\/wp-json\/wp\/v2\/comments?post=189"}],"version-history":[{"count":1,"href":"https:\/\/jundiai.sp.gov.br\/saude\/wp-json\/wp\/v2\/pages\/189\/revisions"}],"predecessor-version":[{"id":190,"href":"https:\/\/jundiai.sp.gov.br\/saude\/wp-json\/wp\/v2\/pages\/189\/revisions\/190"}],"up":[{"embeddable":true,"href":"https:\/\/jundiai.sp.gov.br\/saude\/wp-json\/wp\/v2\/pages\/184"}],"wp:attachment":[{"href":"https:\/\/jundiai.sp.gov.br\/saude\/wp-json\/wp\/v2\/media?parent=189"}],"curies":[{"name":"wp","href":"https:\/\/api.w.org\/{rel}","templated":true}]}}

Programa de Agentes Comunitários de Saúde (Pacs)

<p><strong>O que é?</strong></p>
<p>Estratégia que proporciona à população o acesso e a universalização do atendimento à saúde, desenvolvendo ações e relações de vínculo com a comunidade, garantindo a continuidade e acompanhamento de ações de saúde e do cuidado.</p>
<p>O agente comunitário de saúde (ACS) reside na própria comunidade em que trabalha, identificando os problemas e buscando alternativas para enfrentar as situações juntamente com a população, participa ativamente na prevenção de doenças e na promoção da saúde.</p>
<p>&nbsp;</p>
<p><strong>Quando é necessário?</strong><br />
Para atender à necessidade do usuário.</p>
<p>&nbsp;</p>
<p><strong>Documentos Necessários (sem efeito):</strong></p>
<ul>
<li>apresentação de RG ou outro documento (originais) de identificação com foto;</li>
<li>apresentação de comprovante de residência original (exemplo: conta de água, luz ou telefone).</li>
</ul>
<p>&nbsp;</p>
<p><strong>Informações complementares:</strong></p>
<p>O Programa de Agentes Comunitários de Saúde conta com 18 enfermeiras e 150 Agentes Comunitários de Saúde (em fase de expansão) que estão sendo capacitados como parte da estratégia de um novo modelo assistencial voltado às ações de promoção, proteção e recuperação da saúde individual e coletiva. No Programa de Agentes Comunitários de Saúde são realizadas visitas domiciliares às famílias, diariamente, pelos agentes comunitários de saúde quando identificada a necessidade pela enfermeira da equipe. Dentre as funções do ACS está: identificar fatores de risco nas famílias e na comunidade; propor junto à equipe de saúde soluções que visem a diminuir esses fatores de risco; orientar as famílias para a utilização adequada dos Serviços de Saúde esclarecendo fluxos, protocolos, normas e rotinas; fazer convocações dos usuários para consultas e atendimento odontológicos e exames, entre outras quando necessário; realizar, por meio de visita domiciliar, acompanhamento periódico de todas as famílias de sua micro área, conforme definição do Projeto Terapêutico; promover a educação e a mobilização comunitária, visando a desenvolver ações coletivas de saneamento e melhoria do meio ambiente, entre outras; contribuir para que a Equipe de Referência amplie seu olhar à dinâmica social da comunidade, suas necessidades, potencialidades e limites.<br />
<strong>Pré-Requisitos</strong></p>
<p>Para ter acesso aos serviços, basta que o interessado compareça à Unidade de Saúde mais próxima de sua residência e realize o cadastro.</p>

<p>O que é? Estratégia que proporciona à população o acesso e a universalização do atendimento à saúde, desenvolvendo ações e relações de vínculo com a comunidade, garantindo a continuidade e acompanhamento de ações de saúde e do cuidado. O agente comunitário de saúde (ACS) reside na própria comunidade em que trabalha, identificando os problemas e [&hellip;]</p>
