{"id":202,"date":"2014-08-27T10:22:46","date_gmt":"2014-08-27T13:22:46","guid":{"rendered":"https:\/\/jundiai.sp.gov.br\/saude\/?page_id=202"},"modified":"2026-03-23T09:14:53","modified_gmt":"2026-03-23T12:14:53","slug":"unidade-de-saude-da-familia","status":"publish","type":"page","link":"https:\/\/jundiai.sp.gov.br\/saude\/atencao-primaria\/unidade-de-saude-da-familia\/","title":{"rendered":"Unidade de Sa\u00fade da Fam\u00edlia"},"content":{"rendered":"\n<p><strong>O que \u00e9?<\/strong><\/p>\n\n\n\n<p>\u00c9 a unidade de sa\u00fade composta por um m\u00e9dico generalista, um enfermeiro, um auxiliar de enfermagem e de at\u00e9 doze agentes comunit\u00e1rios de sa\u00fade.<\/p>\n\n\n\n<p>Tem como proposta cuidar da preven\u00e7\u00e3o e melhorar a qualidade de vida, n\u00e3o s\u00f3 do indiv\u00edduo, mas sim da fam\u00edlia toda, atuando sobre as causas das doen\u00e7as, ou seja, no modo de vida das pessoas e do contexto social de sua comunidade .<br>\nPara isso, s\u00e3o realizados grupos para exposi\u00e7\u00e3o de assuntos e explica\u00e7\u00e3o de d\u00favidas.<br>\nOs grupos podem ser&nbsp;compostos por&nbsp;crian\u00e7as, gestantes, idosos, hipertensos, diab\u00e9ticos e outros.<\/p>\n\n\n\n<p><strong>Programas de Sa\u00fade:<\/strong>&nbsp;Puericultura (cuidados com os rec\u00e9m-nascidos), car\u00eancia nutricional na inf\u00e2ncia, imuniza\u00e7\u00e3o (vacinas), hipertens\u00e3o arterial, diabetes, esquistossomose, hansen\u00edase (lepra), preven\u00e7\u00e3o do c\u00e2ncer, climat\u00e9rio (menopausa), gestante (pr\u00e9-natal), planejamento familiar, tuberculose, planejamento e tratamento da sa\u00fade bucal de crian\u00e7as e adultos portadores de diabetes e gestantes, visitas domiciliares.<br>\n<strong>Documentos Necess\u00e1rios:<\/strong><\/p>\n\n\n\n<ul class=\"wp-block-list\">\n<li>apresenta\u00e7\u00e3o de RG ou outro documento (originais) de identifica\u00e7\u00e3o com foto;<\/li>\n\n\n\n<li>apresenta\u00e7\u00e3o de comprovante de resid\u00eancia original (exemplo: conta de \u00e1gua, luz ou telefone).<\/li>\n<\/ul>\n\n\n\n<p>&nbsp;<\/p>\n\n\n\n<p><strong>Como fazer?<\/strong><br>\nIr \u00e0 unidade de sa\u00fade do seu bairro, com os documentos necess\u00e1rios e fazer o seu cadastro.<\/p>\n\n\n\n<p>&nbsp;<\/p>\n\n\n\n<p><strong>Locais de atendimento da Unidade de Sa\u00fade da Fam\u00edlia:<\/strong> <strong><a href=\"https:\/\/jundiai.sp.gov.br\/saude\/rede-de-atendimento\/rede-completa-de-atendimento\/\">Clique aqui<\/a><\/strong><\/p>\n\n\n\n<p><\/p>\n","protected":false},"excerpt":{"rendered":"<p>O que \u00e9? \u00c9 a unidade de sa\u00fade composta por um m\u00e9dico generalista, um enfermeiro, um auxiliar de enfermagem e de at\u00e9 doze agentes comunit\u00e1rios de sa\u00fade. Tem como proposta cuidar da preven\u00e7\u00e3o e melhorar a qualidade de vida, n\u00e3o s\u00f3 do indiv\u00edduo, mas sim da fam\u00edlia toda, atuando sobre as causas das doen\u00e7as, ou [&hellip;]<\/p>\n","protected":false},"author":14,"featured_media":0,"parent":184,"menu_order":0,"comment_status":"closed","ping_status":"closed","template":"page-subpaginas.php","meta":{"footnotes":""},"class_list":["post-202","page","type-page","status-publish","hentry"],"_links":{"self":[{"href":"https:\/\/jundiai.sp.gov.br\/saude\/wp-json\/wp\/v2\/pages\/202","targetHints":{"allow":["GET"]}}],"collection":[{"href":"https:\/\/jundiai.sp.gov.br\/saude\/wp-json\/wp\/v2\/pages"}],"about":[{"href":"https:\/\/jundiai.sp.gov.br\/saude\/wp-json\/wp\/v2\/types\/page"}],"author":[{"embeddable":true,"href":"https:\/\/jundiai.sp.gov.br\/saude\/wp-json\/wp\/v2\/users\/14"}],"replies":[{"embeddable":true,"href":"https:\/\/jundiai.sp.gov.br\/saude\/wp-json\/wp\/v2\/comments?post=202"}],"version-history":[{"count":4,"href":"https:\/\/jundiai.sp.gov.br\/saude\/wp-json\/wp\/v2\/pages\/202\/revisions"}],"predecessor-version":[{"id":6916,"href":"https:\/\/jundiai.sp.gov.br\/saude\/wp-json\/wp\/v2\/pages\/202\/revisions\/6916"}],"up":[{"embeddable":true,"href":"https:\/\/jundiai.sp.gov.br\/saude\/wp-json\/wp\/v2\/pages\/184"}],"wp:attachment":[{"href":"https:\/\/jundiai.sp.gov.br\/saude\/wp-json\/wp\/v2\/media?parent=202"}],"curies":[{"name":"wp","href":"https:\/\/api.w.org\/{rel}","templated":true}]}}