{"id":2166,"date":"2016-06-14T15:33:52","date_gmt":"2016-06-14T18:33:52","guid":{"rendered":"https:\/\/jundiai.sp.gov.br\/saude\/?page_id=2166"},"modified":"2016-06-17T13:25:36","modified_gmt":"2016-06-17T16:25:36","slug":"linha-de-cuidado-para-atencao-integral-a-pessoa-idosa-em-situacao-de-violencia","status":"publish","type":"page","link":"https:\/\/jundiai.sp.gov.br\/saude\/rede-de-atendimento\/linha-de-cuidado-para-atencao-integral-a-pessoa-idosa-em-situacao-de-violencia\/","title":{"rendered":"Linha de Cuidado Para Aten\u00e7\u00e3o Integral \u00e0 Pessoa Idosa em Situa\u00e7\u00e3o de Viol\u00eancia"},"content":{"rendered":"<p><strong><a href=\"https:\/\/jundiai.sp.gov.br\/saude\/wp-content\/uploads\/sites\/17\/2016\/06\/Linha-de-Cuidado-Para-Aten\u00e7\u00e3o-Integral-\u00c0-Pessoa-Idosa-Em-Situa\u00e7\u00e3o-de-Viol\u00eancia-Cartilha_Sa\u00fade_4_web-2.pdf\" rel=\"\">Linha de Cuidado para Aten\u00e7\u00e3o Integral \u00e0 Pessoa Idosa em Situa\u00e7\u00e3o de Viol\u00eancia<\/a><\/strong><\/p>\n","protected":false},"excerpt":{"rendered":"<p>Linha de Cuidado para Aten\u00e7\u00e3o Integral \u00e0 Pessoa Idosa em Situa\u00e7\u00e3o de Viol\u00eancia<\/p>\n","protected":false},"author":11,"featured_media":0,"parent":526,"menu_order":0,"comment_status":"closed","ping_status":"closed","template":"","meta":{"footnotes":""},"class_list":["post-2166","page","type-page","status-publish","hentry"],"_links":{"self":[{"href":"https:\/\/jundiai.sp.gov.br\/saude\/wp-json\/wp\/v2\/pages\/2166","targetHints":{"allow":["GET"]}}],"collection":[{"href":"https:\/\/jundiai.sp.gov.br\/saude\/wp-json\/wp\/v2\/pages"}],"about":[{"href":"https:\/\/jundiai.sp.gov.br\/saude\/wp-json\/wp\/v2\/types\/page"}],"author":[{"embeddable":true,"href":"https:\/\/jundiai.sp.gov.br\/saude\/wp-json\/wp\/v2\/users\/11"}],"replies":[{"embeddable":true,"href":"https:\/\/jundiai.sp.gov.br\/saude\/wp-json\/wp\/v2\/comments?post=2166"}],"version-history":[{"count":3,"href":"https:\/\/jundiai.sp.gov.br\/saude\/wp-json\/wp\/v2\/pages\/2166\/revisions"}],"predecessor-version":[{"id":2171,"href":"https:\/\/jundiai.sp.gov.br\/saude\/wp-json\/wp\/v2\/pages\/2166\/revisions\/2171"}],"up":[{"embeddable":true,"href":"https:\/\/jundiai.sp.gov.br\/saude\/wp-json\/wp\/v2\/pages\/526"}],"wp:attachment":[{"href":"https:\/\/jundiai.sp.gov.br\/saude\/wp-json\/wp\/v2\/media?parent=2166"}],"curies":[{"name":"wp","href":"https:\/\/api.w.org\/{rel}","templated":true}]}}