{"id":238,"date":"2014-08-27T11:05:49","date_gmt":"2014-08-27T14:05:49","guid":{"rendered":"https:\/\/jundiai.sp.gov.br\/saude\/?page_id=238"},"modified":"2014-08-27T11:07:46","modified_gmt":"2014-08-27T14:07:46","slug":"atendimento-medico-unidades-de-pronto-socorro-do-hospital-universitario","status":"publish","type":"page","link":"https:\/\/jundiai.sp.gov.br\/saude\/assistencia-hospitalar-e-urgencia-e-emergencia\/atendimento-medico-unidades-de-pronto-socorro-do-hospital-universitario\/","title":{"rendered":"Atendimento M\u00e9dico: Unidades de Pronto-Socorro do Hospital Universit\u00e1rio"},"content":{"rendered":"<p><strong>O que \u00e9 ?<\/strong><\/p>\n<p>Atendimento caracterizado como URG\u00caNCIA \/EMERG\u00caNCIA em Pediatria, Cirurgia Pedi\u00e1trica,Clinica Obst\u00e9trica e Ginecologia, com o objetivo de absorver a demanda espont\u00e2nea de problemas agudos de sa\u00fade.<br \/>\n<strong>Quando \u00e9 necess\u00e1rio?<\/strong><\/p>\n<p>Quando houver situa\u00e7\u00e3o de URG\u00caNCIA \/EMERG\u00caNCIA\u00a0(risco relativo e\/ou absoluto de vida).<\/p>\n<p>&nbsp;<\/p>\n<p><strong>HOSPITAL UNIVERSIT\u00c1RIO<\/strong><br \/>\nRua Siracusa s\/n\u00ba, Jardim Bonfiglioli<br \/>\nTelefone: (11) 4527-5700.<\/p>\n<p><strong>Documentos Necess\u00e1rios:<\/strong><\/p>\n<p>Apresenta\u00e7\u00e3o de RG ou outro documento de identifica\u00e7\u00e3o original com foto.<\/p>\n","protected":false},"excerpt":{"rendered":"<p>O que \u00e9 ? Atendimento caracterizado como URG\u00caNCIA \/EMERG\u00caNCIA em Pediatria, Cirurgia Pedi\u00e1trica,Clinica Obst\u00e9trica e Ginecologia, com o objetivo de absorver a demanda espont\u00e2nea de problemas agudos de sa\u00fade. Quando \u00e9 necess\u00e1rio? Quando houver situa\u00e7\u00e3o de URG\u00caNCIA \/EMERG\u00caNCIA\u00a0(risco relativo e\/ou absoluto de vida). &nbsp; HOSPITAL UNIVERSIT\u00c1RIO Rua Siracusa s\/n\u00ba, Jardim Bonfiglioli Telefone: (11) 4527-5700. Documentos [&hellip;]<\/p>\n","protected":false},"author":14,"featured_media":0,"parent":226,"menu_order":0,"comment_status":"closed","ping_status":"closed","template":"page-subpaginas.php","meta":{"footnotes":""},"class_list":["post-238","page","type-page","status-publish","hentry"],"_links":{"self":[{"href":"https:\/\/jundiai.sp.gov.br\/saude\/wp-json\/wp\/v2\/pages\/238","targetHints":{"allow":["GET"]}}],"collection":[{"href":"https:\/\/jundiai.sp.gov.br\/saude\/wp-json\/wp\/v2\/pages"}],"about":[{"href":"https:\/\/jundiai.sp.gov.br\/saude\/wp-json\/wp\/v2\/types\/page"}],"author":[{"embeddable":true,"href":"https:\/\/jundiai.sp.gov.br\/saude\/wp-json\/wp\/v2\/users\/14"}],"replies":[{"embeddable":true,"href":"https:\/\/jundiai.sp.gov.br\/saude\/wp-json\/wp\/v2\/comments?post=238"}],"version-history":[{"count":4,"href":"https:\/\/jundiai.sp.gov.br\/saude\/wp-json\/wp\/v2\/pages\/238\/revisions"}],"predecessor-version":[{"id":243,"href":"https:\/\/jundiai.sp.gov.br\/saude\/wp-json\/wp\/v2\/pages\/238\/revisions\/243"}],"up":[{"embeddable":true,"href":"https:\/\/jundiai.sp.gov.br\/saude\/wp-json\/wp\/v2\/pages\/226"}],"wp:attachment":[{"href":"https:\/\/jundiai.sp.gov.br\/saude\/wp-json\/wp\/v2\/media?parent=238"}],"curies":[{"name":"wp","href":"https:\/\/api.w.org\/{rel}","templated":true}]}}