{"id":244,"date":"2014-08-27T11:08:43","date_gmt":"2014-08-27T14:08:43","guid":{"rendered":"https:\/\/jundiai.sp.gov.br\/saude\/?page_id=244"},"modified":"2024-06-24T16:39:48","modified_gmt":"2024-06-24T19:39:48","slug":"atendimento-medico-unidades-de-pronto-socorro-do-hospital-sao-vicente-de-paulo","status":"publish","type":"page","link":"https:\/\/jundiai.sp.gov.br\/saude\/assistencia-hospitalar-e-urgencia-e-emergencia\/atendimento-medico-unidades-de-pronto-socorro-do-hospital-sao-vicente-de-paulo\/","title":{"rendered":"Atendimento M\u00e9dico: Unidades de Pronto-Socorro do Hospital S\u00e3o Vicente de Paulo"},"content":{"rendered":"<p><strong>O que \u00e9?<\/strong><\/p>\n<p>Atendimento caracterizado como URG\u00caNCIA em Cl\u00ednica M\u00e9dica, Cl\u00ednica Cir\u00fargica (Cirurgia Geral, Urologia, Neurocirurgia e Vascular) e Ortopedia, com o objetivo de absorver a demanda espont\u00e2nea de problemas agudos em sa\u00fade.<\/p>\n<p><strong>Quando \u00e9 necess\u00e1rio?<\/strong><\/p>\n<p>Quando houver situa\u00e7\u00e3o de urg\u00eancia\/emerg\u00eancia (risco relativo e\/ou absoluto de vida)<\/p>\n<p>&nbsp;<\/p>\n<p><strong>HOSPITAL S\u00c3O VICENTE DE PAULO<\/strong><br \/>\nRua S\u00e3o Vicente de Paulo, 223, Centro<br \/>\nTelefone: (11) 4583-8155<\/p>\n<p><strong>Documentos Necess\u00e1rios:<\/strong><\/p>\n<ul>\n<li>Apresenta\u00e7\u00e3o de RG ou outro documento de identifica\u00e7\u00e3o original com foto.<\/li>\n<\/ul>\n","protected":false},"excerpt":{"rendered":"<p>O que \u00e9? Atendimento caracterizado como URG\u00caNCIA em Cl\u00ednica M\u00e9dica, Cl\u00ednica Cir\u00fargica (Cirurgia Geral, Urologia, Neurocirurgia e Vascular) e Ortopedia, com o objetivo de absorver a demanda espont\u00e2nea de problemas agudos em sa\u00fade. Quando \u00e9 necess\u00e1rio? Quando houver situa\u00e7\u00e3o de urg\u00eancia\/emerg\u00eancia (risco relativo e\/ou absoluto de vida) &nbsp; HOSPITAL S\u00c3O VICENTE DE PAULO Rua S\u00e3o [&hellip;]<\/p>\n","protected":false},"author":14,"featured_media":0,"parent":226,"menu_order":0,"comment_status":"closed","ping_status":"closed","template":"page-subpaginas.php","meta":{"footnotes":""},"class_list":["post-244","page","type-page","status-publish","hentry"],"_links":{"self":[{"href":"https:\/\/jundiai.sp.gov.br\/saude\/wp-json\/wp\/v2\/pages\/244","targetHints":{"allow":["GET"]}}],"collection":[{"href":"https:\/\/jundiai.sp.gov.br\/saude\/wp-json\/wp\/v2\/pages"}],"about":[{"href":"https:\/\/jundiai.sp.gov.br\/saude\/wp-json\/wp\/v2\/types\/page"}],"author":[{"embeddable":true,"href":"https:\/\/jundiai.sp.gov.br\/saude\/wp-json\/wp\/v2\/users\/14"}],"replies":[{"embeddable":true,"href":"https:\/\/jundiai.sp.gov.br\/saude\/wp-json\/wp\/v2\/comments?post=244"}],"version-history":[{"count":3,"href":"https:\/\/jundiai.sp.gov.br\/saude\/wp-json\/wp\/v2\/pages\/244\/revisions"}],"predecessor-version":[{"id":5582,"href":"https:\/\/jundiai.sp.gov.br\/saude\/wp-json\/wp\/v2\/pages\/244\/revisions\/5582"}],"up":[{"embeddable":true,"href":"https:\/\/jundiai.sp.gov.br\/saude\/wp-json\/wp\/v2\/pages\/226"}],"wp:attachment":[{"href":"https:\/\/jundiai.sp.gov.br\/saude\/wp-json\/wp\/v2\/media?parent=244"}],"curies":[{"name":"wp","href":"https:\/\/api.w.org\/{rel}","templated":true}]}}