{"id":260,"date":"2014-08-27T11:33:19","date_gmt":"2014-08-27T14:33:19","guid":{"rendered":"https:\/\/jundiai.sp.gov.br\/saude\/?page_id=260"},"modified":"2024-06-26T16:26:43","modified_gmt":"2024-06-26T19:26:43","slug":"servico-de-atendimento-movel-de-urgencia-samu-telefone-192","status":"publish","type":"page","link":"https:\/\/jundiai.sp.gov.br\/saude\/assistencia-hospitalar-e-urgencia-e-emergencia\/servico-de-atendimento-movel-de-urgencia-samu-telefone-192\/","title":{"rendered":"Servi\u00e7o de Atendimento M\u00f3vel de Urg\u00eancia: Samu &#8211; Telefone 192"},"content":{"rendered":"\n<p><strong>O que \u00e9 o SAMU\/192?<\/strong><br>\nO SAMU\/192 faz parte da Pol\u00edtica Nacional de Urg\u00eancias e Emerg\u00eancias, atuando no atendimento pr\u00e9 hospitalar, \u00e0 popula\u00e7\u00e3o em casos de risco de vida\/emerg\u00eancia.<br>\nO servi\u00e7o funciona 24 horas por dia com equipes de profissionais de sa\u00fade, como m\u00e9dicos, enfermeiros, t\u00e9cnicos de enfermagem e socorristas, que atendem \u00e0s urg\u00eancias de natureza traum\u00e1tica, Cl\u00ednica, Pedi\u00e1trica, Cir\u00fargica, Gineco-obst\u00e9trica e de Sa\u00fade mental da popula\u00e7\u00e3o.<\/p>\n\n\n\n<p><strong>Como Funciona?<\/strong><br>\nO SAMU realiza o atendimento de urg\u00eancia e emerg\u00eancia em qualquer lugar: resid\u00eancias, locais de trabalho e vias p\u00fablicas, contando com as Centrais de Regula\u00e7\u00e3o, profissionais e ve\u00edculos de salvamento.<br>\nAs Centrais de Regula\u00e7\u00e3o tem um papel primeiro e indispens\u00e1vel para o resultado positivo do atendimento, sendo o socorro feito ap\u00f3s a chamada gratuita, no telefone 192.<br>\nA liga\u00e7\u00e3o \u00e9 atendida por t\u00e9cnicos na Central de Regula\u00e7\u00e3o, que identificam a emerg\u00eancia e, imediatamente, transferem o telefonema para o m\u00e9dico regulador. Esse profissional faz o diagn\u00f3stico da situa\u00e7\u00e3o e inicia o atendimento no mesmo instante, orientando o paciente ou a pessoa que fez a chamada sobre as primeiras a\u00e7\u00f5es.<br>\nAo mesmo tempo, o m\u00e9dico regulador avalia qual o melhor procedimento para o paciente: orienta a pessoa a procurar um posto de sa\u00fade; designa uma ambul\u00e2ncia de suporte b\u00e1sico de vida, com t\u00e9cnico de enfermagem e socorrista, para o atendimento no local; ou, de acordo com a gravidade do caso, envia uma UTI m\u00f3vel, com m\u00e9dico e enfermeiro. Com poder de autoridade sanit\u00e1ria, o m\u00e9dico regulador comunica a urg\u00eancia ou emerg\u00eancia aos hospitais p\u00fablicos e, dessa maneira, reserva leitos para que o atendimento de urg\u00eancia tenha continuidade.<\/p>\n\n\n\n<p><strong>Como fazer ?<\/strong><\/p>\n\n\n\n<p><strong>Solicita\u00e7\u00e3o via telefone 192.<\/strong><\/p>\n\n\n\n<p><strong>Enfatizamos a responsabilidade de cada cidad\u00e3o ao acionar este servi\u00e7o, que visa a salvar vidas, evitando liga\u00e7\u00f5es telef\u00f4nicas sem esta finalidade.<\/strong><\/p>\n\n\n\n<p><\/p>\n\n\n\n<p><strong>SAMU 192: Saiba quando acionar o servi\u00e7o<\/strong><\/p>\n\n\n\n<p>O Servi\u00e7o de Atendimento M\u00f3vel de Urg\u00eancia tem como objetivo chegar o mais r\u00e1pido poss\u00edvel em situa\u00e7\u00f5es de urg\u00eancia e emerg\u00eancia. O atendimento tem in\u00edcio em uma chamada telef\u00f4nica para o n\u00famero 192. <\/p>\n\n\n\n<p><strong>Quando Chamar?<br><\/strong>&#8211; Problemas cardiorrespirat\u00f3rios;<br>&#8211; Intoxica\u00e7\u00e3o ex\u00f3gena e envenenamento;<br>&#8211; Queimaduras graves;<br>&#8211; Trabalhos de parto em que haja risco de morte da m\u00e3e ou do feto;<br>&#8211; Tentativa de suic\u00eddio;<br>&#8211; Crises hipertensivas e dores no peito de aparecimento s\u00fabito;<br>&#8211; Acidentes ou traumas com v\u00edtimas;<br>&#8211; Afogamentos;<br>&#8211; Choque el\u00e9trico;<br>&#8211; Acidentes com produtos perigosos;<br>&#8211; Suspeita de infarto ou AVC (altera\u00e7\u00e3o s\u00fabita na fala, perda de for\u00e7a em um lado do corpo e desvio da comissura labial s\u00e3o os sintomas mais comuns);<br>&#8211; Ferimento por arma de fogo ou arma branca;<br>&#8211; Soterramento ou desabamento com v\u00edtimas;<br>&#8211; Crises convulsivas;<br>&#8211; Outras situa\u00e7\u00f5es consideradas de urg\u00eancia ou emerg\u00eancia, com risco de morte, sequela ou sofrimento intenso. <\/p>\n\n\n\n<p><strong>Quando n\u00e3o chamar?<br><\/strong>&#8211; Febre prolongada;<br>&#8211; Dores cr\u00f4nicas;<br>&#8211; V\u00f4mito e diarreia;<br>&#8211; C\u00f3licas renais;<br>&#8211; Dor de dente;<br>&#8211; Troca de sonda;<br>&#8211; Corte com pouco sangramento;<br>&#8211; Entorses;<br>&#8211; Transportes inter-hospitalares de pacientes de conv\u00eanio;<br>&#8211; Transporte para consulta m\u00e9dica ou para realizar exames;<br>&#8211; Transporte de \u00f3bito.<br><\/p>\n","protected":false},"excerpt":{"rendered":"<p>O que \u00e9 o SAMU\/192? O SAMU\/192 faz parte da Pol\u00edtica Nacional de Urg\u00eancias e Emerg\u00eancias, atuando no atendimento pr\u00e9 hospitalar, \u00e0 popula\u00e7\u00e3o em casos de risco de vida\/emerg\u00eancia. O servi\u00e7o funciona 24 horas por dia com equipes de profissionais de sa\u00fade, como m\u00e9dicos, enfermeiros, t\u00e9cnicos de enfermagem e socorristas, que atendem \u00e0s urg\u00eancias de [&hellip;]<\/p>\n","protected":false},"author":14,"featured_media":0,"parent":226,"menu_order":0,"comment_status":"closed","ping_status":"closed","template":"page-subpaginas.php","meta":{"footnotes":""},"class_list":["post-260","page","type-page","status-publish","hentry"],"_links":{"self":[{"href":"https:\/\/jundiai.sp.gov.br\/saude\/wp-json\/wp\/v2\/pages\/260","targetHints":{"allow":["GET"]}}],"collection":[{"href":"https:\/\/jundiai.sp.gov.br\/saude\/wp-json\/wp\/v2\/pages"}],"about":[{"href":"https:\/\/jundiai.sp.gov.br\/saude\/wp-json\/wp\/v2\/types\/page"}],"author":[{"embeddable":true,"href":"https:\/\/jundiai.sp.gov.br\/saude\/wp-json\/wp\/v2\/users\/14"}],"replies":[{"embeddable":true,"href":"https:\/\/jundiai.sp.gov.br\/saude\/wp-json\/wp\/v2\/comments?post=260"}],"version-history":[{"count":7,"href":"https:\/\/jundiai.sp.gov.br\/saude\/wp-json\/wp\/v2\/pages\/260\/revisions"}],"predecessor-version":[{"id":5606,"href":"https:\/\/jundiai.sp.gov.br\/saude\/wp-json\/wp\/v2\/pages\/260\/revisions\/5606"}],"up":[{"embeddable":true,"href":"https:\/\/jundiai.sp.gov.br\/saude\/wp-json\/wp\/v2\/pages\/226"}],"wp:attachment":[{"href":"https:\/\/jundiai.sp.gov.br\/saude\/wp-json\/wp\/v2\/media?parent=260"}],"curies":[{"name":"wp","href":"https:\/\/api.w.org\/{rel}","templated":true}]}}