{"id":4689,"date":"2023-05-11T15:04:46","date_gmt":"2023-05-11T18:04:46","guid":{"rendered":"https:\/\/jundiai.sp.gov.br\/saude\/?page_id=4689"},"modified":"2025-09-04T10:46:36","modified_gmt":"2025-09-04T13:46:36","slug":"farmacia-de-alto-custo-jundiai","status":"publish","type":"page","link":"https:\/\/jundiai.sp.gov.br\/saude\/farmacia-de-alto-custo-jundiai\/","title":{"rendered":"Farm\u00e1cia de Alto Custo"},"content":{"rendered":"\n<h2 class=\"wp-block-heading\">Componente Especializado de Assist\u00eancia Farmac\u00eautica <\/h2>\n\n\n\n<p><a href=\"https:\/\/jundiai.sp.gov.br\/saude\/wp-content\/uploads\/sites\/17\/2024\/03\/normas-alto-custo-documentos-google.pdf\"><strong>Manual<\/strong> <strong>de Orienta\u00e7\u00f5es<\/strong>&nbsp;<strong>para a solicita\u00e7\u00e3o de medicamentos<\/strong><\/a><br><strong>Documentos obrigat\u00f3rios para primeira solicita\u00e7\u00e3o (Todos os medicamentos):<\/strong><\/p>\n\n\n\n<ol class=\"wp-block-list\">\n<li><strong>LME <\/strong> <a rel=\"noreferrer noopener\" href=\"https:\/\/jundiai.sp.gov.br\/saude\/wp-content\/uploads\/sites\/17\/2023\/05\/lme-1.pdf\" target=\"_blank\"><strong>(CLIQUE AQUI)<\/strong><\/a><br>Deve ser o modelo atualizado, contendo campo para 6 meses de prescri\u00e7\u00e3o.<br>Deve ser preenchida, em todos os campos obrigat\u00f3rios (*), pelo m\u00e9dico solicitante, de forma leg\u00edvel e sem rasuras.<br>Para requerimento de f\u00f3rmulas infantis de alergia a prote\u00edna do leite de vaca, <strong><a rel=\"noreferrer noopener\" href=\"https:\/\/jundiai.sp.gov.br\/saude\/wp-content\/uploads\/sites\/17\/2023\/05\/lme_-_leite_com_cnes.pdf\" target=\"_blank\">(CLIQUE AQUI)<\/a> <\/strong><\/li>\n<\/ol>\n\n\n\n<ol start=\"2\" class=\"wp-block-list\">\n<li><strong>Receita<\/strong><br>Deve ser preenchida de forma leg\u00edvel e completa, respeitando as normas legais.<br>A validade da receita para medicamentos sujeitos a controle especial&nbsp; (Portaria 344\/98) \u00e9 de 30 dias, com exce\u00e7\u00e3o aos retin\u00f3ides (acitretina e isotretino\u00edna), para mulheres em idade f\u00e9rtil, onde a validade \u00e9 de 7 dias. Para estes medicamentos o usu\u00e1rio dever\u00e1 trazer receitas mensais para a retirada.<br>Para medicamentos n\u00e3o sujeitos a controle especial a validade da receita \u00e9 de at\u00e9 180 dias. Para estes medicamentos ser\u00e1 necess\u00e1ria nova receita apenas no momento da renova\u00e7\u00e3o.<br><a href=\"https:\/\/jundiai.sp.gov.br\/saude\/wp-content\/uploads\/sites\/17\/2024\/03\/e_dl-cib-26_260423.pdf\">NOTA T\u00c9CNICA<\/a><\/li>\n<\/ol>\n\n\n\n<ol start=\"3\" class=\"wp-block-list\">\n<li><strong>Comprovante de endere\u00e7o com CEP<\/strong><br>O CEP deve ser nominal \u00e0 rua, n\u00e3o sendo aceito com CEP geral do munic\u00edpio).<br>O comprovante de endere\u00e7o deve ser, preferencialmente no nome do usu\u00e1rio solicitante ou de pessoa comprovadamente residente no mesmo endere\u00e7o.<br>(A declara\u00e7\u00e3o da UBS n\u00e3o pode ser utilizada como comprovante de endere\u00e7o.)<\/li>\n<\/ol>\n\n\n\n<ol start=\"4\" class=\"wp-block-list\">\n<li><strong>Documentos pessoais<\/strong><br>Para todos os processos novos,<strong> mesmo que o paciente j\u00e1 tenha cadastro<\/strong>. Deve ser apresentado obrigatoriamente RG e CPF. De acordo com a NF n\u00ba 7 de 14.06.2021 n\u00e3o ser\u00e3o aceitos CASOS NOVOS com CNH, ser\u00e3o aceitos apenas processos com o RG do paciente (ou certid\u00e3o de nascimento\/carteira de trabalho + protocolo do poupa tempo\/boletim de ocorr\u00eancia).<br>Comprovantes de inscri\u00e7\u00e3o profissional poder\u00e3o ser utilizados conforme legisla\u00e7\u00e3o vigente (Ex: OAB, COREN, CRF, CRM\u2026)<br>Para pacientes menores de 18 anos anexar c\u00f3pia do documento de identifica\u00e7\u00e3o do Respons\u00e1vel.<\/li>\n<\/ol>\n\n\n\n<ol start=\"5\" class=\"wp-block-list\">\n<li><strong>Cart\u00e3o nacional de sa\u00fade (CNS)<\/strong><br>Pode ser utilizado o cart\u00e3o da UBS cujo n\u00famero do CNS esteja impresso no mesmo, n\u00e3o sendo v\u00e1lido como comprovante de inscri\u00e7\u00e3o no CNS o cart\u00e3o da UBS cujo n\u00famero do CNS esteja escrito de forma manual.<br>O cart\u00e3o de CNS pode ser impresso no app ConectSus.<\/li>\n<\/ol>\n\n\n\n<ol start=\"6\" class=\"wp-block-list\">\n<li><strong>Declara\u00e7\u00e3o autorizadora (<a href=\"https:\/\/jundiai.sp.gov.br\/saude\/wp-content\/uploads\/sites\/17\/2025\/09\/declaracao-autorizadora-atual-2024_2025.docx\">CLIQUE AQUI<\/a>)<\/strong><br>Deve ser assinada pelo paciente ou seu respons\u00e1vel legal. Deve conter os nomes das pessoas autorizadas a retirar o medicamento em nome do paciente.<br>Al\u00e9m dos documentos acima, \u00e9 necess\u00e1rio verificar a necessidade de documentos e exames exigidos para cada medicamento e patologia.<\/li>\n<\/ol>\n\n\n\n<h2 class=\"wp-block-heading\">A lista completa de medicamentos do Componente Especializado est\u00e1 dispon\u00edvel nos links abaixo:<\/h2>\n\n\n\n<p>Caso voc\u00ea saiba qual o medicamento que vai utilizar e qual a patologia, <strong><a rel=\"noreferrer noopener\" href=\"http:\/\/saude.sp.gov.br\/ses\/perfil\/gestor\/assistencia-farmaceutica\/medicamentos-dos-componentes-da-assistencia-farmaceutica\/links-do-componente-especializado-da-assistencia-farmaceutica\/relacao-estadual-de-medicamentos-do-componente-especializado-da-assistencia-farmaceutica\/consulta-por-medicamento\" target=\"_blank\">CLIQUE AQUI.<\/a><\/strong><br>Caso voc\u00ea queira saber quais os medicamentos dispon\u00edveis por patologia, <a rel=\"noreferrer noopener\" href=\"http:\/\/saude.sp.gov.br\/ses\/perfil\/gestor\/assistencia-farmaceutica\/medicamentos-dos-componentes-da-assistencia-farmaceutica\/links-do-componente-especializado-da-assistencia-farmaceutica\/relacao-estadual-de-medicamentos-do-componente-especializado-da-assistencia-farmaceutica\/consulta-por-protocolo-clinico-e-diretriz-terapeutica\" target=\"_blank\"><strong>CLIQUE AQUI.<\/strong><\/a><\/p>\n\n\n\n<p><\/p>\n\n\n\n<hr class=\"wp-block-separator has-alpha-channel-opacity is-style-wide\"\/>\n\n\n\n<h3 class=\"wp-block-heading\"><strong>Para mais informa\u00e7\u00f5es entre em contato: <\/strong><\/h3>\n\n\n\n<p><strong>Endere\u00e7o<\/strong>: Rua Marechal Deodoro da Fonseca, 836.<br><strong>Telefone:<\/strong> (11) 4431-6500<br><strong>Whatsapp:<\/strong> <strong><a rel=\"noreferrer noopener\" href=\"https:\/\/wa.me\/message\/RLZKJYHUZ6L6O1\" target=\"_blank\">(11) 4431-6568<\/a> e <a rel=\"noreferrer noopener\" href=\"https:\/\/wa.me\/message\/4X42RLL4BDU7D1\" target=\"_blank\">(11) 4431-6558<\/a><\/strong> (somente mensagens de texto)<\/p>\n\n\n\n<p><\/p>\n\n\n\n<p><\/p>\n","protected":false},"excerpt":{"rendered":"<p>Componente Especializado de Assist\u00eancia Farmac\u00eautica Manual de Orienta\u00e7\u00f5es&nbsp;para a solicita\u00e7\u00e3o de medicamentosDocumentos obrigat\u00f3rios para primeira solicita\u00e7\u00e3o (Todos os medicamentos): A lista completa de medicamentos do Componente Especializado est\u00e1 dispon\u00edvel nos links abaixo: Caso voc\u00ea saiba qual o medicamento que vai utilizar e qual a patologia, CLIQUE AQUI.Caso voc\u00ea queira saber quais os medicamentos dispon\u00edveis por [&hellip;]<\/p>\n","protected":false},"author":69,"featured_media":0,"parent":0,"menu_order":0,"comment_status":"closed","ping_status":"closed","template":"","meta":{"footnotes":""},"class_list":["post-4689","page","type-page","status-publish","hentry"],"_links":{"self":[{"href":"https:\/\/jundiai.sp.gov.br\/saude\/wp-json\/wp\/v2\/pages\/4689","targetHints":{"allow":["GET"]}}],"collection":[{"href":"https:\/\/jundiai.sp.gov.br\/saude\/wp-json\/wp\/v2\/pages"}],"about":[{"href":"https:\/\/jundiai.sp.gov.br\/saude\/wp-json\/wp\/v2\/types\/page"}],"author":[{"embeddable":true,"href":"https:\/\/jundiai.sp.gov.br\/saude\/wp-json\/wp\/v2\/users\/69"}],"replies":[{"embeddable":true,"href":"https:\/\/jundiai.sp.gov.br\/saude\/wp-json\/wp\/v2\/comments?post=4689"}],"version-history":[{"count":13,"href":"https:\/\/jundiai.sp.gov.br\/saude\/wp-json\/wp\/v2\/pages\/4689\/revisions"}],"predecessor-version":[{"id":6642,"href":"https:\/\/jundiai.sp.gov.br\/saude\/wp-json\/wp\/v2\/pages\/4689\/revisions\/6642"}],"wp:attachment":[{"href":"https:\/\/jundiai.sp.gov.br\/saude\/wp-json\/wp\/v2\/media?parent=4689"}],"curies":[{"name":"wp","href":"https:\/\/api.w.org\/{rel}","templated":true}]}}