{"id":4826,"date":"2023-07-03T14:10:31","date_gmt":"2023-07-03T17:10:31","guid":{"rendered":"https:\/\/jundiai.sp.gov.br\/saude\/?page_id=4826"},"modified":"2025-06-03T08:49:27","modified_gmt":"2025-06-03T11:49:27","slug":"saude-da-crianca-e-adolescente","status":"publish","type":"page","link":"https:\/\/jundiai.sp.gov.br\/saude\/protocolos\/saude-da-crianca-e-adolescente\/","title":{"rendered":"Sa\u00fade da Crian\u00e7a e Adolescente"},"content":{"rendered":"\n<div class=\"wp-block-file\"><a id=\"wp-block-file--media-4af4188e-c1f9-4b82-ba5b-8334e4a9d90f\" href=\"https:\/\/jundiai.sp.gov.br\/saude\/wp-content\/uploads\/sites\/17\/2025\/04\/protocolo-da-dengue.pdf\" target=\"_blank\" rel=\"noreferrer noopener\">Dengue<\/a><a href=\"https:\/\/jundiai.sp.gov.br\/saude\/wp-content\/uploads\/sites\/17\/2025\/04\/protocolo-da-dengue.pdf\" class=\"wp-block-file__button wp-element-button\" download aria-describedby=\"wp-block-file--media-4af4188e-c1f9-4b82-ba5b-8334e4a9d90f\">Baixar<\/a><\/div>\n\n\n\n<div class=\"wp-block-file\"><a id=\"wp-block-file--media-7ee5511f-12cd-4836-8b09-def48bc620b5\" href=\"https:\/\/jundiai.sp.gov.br\/saude\/wp-content\/uploads\/sites\/17\/2024\/09\/adenomegalias-na-inf_ncia.pdf\" target=\"_blank\" rel=\"noreferrer noopener\">Adenomegalias na inf\u00e2ncia<\/a><a href=\"https:\/\/jundiai.sp.gov.br\/saude\/wp-content\/uploads\/sites\/17\/2024\/09\/adenomegalias-na-inf_ncia.pdf\" class=\"wp-block-file__button wp-element-button\" download aria-describedby=\"wp-block-file--media-7ee5511f-12cd-4836-8b09-def48bc620b5\">Baixar<\/a><\/div>\n\n\n\n<div class=\"wp-block-file\"><a id=\"wp-block-file--media-5df99602-16f2-4550-9a51-4e0dde082c38\" href=\"https:\/\/jundiai.sp.gov.br\/saude\/wp-content\/uploads\/sites\/17\/2023\/07\/baixa-estatura.pdf\" target=\"_blank\" rel=\"noreferrer noopener\">Baixa estatura<\/a><a href=\"https:\/\/jundiai.sp.gov.br\/saude\/wp-content\/uploads\/sites\/17\/2023\/07\/baixa-estatura.pdf\" class=\"wp-block-file__button wp-element-button\" download aria-describedby=\"wp-block-file--media-5df99602-16f2-4550-9a51-4e0dde082c38\">Baixar<\/a><\/div>\n\n\n\n<div class=\"wp-block-file\"><a id=\"wp-block-file--media-615fb8e7-7959-47e7-abdc-2fdf111f03d8\" href=\"https:\/\/jundiai.sp.gov.br\/saude\/wp-content\/uploads\/sites\/17\/2023\/07\/cardiologia-pediatrica.pdf\" target=\"_blank\" rel=\"noreferrer noopener\">Cardiologia pedi\u00e1trica<\/a><a href=\"https:\/\/jundiai.sp.gov.br\/saude\/wp-content\/uploads\/sites\/17\/2023\/07\/cardiologia-pediatrica.pdf\" class=\"wp-block-file__button wp-element-button\" download aria-describedby=\"wp-block-file--media-615fb8e7-7959-47e7-abdc-2fdf111f03d8\">Baixar<\/a><\/div>\n\n\n\n<div class=\"wp-block-file\"><a id=\"wp-block-file--media-9cc532c8-2e8c-40d7-8c05-8778182b0f0c\" href=\"https:\/\/jundiai.sp.gov.br\/saude\/wp-content\/uploads\/sites\/17\/2023\/07\/cirurgia-infantil.pdf\" target=\"_blank\" rel=\"noreferrer noopener\">Cirurgia infantil<\/a><a href=\"https:\/\/jundiai.sp.gov.br\/saude\/wp-content\/uploads\/sites\/17\/2023\/07\/cirurgia-infantil.pdf\" class=\"wp-block-file__button wp-element-button\" download aria-describedby=\"wp-block-file--media-9cc532c8-2e8c-40d7-8c05-8778182b0f0c\">Baixar<\/a><\/div>\n\n\n\n<div class=\"wp-block-file\"><a id=\"wp-block-file--media-e9d41bf3-0e5d-4ae5-b987-cb25a9b2df28\" href=\"https:\/\/jundiai.sp.gov.br\/saude\/wp-content\/uploads\/sites\/17\/2023\/07\/constipacao-intestinal-orientacao-nutricional.pdf\" target=\"_blank\" rel=\"noreferrer noopener\">Constipa\u00e7\u00e3o intestinal &#8211; orienta\u00e7\u00e3o nutricional<\/a><a href=\"https:\/\/jundiai.sp.gov.br\/saude\/wp-content\/uploads\/sites\/17\/2023\/07\/constipacao-intestinal-orientacao-nutricional.pdf\" class=\"wp-block-file__button wp-element-button\" download aria-describedby=\"wp-block-file--media-e9d41bf3-0e5d-4ae5-b987-cb25a9b2df28\">Baixar<\/a><\/div>\n\n\n\n<div class=\"wp-block-file\"><a id=\"wp-block-file--media-e772ffba-26b6-4160-99f0-56e5b193d507\" href=\"https:\/\/jundiai.sp.gov.br\/saude\/wp-content\/uploads\/sites\/17\/2023\/07\/frenectomia-de-bebe.pdf\" target=\"_blank\" rel=\"noreferrer noopener\">Frenectomia de beb\u00ea<\/a><a href=\"https:\/\/jundiai.sp.gov.br\/saude\/wp-content\/uploads\/sites\/17\/2023\/07\/frenectomia-de-bebe.pdf\" class=\"wp-block-file__button wp-element-button\" download aria-describedby=\"wp-block-file--media-e772ffba-26b6-4160-99f0-56e5b193d507\">Baixar<\/a><\/div>\n\n\n\n<div class=\"wp-block-file\"><a id=\"wp-block-file--media-7abd37b8-1c2c-4217-8f7d-c19d6caaf61c\" href=\"https:\/\/jundiai.sp.gov.br\/saude\/wp-content\/uploads\/sites\/17\/2023\/07\/gastroenterologia-pediatrica.pdf\" target=\"_blank\" rel=\"noreferrer noopener\">Gastroenterologia pedi\u00e1trica<\/a><a href=\"https:\/\/jundiai.sp.gov.br\/saude\/wp-content\/uploads\/sites\/17\/2023\/07\/gastroenterologia-pediatrica.pdf\" class=\"wp-block-file__button wp-element-button\" download aria-describedby=\"wp-block-file--media-7abd37b8-1c2c-4217-8f7d-c19d6caaf61c\">Baixar<\/a><\/div>\n\n\n\n<div class=\"wp-block-file\"><a id=\"wp-block-file--media-b1e24d75-1932-446b-aa55-ed347f9eb890\" href=\"https:\/\/jundiai.sp.gov.br\/saude\/wp-content\/uploads\/sites\/17\/2023\/08\/hipertens_o-arterial-sist_mica-na-inf_ncia-e-adolesc_ncia.pdf\" target=\"_blank\" rel=\"noreferrer noopener\">Hipertens\u00e3o arterial sist\u00eamica na inf\u00e2ncia e adolesc\u00eancia<\/a><a href=\"https:\/\/jundiai.sp.gov.br\/saude\/wp-content\/uploads\/sites\/17\/2023\/08\/hipertens_o-arterial-sist_mica-na-inf_ncia-e-adolesc_ncia.pdf\" class=\"wp-block-file__button wp-element-button\" download aria-describedby=\"wp-block-file--media-b1e24d75-1932-446b-aa55-ed347f9eb890\">Baixar<\/a><\/div>\n\n\n\n<div class=\"wp-block-file\"><a id=\"wp-block-file--media-a84b732c-134f-4d38-a65d-76a4f910ea4d\" href=\"https:\/\/jundiai.sp.gov.br\/saude\/wp-content\/uploads\/sites\/17\/2023\/07\/hipotireoidismo-na-infancia-e-adolescencia-material-de-apoio.pdf\" target=\"_blank\" rel=\"noreferrer noopener\">Hipotireoidismo na inf\u00e2ncia e adolescencia &#8211; material de apoio<\/a><a href=\"https:\/\/jundiai.sp.gov.br\/saude\/wp-content\/uploads\/sites\/17\/2023\/07\/hipotireoidismo-na-infancia-e-adolescencia-material-de-apoio.pdf\" class=\"wp-block-file__button wp-element-button\" download aria-describedby=\"wp-block-file--media-a84b732c-134f-4d38-a65d-76a4f910ea4d\">Baixar<\/a><\/div>\n\n\n\n<div class=\"wp-block-file\"><a id=\"wp-block-file--media-c46e5e0b-c1b2-47d7-8f67-31b535e3f504\" href=\"https:\/\/jundiai.sp.gov.br\/saude\/wp-content\/uploads\/sites\/17\/2023\/07\/ictericia-neonatal.pdf\" target=\"_blank\" rel=\"noreferrer noopener\">Ictericia neonatal<\/a><a href=\"https:\/\/jundiai.sp.gov.br\/saude\/wp-content\/uploads\/sites\/17\/2023\/07\/ictericia-neonatal.pdf\" class=\"wp-block-file__button wp-element-button\" download aria-describedby=\"wp-block-file--media-c46e5e0b-c1b2-47d7-8f67-31b535e3f504\">Baixar<\/a><\/div>\n\n\n\n<div class=\"wp-block-file\"><a id=\"wp-block-file--media-6cf97915-369d-4641-82a7-afbb706953aa\" href=\"https:\/\/jundiai.sp.gov.br\/saude\/wp-content\/uploads\/sites\/17\/2023\/07\/neurologia-pedi_trica.pdf\" target=\"_blank\" rel=\"noreferrer noopener\">Neurologia pedi\u00e1trica<\/a><a href=\"https:\/\/jundiai.sp.gov.br\/saude\/wp-content\/uploads\/sites\/17\/2023\/07\/neurologia-pedi_trica.pdf\" class=\"wp-block-file__button wp-element-button\" download aria-describedby=\"wp-block-file--media-6cf97915-369d-4641-82a7-afbb706953aa\">Baixar<\/a><\/div>\n\n\n\n<div class=\"wp-block-file\"><a id=\"wp-block-file--media-8e1db0ac-863e-44b0-bcf7-02056fd2bb80\" href=\"https:\/\/jundiai.sp.gov.br\/saude\/wp-content\/uploads\/sites\/17\/2023\/07\/obesidade-infantil.pdf\" target=\"_blank\" rel=\"noreferrer noopener\">Obesidade infantil<\/a><a href=\"https:\/\/jundiai.sp.gov.br\/saude\/wp-content\/uploads\/sites\/17\/2023\/07\/obesidade-infantil.pdf\" class=\"wp-block-file__button wp-element-button\" download aria-describedby=\"wp-block-file--media-8e1db0ac-863e-44b0-bcf7-02056fd2bb80\">Baixar<\/a><\/div>\n\n\n\n<div class=\"wp-block-file\"><a id=\"wp-block-file--media-c8bf91d3-f360-492b-9bdc-13593b45b156\" href=\"https:\/\/jundiai.sp.gov.br\/saude\/wp-content\/uploads\/sites\/17\/2023\/07\/otorrinolaringologia-_1_.pdf\" target=\"_blank\" rel=\"noreferrer noopener\">Otorrinolaringologia<\/a><a href=\"https:\/\/jundiai.sp.gov.br\/saude\/wp-content\/uploads\/sites\/17\/2023\/07\/otorrinolaringologia-_1_.pdf\" class=\"wp-block-file__button wp-element-button\" download aria-describedby=\"wp-block-file--media-c8bf91d3-f360-492b-9bdc-13593b45b156\">Baixar<\/a><\/div>\n\n\n\n<div class=\"wp-block-file\"><a id=\"wp-block-file--media-a7b3035b-b5d3-4c52-9847-e25f52d27906\" href=\"https:\/\/jundiai.sp.gov.br\/saude\/wp-content\/uploads\/sites\/17\/2023\/07\/pccn.pdf\" target=\"_blank\" rel=\"noreferrer noopener\">Programa de combate \u00e0 car\u00eancias nutricionais<\/a><a href=\"https:\/\/jundiai.sp.gov.br\/saude\/wp-content\/uploads\/sites\/17\/2023\/07\/pccn.pdf\" class=\"wp-block-file__button wp-element-button\" download aria-describedby=\"wp-block-file--media-a7b3035b-b5d3-4c52-9847-e25f52d27906\">Baixar<\/a><\/div>\n\n\n\n<div class=\"wp-block-file\"><a id=\"wp-block-file--media-aa0b445a-6a94-4dee-961b-afef9b5642c6\" href=\"https:\/\/jundiai.sp.gov.br\/saude\/wp-content\/uploads\/sites\/17\/2024\/06\/urg_ncias-na-ab.pdf\" target=\"_blank\" rel=\"noreferrer noopener\">Protocolo de Atendimento inicial de Urg\u00eancias e Emerg\u00eancias da Aten\u00e7\u00e3o Prim\u00e1ria<\/a><a href=\"https:\/\/jundiai.sp.gov.br\/saude\/wp-content\/uploads\/sites\/17\/2024\/06\/urg_ncias-na-ab.pdf\" class=\"wp-block-file__button wp-element-button\" download aria-describedby=\"wp-block-file--media-aa0b445a-6a94-4dee-961b-afef9b5642c6\">Baixar<\/a><\/div>\n\n\n\n<div class=\"wp-block-file\"><a id=\"wp-block-file--media-e35775e2-6dcc-4035-9e88-7e3a5b2c9932\" href=\"https:\/\/jundiai.sp.gov.br\/saude\/wp-content\/uploads\/sites\/17\/2023\/07\/pneumologia-infantil.pdf\" target=\"_blank\" rel=\"noreferrer noopener\">Pneumologia infantil<\/a><a href=\"https:\/\/jundiai.sp.gov.br\/saude\/wp-content\/uploads\/sites\/17\/2023\/07\/pneumologia-infantil.pdf\" class=\"wp-block-file__button wp-element-button\" download aria-describedby=\"wp-block-file--media-e35775e2-6dcc-4035-9e88-7e3a5b2c9932\">Baixar<\/a><\/div>\n\n\n\n<div class=\"wp-block-file\"><a id=\"wp-block-file--media-ffab6cbd-fbe6-4626-aa96-c6e6900899aa\" href=\"https:\/\/jundiai.sp.gov.br\/saude\/wp-content\/uploads\/sites\/17\/2023\/07\/puberdade-precoce.pdf\" target=\"_blank\" rel=\"noreferrer noopener\">Puberdade precoce<\/a><a href=\"https:\/\/jundiai.sp.gov.br\/saude\/wp-content\/uploads\/sites\/17\/2023\/07\/puberdade-precoce.pdf\" class=\"wp-block-file__button wp-element-button\" download aria-describedby=\"wp-block-file--media-ffab6cbd-fbe6-4626-aa96-c6e6900899aa\">Baixar<\/a><\/div>\n\n\n\n<div class=\"wp-block-file\"><a id=\"wp-block-file--media-d97d6153-7bfe-4ba2-804a-cbeb58fda3e0\" href=\"https:\/\/jundiai.sp.gov.br\/saude\/wp-content\/uploads\/sites\/17\/2023\/07\/recem-nascidos-prematuros-tardios.pdf\" target=\"_blank\" rel=\"noreferrer noopener\">Rec\u00e9m nascidos prematuros tardios<\/a><a href=\"https:\/\/jundiai.sp.gov.br\/saude\/wp-content\/uploads\/sites\/17\/2023\/07\/recem-nascidos-prematuros-tardios.pdf\" class=\"wp-block-file__button wp-element-button\" download aria-describedby=\"wp-block-file--media-d97d6153-7bfe-4ba2-804a-cbeb58fda3e0\">Baixar<\/a><\/div>\n\n\n\n<div class=\"wp-block-file\"><a id=\"wp-block-file--media-a5060918-926e-49cf-bbe1-a6d4ce55dd64\" href=\"https:\/\/jundiai.sp.gov.br\/saude\/wp-content\/uploads\/sites\/17\/2023\/07\/reumatologia-pedi_trica.pdf\" target=\"_blank\" rel=\"noreferrer noopener\">Reumatologia pedi\u00e1trica<\/a><a href=\"https:\/\/jundiai.sp.gov.br\/saude\/wp-content\/uploads\/sites\/17\/2023\/07\/reumatologia-pedi_trica.pdf\" class=\"wp-block-file__button wp-element-button\" download aria-describedby=\"wp-block-file--media-a5060918-926e-49cf-bbe1-a6d4ce55dd64\">Baixar<\/a><\/div>\n\n\n\n<div class=\"wp-block-file\"><a id=\"wp-block-file--media-bee92914-93a1-467a-9e08-a65b26bfce3c\" href=\"https:\/\/jundiai.sp.gov.br\/saude\/wp-content\/uploads\/sites\/17\/2024\/08\/sigl_rio-aten__o-b_sica.pdf\" target=\"_blank\" rel=\"noreferrer noopener\">Sigl\u00e1rio Para Aten\u00e7\u00e3o B\u00e1sica<\/a><a href=\"https:\/\/jundiai.sp.gov.br\/saude\/wp-content\/uploads\/sites\/17\/2024\/08\/sigl_rio-aten__o-b_sica.pdf\" class=\"wp-block-file__button wp-element-button\" download aria-describedby=\"wp-block-file--media-bee92914-93a1-467a-9e08-a65b26bfce3c\">Baixar<\/a><\/div>\n\n\n\n<div class=\"wp-block-file\"><a id=\"wp-block-file--media-c1c98345-6d39-47df-aca5-2ffb2405d1b9\" href=\"https:\/\/jundiai.sp.gov.br\/saude\/wp-content\/uploads\/sites\/17\/2024\/09\/protocolo-de-homeopatia.pdf\" target=\"_blank\" rel=\"noreferrer noopener\">Homeopatia<\/a><a href=\"https:\/\/jundiai.sp.gov.br\/saude\/wp-content\/uploads\/sites\/17\/2024\/09\/protocolo-de-homeopatia.pdf\" class=\"wp-block-file__button wp-element-button\" download aria-describedby=\"wp-block-file--media-c1c98345-6d39-47df-aca5-2ffb2405d1b9\">Baixar<\/a><\/div>\n\n\n\n<div class=\"wp-block-file\"><a id=\"wp-block-file--media-b5b0a3b9-81be-4c55-b147-33d105214b57\" href=\"https:\/\/jundiai.sp.gov.br\/saude\/wp-content\/uploads\/sites\/17\/2024\/09\/mpox.pdf\" target=\"_blank\" rel=\"noreferrer noopener\">Manejo do MPOX<\/a><a href=\"https:\/\/jundiai.sp.gov.br\/saude\/wp-content\/uploads\/sites\/17\/2024\/09\/mpox.pdf\" class=\"wp-block-file__button wp-element-button\" download aria-describedby=\"wp-block-file--media-b5b0a3b9-81be-4c55-b147-33d105214b57\">Baixar<\/a><\/div>\n\n\n\n<div class=\"wp-block-file\"><a id=\"wp-block-file--media-282edcee-8c77-4168-af36-291dc64018dc\" href=\"https:\/\/jundiai.sp.gov.br\/saude\/wp-content\/uploads\/sites\/17\/2024\/09\/protocolo-de-atendimento-em-puericultura.pdf\" target=\"_blank\" rel=\"noreferrer noopener\">Atendimento em Puericultura<\/a><a href=\"https:\/\/jundiai.sp.gov.br\/saude\/wp-content\/uploads\/sites\/17\/2024\/09\/protocolo-de-atendimento-em-puericultura.pdf\" class=\"wp-block-file__button wp-element-button\" download aria-describedby=\"wp-block-file--media-282edcee-8c77-4168-af36-291dc64018dc\">Baixar<\/a><\/div>\n\n\n\n<div class=\"wp-block-file\"><a id=\"wp-block-file--media-1f479ec4-4716-4076-b032-9113b0508fe9\" href=\"https:\/\/jundiai.sp.gov.br\/saude\/wp-content\/uploads\/sites\/17\/2024\/09\/urologia-pedi_trica.pdf\" target=\"_blank\" rel=\"noreferrer noopener\">Manejo e Acesso \u00e0 Urologia Pedi\u00e1trica<\/a><a href=\"https:\/\/jundiai.sp.gov.br\/saude\/wp-content\/uploads\/sites\/17\/2024\/09\/urologia-pedi_trica.pdf\" class=\"wp-block-file__button wp-element-button\" download aria-describedby=\"wp-block-file--media-1f479ec4-4716-4076-b032-9113b0508fe9\">Baixar<\/a><\/div>\n\n\n\n<div class=\"wp-block-file\"><a id=\"wp-block-file--media-5ec7f4a7-b44c-4fac-9eb1-5b0c5822a079\" href=\"https:\/\/jundiai.sp.gov.br\/saude\/wp-content\/uploads\/sites\/17\/2024\/10\/hematopediatria.pdf\" target=\"_blank\" rel=\"noreferrer noopener\">Hematopediatria<\/a><a href=\"https:\/\/jundiai.sp.gov.br\/saude\/wp-content\/uploads\/sites\/17\/2024\/10\/hematopediatria.pdf\" class=\"wp-block-file__button wp-element-button\" download aria-describedby=\"wp-block-file--media-5ec7f4a7-b44c-4fac-9eb1-5b0c5822a079\">Baixar<\/a><\/div>\n\n\n\n<div class=\"wp-block-file\"><a id=\"wp-block-file--media-f20a375b-a3fc-4634-87a7-be5ef025abfd\" href=\"https:\/\/jundiai.sp.gov.br\/saude\/wp-content\/uploads\/sites\/17\/2024\/10\/protocolo-de-dermatologia.pdf\" target=\"_blank\" rel=\"noreferrer noopener\">Dermatologia<\/a><a href=\"https:\/\/jundiai.sp.gov.br\/saude\/wp-content\/uploads\/sites\/17\/2024\/10\/protocolo-de-dermatologia.pdf\" class=\"wp-block-file__button wp-element-button\" download aria-describedby=\"wp-block-file--media-f20a375b-a3fc-4634-87a7-be5ef025abfd\">Baixar<\/a><\/div>\n\n\n\n<div class=\"wp-block-file\"><a id=\"wp-block-file--media-d6a34034-5dd1-4988-b663-ff979f60aadb\" href=\"https:\/\/jundiai.sp.gov.br\/saude\/wp-content\/uploads\/sites\/17\/2024\/11\/protocolo-implanon.pdf\" target=\"_blank\" rel=\"noreferrer noopener\">Implante Subd\u00e9rmico De Etonogestrel Para Atendimento \u00c0s Mulheres Vulner\u00e1veis<\/a><a href=\"https:\/\/jundiai.sp.gov.br\/saude\/wp-content\/uploads\/sites\/17\/2024\/11\/protocolo-implanon.pdf\" class=\"wp-block-file__button wp-element-button\" download aria-describedby=\"wp-block-file--media-d6a34034-5dd1-4988-b663-ff979f60aadb\">Baixar<\/a><\/div>\n\n\n\n<div class=\"wp-block-file\"><a id=\"wp-block-file--media-6a32d833-ca98-4707-ba84-b959e6aedfc6\" href=\"https:\/\/jundiai.sp.gov.br\/saude\/wp-content\/uploads\/sites\/17\/2024\/11\/alergopediatria.pdf\" target=\"_blank\" rel=\"noreferrer noopener\">Alergopediatria<\/a><a href=\"https:\/\/jundiai.sp.gov.br\/saude\/wp-content\/uploads\/sites\/17\/2024\/11\/alergopediatria.pdf\" class=\"wp-block-file__button wp-element-button\" download aria-describedby=\"wp-block-file--media-6a32d833-ca98-4707-ba84-b959e6aedfc6\">Baixar<\/a><\/div>\n\n\n\n<div class=\"wp-block-file\"><a id=\"wp-block-file--media-971db52c-d953-49da-ae67-061e91356e2e\" href=\"https:\/\/jundiai.sp.gov.br\/saude\/wp-content\/uploads\/sites\/17\/2025\/03\/manejo-da-sin_quia-vulvar.pdf\" target=\"_blank\" rel=\"noreferrer noopener\">Manejo da Sin\u00e9quia Vulvar<\/a><a href=\"https:\/\/jundiai.sp.gov.br\/saude\/wp-content\/uploads\/sites\/17\/2025\/03\/manejo-da-sin_quia-vulvar.pdf\" class=\"wp-block-file__button wp-element-button\" download aria-describedby=\"wp-block-file--media-971db52c-d953-49da-ae67-061e91356e2e\">Baixar<\/a><\/div>\n\n\n\n<div class=\"wp-block-file\"><a id=\"wp-block-file--media-c5b3df9b-fa13-4fbd-b248-f1700950bc59\" href=\"https:\/\/jundiai.sp.gov.br\/saude\/wp-content\/uploads\/sites\/17\/2025\/04\/protocolo-de-acesso-ao-napd.pdf\" target=\"_blank\" rel=\"noreferrer noopener\">Protocolo de Acesso ao N\u00facleo de Assist\u00eancia \u00e0 Pessoa com Defici\u00eancia de Jundia\u00ed &#8211; NAPD<\/a><a href=\"https:\/\/jundiai.sp.gov.br\/saude\/wp-content\/uploads\/sites\/17\/2025\/04\/protocolo-de-acesso-ao-napd.pdf\" class=\"wp-block-file__button wp-element-button\" download aria-describedby=\"wp-block-file--media-c5b3df9b-fa13-4fbd-b248-f1700950bc59\">Baixar<\/a><\/div>\n\n\n\n<div class=\"wp-block-file\"><a id=\"wp-block-file--media-5d43ace3-4ea9-4cdf-ac00-425dee621f41\" href=\"https:\/\/jundiai.sp.gov.br\/saude\/wp-content\/uploads\/sites\/17\/2025\/06\/protocolo-de-atendimento-s_ndrome-gripal.pdf\" target=\"_blank\" rel=\"noreferrer noopener\">Protocolo de Atendimento de S\u00edndrome Gripal nas Unidades B\u00e1sicas de Sa\u00fade<\/a><a href=\"https:\/\/jundiai.sp.gov.br\/saude\/wp-content\/uploads\/sites\/17\/2025\/06\/protocolo-de-atendimento-s_ndrome-gripal.pdf\" class=\"wp-block-file__button wp-element-button\" download aria-describedby=\"wp-block-file--media-5d43ace3-4ea9-4cdf-ac00-425dee621f41\">Baixar<\/a><\/div>\n","protected":false},"excerpt":{"rendered":"","protected":false},"author":8,"featured_media":0,"parent":4808,"menu_order":0,"comment_status":"closed","ping_status":"closed","template":"","meta":{"footnotes":""},"class_list":["post-4826","page","type-page","status-publish","hentry"],"_links":{"self":[{"href":"https:\/\/jundiai.sp.gov.br\/saude\/wp-json\/wp\/v2\/pages\/4826","targetHints":{"allow":["GET"]}}],"collection":[{"href":"https:\/\/jundiai.sp.gov.br\/saude\/wp-json\/wp\/v2\/pages"}],"about":[{"href":"https:\/\/jundiai.sp.gov.br\/saude\/wp-json\/wp\/v2\/types\/page"}],"author":[{"embeddable":true,"href":"https:\/\/jundiai.sp.gov.br\/saude\/wp-json\/wp\/v2\/users\/8"}],"replies":[{"embeddable":true,"href":"https:\/\/jundiai.sp.gov.br\/saude\/wp-json\/wp\/v2\/comments?post=4826"}],"version-history":[{"count":36,"href":"https:\/\/jundiai.sp.gov.br\/saude\/wp-json\/wp\/v2\/pages\/4826\/revisions"}],"predecessor-version":[{"id":6415,"href":"https:\/\/jundiai.sp.gov.br\/saude\/wp-json\/wp\/v2\/pages\/4826\/revisions\/6415"}],"up":[{"embeddable":true,"href":"https:\/\/jundiai.sp.gov.br\/saude\/wp-json\/wp\/v2\/pages\/4808"}],"wp:attachment":[{"href":"https:\/\/jundiai.sp.gov.br\/saude\/wp-json\/wp\/v2\/media?parent=4826"}],"curies":[{"name":"wp","href":"https:\/\/api.w.org\/{rel}","templated":true}]}}