{"id":5287,"date":"2024-01-25T09:12:07","date_gmt":"2024-01-25T12:12:07","guid":{"rendered":"https:\/\/jundiai.sp.gov.br\/saude\/?page_id=5287"},"modified":"2024-09-16T15:47:26","modified_gmt":"2024-09-16T18:47:26","slug":"convenio-de-estagio","status":"publish","type":"page","link":"https:\/\/jundiai.sp.gov.br\/saude\/integracao-ensino-servico\/convenio-de-estagio\/","title":{"rendered":"Solicita\u00e7\u00e3o de conv\u00eanio de est\u00e1gio"},"content":{"rendered":"\n<p class=\"has-background\" style=\"background-color:#e6e6e6\"><strong>Apenas institui\u00e7\u00f5es de Ensino podem solicitar.<\/strong><\/p>\n\n\n\n<div style=\"height:36px\" aria-hidden=\"true\" class=\"wp-block-spacer\"><\/div>\n\n\n\n<p><a href=\"https:\/\/docs.google.com\/forms\/d\/e\/1FAIpQLSc9o3hBhBTik0Nns7p9q5VE5IzyEk4B1gTnx63dSW7StsPdtw\/viewform\">Formul\u00e1rio de solicita\u00e7\u00e3o de conv\u00eanio.<\/a><\/p>\n\n\n\n<p><strong>AP\u00d3S APROVA\u00c7\u00c3O DO CONV\u00caNIO<\/strong> &#8211; <a href=\"https:\/\/docs.google.com\/document\/d\/11m_P9d5SKyAvNYYvy4hpaDQphCzns_Iu\/edit?usp=s haring&amp;ouid=114546656951239030558&amp;rtpof=true&amp;sd=true\">Lista de Documentos Necess\u00e1rios para<br>continuidade do conv\u00eanio.<\/a><\/p>\n\n\n\n<p><\/p>\n","protected":false},"excerpt":{"rendered":"<p>Apenas institui\u00e7\u00f5es de Ensino podem solicitar. Formul\u00e1rio de solicita\u00e7\u00e3o de conv\u00eanio. AP\u00d3S APROVA\u00c7\u00c3O DO CONV\u00caNIO &#8211; Lista de Documentos Necess\u00e1rios paracontinuidade do conv\u00eanio.<\/p>\n","protected":false},"author":69,"featured_media":0,"parent":5260,"menu_order":0,"comment_status":"closed","ping_status":"closed","template":"","meta":{"footnotes":""},"class_list":["post-5287","page","type-page","status-publish","hentry"],"_links":{"self":[{"href":"https:\/\/jundiai.sp.gov.br\/saude\/wp-json\/wp\/v2\/pages\/5287","targetHints":{"allow":["GET"]}}],"collection":[{"href":"https:\/\/jundiai.sp.gov.br\/saude\/wp-json\/wp\/v2\/pages"}],"about":[{"href":"https:\/\/jundiai.sp.gov.br\/saude\/wp-json\/wp\/v2\/types\/page"}],"author":[{"embeddable":true,"href":"https:\/\/jundiai.sp.gov.br\/saude\/wp-json\/wp\/v2\/users\/69"}],"replies":[{"embeddable":true,"href":"https:\/\/jundiai.sp.gov.br\/saude\/wp-json\/wp\/v2\/comments?post=5287"}],"version-history":[{"count":8,"href":"https:\/\/jundiai.sp.gov.br\/saude\/wp-json\/wp\/v2\/pages\/5287\/revisions"}],"predecessor-version":[{"id":5903,"href":"https:\/\/jundiai.sp.gov.br\/saude\/wp-json\/wp\/v2\/pages\/5287\/revisions\/5903"}],"up":[{"embeddable":true,"href":"https:\/\/jundiai.sp.gov.br\/saude\/wp-json\/wp\/v2\/pages\/5260"}],"wp:attachment":[{"href":"https:\/\/jundiai.sp.gov.br\/saude\/wp-json\/wp\/v2\/media?parent=5287"}],"curies":[{"name":"wp","href":"https:\/\/api.w.org\/{rel}","templated":true}]}}