{"id":5290,"date":"2024-01-25T09:22:55","date_gmt":"2024-01-25T12:22:55","guid":{"rendered":"https:\/\/jundiai.sp.gov.br\/saude\/?page_id=5290"},"modified":"2024-06-28T17:34:46","modified_gmt":"2024-06-28T20:34:46","slug":"estagio-obrigatorio","status":"publish","type":"page","link":"https:\/\/jundiai.sp.gov.br\/saude\/integracao-ensino-servico\/estagio-obrigatorio\/","title":{"rendered":"Est\u00e1gio Obrigat\u00f3rio"},"content":{"rendered":"\n<p><strong>\u25cf <a href=\"https:\/\/docs.google.com\/forms\/d\/e\/1FAIpQLSfyysYojsm_MLtKhyurlGePEQDMLw21MtXmhVSvlioYppMZIg\/viewform\">Relat\u00f3rio de Atividades<\/a><\/strong><\/p>\n\n\n\n<p><strong>\u25cf <a href=\"https:\/\/docs.google.com\/forms\/d\/e\/1FAIpQLSdNFZTjfyHBBnoSLiZ7yVnBXDwKcajbserbtUSAX5MneSE4vg\/viewform\">Ocorr\u00eancias Estabelecimento de Sa\u00fade<\/a><\/strong><\/p>\n\n\n\n<p><strong>\u25cf <a href=\"https:\/\/docs.google.com\/forms\/d\/e\/1FAIpQLSfYCLjllbjt0DuyRG0bJG2FJpYOXk-HXc3sAPAv8MQ5UTui4g\/viewform\">Ocorr\u00eancia Institui\u00e7\u00e3o de Ensino<\/a><\/strong><\/p>\n\n\n\n<p><strong>\u25cf <a href=\"https:\/\/www.planalto.gov.br\/ccivil_03\/_ato2007-2010\/2008\/lei\/l11788.htm\">Legisla\u00e7\u00e3o Nacional<\/a><\/strong><\/p>\n\n\n\n<p><strong>\u25cf <a href=\"https:\/\/jundiai.sp.gov.br\/saude\/wp-content\/uploads\/sites\/17\/2024\/06\/manual-de-normas-e-rotinas.pdf\">Normas e Rotinas<\/a><\/strong><\/p>\n","protected":false},"excerpt":{"rendered":"<p>\u25cf Relat\u00f3rio de Atividades \u25cf Ocorr\u00eancias Estabelecimento de Sa\u00fade \u25cf Ocorr\u00eancia Institui\u00e7\u00e3o de Ensino \u25cf Legisla\u00e7\u00e3o Nacional \u25cf Normas e Rotinas<\/p>\n","protected":false},"author":69,"featured_media":0,"parent":5260,"menu_order":0,"comment_status":"closed","ping_status":"closed","template":"","meta":{"footnotes":""},"class_list":["post-5290","page","type-page","status-publish","hentry"],"_links":{"self":[{"href":"https:\/\/jundiai.sp.gov.br\/saude\/wp-json\/wp\/v2\/pages\/5290","targetHints":{"allow":["GET"]}}],"collection":[{"href":"https:\/\/jundiai.sp.gov.br\/saude\/wp-json\/wp\/v2\/pages"}],"about":[{"href":"https:\/\/jundiai.sp.gov.br\/saude\/wp-json\/wp\/v2\/types\/page"}],"author":[{"embeddable":true,"href":"https:\/\/jundiai.sp.gov.br\/saude\/wp-json\/wp\/v2\/users\/69"}],"replies":[{"embeddable":true,"href":"https:\/\/jundiai.sp.gov.br\/saude\/wp-json\/wp\/v2\/comments?post=5290"}],"version-history":[{"count":3,"href":"https:\/\/jundiai.sp.gov.br\/saude\/wp-json\/wp\/v2\/pages\/5290\/revisions"}],"predecessor-version":[{"id":5629,"href":"https:\/\/jundiai.sp.gov.br\/saude\/wp-json\/wp\/v2\/pages\/5290\/revisions\/5629"}],"up":[{"embeddable":true,"href":"https:\/\/jundiai.sp.gov.br\/saude\/wp-json\/wp\/v2\/pages\/5260"}],"wp:attachment":[{"href":"https:\/\/jundiai.sp.gov.br\/saude\/wp-json\/wp\/v2\/media?parent=5290"}],"curies":[{"name":"wp","href":"https:\/\/api.w.org\/{rel}","templated":true}]}}