{"id":538,"date":"2014-09-04T15:30:01","date_gmt":"2014-09-04T18:30:01","guid":{"rendered":"https:\/\/jundiai.sp.gov.br\/saude\/?page_id=538"},"modified":"2024-08-05T12:14:02","modified_gmt":"2024-08-05T15:14:02","slug":"programa-de-assistencia-intensiva-ao-tabagista-pait","status":"publish","type":"page","link":"https:\/\/jundiai.sp.gov.br\/saude\/programa-de-assistencia-intensiva-ao-tabagista-pait\/","title":{"rendered":"Programa de Assist\u00eancia Intensiva ao Tabagista &#8211; PAIT"},"content":{"rendered":"<p><a href=\"https:\/\/jundiai.sp.gov.br\/saude\/wp-content\/uploads\/sites\/17\/2014\/09\/Programa-Antitabagissmo.pdf\" target=\"_blank\" rel=\"noopener\"><strong>O material abaixo est\u00e1 dispon\u00edvel para impress\u00e3o<\/strong><\/a><\/p>\n<p><strong>Hist\u00f3rico<\/strong><br \/>\nO tabagismo \u00e9 uma epidemia mundial, sendo considerado pela Organiza\u00e7\u00e3o Mundial de Sa\u00fade (OMS) a principal causa de morte evit\u00e1vel no mundo. Estima-se que, aproximadamente,\u00a0cinco milh\u00f5es de pessoas morrem anualmente por complica\u00e7\u00f5es relacionadas ao tabagismo.<br \/>\nO PAIT, Programa de Assist\u00eancia Intensiva ao Tabagista da Secretaria Municipal de Sa\u00fade de Jundia\u00ed, iniciou suas atividades em agosto de 2007, tendo como objetivo a\u00e7\u00f5es para o controle do tabagismo no Munic\u00edpio de Jundia\u00ed.<\/p>\n<p><strong>Miss\u00e3o<\/strong><br \/>\nPromover a sa\u00fade da popula\u00e7\u00e3o por meio da educa\u00e7\u00e3o, incentivar h\u00e1bitos de vida saud\u00e1vel, informar os malef\u00edcios do tabagismo, evitar a inicia\u00e7\u00e3o ao h\u00e1bito de fumar, alertar quanto aos riscos da exposi\u00e7\u00e3o passiva \u00e0 fuma\u00e7a do cigarro e oferecer ajuda ao tabagista que deseja parar de fumar.<br \/>\nAl\u00e9m de capacitar os profissionais de sa\u00fade para adequado acolhimento, aconselhamento e acompanhamento do tabagista.<\/p>\n<p><strong>A\u00e7\u00f5es<\/strong><\/p>\n<ul>\n<li>Integra\u00e7\u00e3o intersetorial, com a Comunica\u00e7\u00e3o, Recursos Humanos, Educa\u00e7\u00e3o e Sa\u00fade, divulgando o PAIT para a popula\u00e7\u00e3o e servidores p\u00fablicos;<\/li>\n<li>Capacita\u00e7\u00e3o dos professores das escolas p\u00fablicas com a finalidade de ampliar a\u00e7\u00f5es preventivas nas escolas;<\/li>\n<li>Integra\u00e7\u00e3o interinstitucional com palestras em empresas e em grupos comunit\u00e1rios;<\/li>\n<li>Treinamento, capacita\u00e7\u00e3o e forma\u00e7\u00e3o de equipe multidisciplinar para a abordagem do tabagismo;<\/li>\n<li>Apresenta\u00e7\u00e3o das a\u00e7\u00f5es e resultados do PAIT em congressos e outros encontros cient\u00edficos;<\/li>\n<li>Utiliza\u00e7\u00e3o dos meios de comunica\u00e7\u00e3o como r\u00e1dio, jornais e televis\u00e3o para informar \u00e0\u00a0popula\u00e7\u00e3o dos malef\u00edcios do tabagismo e divulga\u00e7\u00e3o do PAIT;<\/li>\n<li>Realiza\u00e7\u00e3o de campanhas nas datas oficiais: Dia Mundial Sem Tabaco (31 de maio) e \u00a0Dia Nacional de Combate ao Fumo (29 de agosto);<\/li>\n<li>Integra\u00e7\u00e3o do PAIT ao Programa Nacional do Controle do Tabagismo do Minist\u00e9rio da Sa\u00fade;<\/li>\n<li>Inser\u00e7\u00e3o nas Unidades B\u00e1sicas de Sa\u00fade do tratamento para cessa\u00e7\u00e3o do tabagismo.<\/li>\n<\/ul>\n<p><strong>Assist\u00eancia ao tabagista<\/strong><\/p>\n<p>Os pacientes interessados em participar do PAIT devem procurar as Unidades B\u00e1sicas de Sa\u00fade para ingressar no programa, al\u00e9m de poderem obter outras informa\u00e7\u00f5es pelos telefones (11) 4521-0733 para (11) 4589-0160 ou 0162.<\/p>\n<p>Os pacientes participam de seis sess\u00f5es, em grupo, onde s\u00e3o aplicadas t\u00e9cnicas cognitivo\u2013comportamentais e motivacionais, que constituem a base do tratamento.<\/p>\n<p>Os pacientes que necessitarem de tratamento medicamentoso receber\u00e3o os medicamentos a partir da terceira sess\u00e3o.<\/p>\n<p><strong>Sugest\u00f5es que auxiliam o tabagista a deixar de fumar<\/strong><\/p>\n<ul>\n<li>N\u00e3o adie mais a decis\u00e3o de parar de fumar. Marque uma data!;<\/li>\n<li>Fa\u00e7a um di\u00e1rio. Anote a hora em que fumou, o local e o que aconteceu antes de fumar. (Exemplo: \u00e0s 8h, na cozinha, tomei um cafezinho; no trabalho, \u00e0s 12 horas, ap\u00f3s o almo\u00e7o.) Procure observar o que pode ter desencadeado a vontade de fumar e mude seus h\u00e1bitos;<\/li>\n<li>Fa\u00e7a uma lista das raz\u00f5es que voc\u00ea tem para parar de fumar;<\/li>\n<li>Anote as vantagens e as \u201cdesvantagens\u201d em parar de fumar;<\/li>\n<li>Remova os cigarros dos ambientes ao seu redor;<\/li>\n<li>Lembre-se de que voc\u00ea pode resistir \u00e0 vontade de fumar. Ela \u00e9 passageira;<\/li>\n<li>Reconhe\u00e7a as situa\u00e7\u00f5es cr\u00edticas que aumentam o risco de reca\u00edda: altera\u00e7\u00f5es de humor, estresse emocional, bebidas alco\u00f3licas, etc. Nessas situa\u00e7\u00f5es, redobre o cuidado;<\/li>\n<li>Evite o primeiro cigarro. Voc\u00ea n\u00e3o conseguir\u00e1 parar no primeiro;<\/li>\n<li>Anote em um calend\u00e1rio a data em que voc\u00ea conseguiu parar de fumar. Comemore cada dia, cada m\u00eas\u00a0e\u00a0cada ano livre do cigarro.<\/li>\n<\/ul>\n","protected":false},"excerpt":{"rendered":"<p>O material abaixo est\u00e1 dispon\u00edvel para impress\u00e3o Hist\u00f3rico O tabagismo \u00e9 uma epidemia mundial, sendo considerado pela Organiza\u00e7\u00e3o Mundial de Sa\u00fade (OMS) a principal causa de morte evit\u00e1vel no mundo. Estima-se que, aproximadamente,\u00a0cinco milh\u00f5es de pessoas morrem anualmente por complica\u00e7\u00f5es relacionadas ao tabagismo. O PAIT, Programa de Assist\u00eancia Intensiva ao Tabagista da Secretaria Municipal de [&hellip;]<\/p>\n","protected":false},"author":14,"featured_media":0,"parent":0,"menu_order":0,"comment_status":"closed","ping_status":"closed","template":"page-subpaginas.php","meta":{"footnotes":""},"class_list":["post-538","page","type-page","status-publish","hentry"],"_links":{"self":[{"href":"https:\/\/jundiai.sp.gov.br\/saude\/wp-json\/wp\/v2\/pages\/538","targetHints":{"allow":["GET"]}}],"collection":[{"href":"https:\/\/jundiai.sp.gov.br\/saude\/wp-json\/wp\/v2\/pages"}],"about":[{"href":"https:\/\/jundiai.sp.gov.br\/saude\/wp-json\/wp\/v2\/types\/page"}],"author":[{"embeddable":true,"href":"https:\/\/jundiai.sp.gov.br\/saude\/wp-json\/wp\/v2\/users\/14"}],"replies":[{"embeddable":true,"href":"https:\/\/jundiai.sp.gov.br\/saude\/wp-json\/wp\/v2\/comments?post=538"}],"version-history":[{"count":5,"href":"https:\/\/jundiai.sp.gov.br\/saude\/wp-json\/wp\/v2\/pages\/538\/revisions"}],"predecessor-version":[{"id":5743,"href":"https:\/\/jundiai.sp.gov.br\/saude\/wp-json\/wp\/v2\/pages\/538\/revisions\/5743"}],"wp:attachment":[{"href":"https:\/\/jundiai.sp.gov.br\/saude\/wp-json\/wp\/v2\/media?parent=538"}],"curies":[{"name":"wp","href":"https:\/\/api.w.org\/{rel}","templated":true}]}}